000
CXUS56 KSLC 010606
CF6CDC
PRELIMINARY LOCAL CLIMATOLOGICAL DATA (WS FORM: F-6)
STATION: CEDAR CITY UT
MONTH: NOVEMBER
YEAR: 2021
LATITUDE: 37 42 N
LONGITUDE: 113 6 W
TEMPERATURE IN F: :PCPN: SNOW: WIND :SUNSHINE: SKY :PK WND
================================================================================
1 2 3 4 5 6A 6B 7 8 9 10 11 12 13 14 15 16 17 18
12Z AVG MX 2MIN
DY MAX MIN AVG DEP HDD CDD WTR SNW DPTH SPD SPD DIR MIN PSBL S-S WX SPD DR
================================================================================
1 63 38 51 7 14 0 0.00 M M 8.9 22 230 M M 2 32 230
2 65 40 53 9 12 0 0.00 M M 4.6 15 300 M M 1 19 290
3 62 35 49 5 16 0 0.00 M M 3.0 9 20 M M 0 15 320
4 69 31 50 7 15 0 0.00 M M 7.5 23 230 M M 0 32 230
5 69 32 51 8 14 0 0.00 M M 4.2 17 220 M M 0 22 220
6 68 39 54 12 11 0 0.00 M M 14.3 30 190 M M 0 39 230
7 67 41 54 12 11 0 0.00 M M 12.2 31 200 M M 0 41 190
8 63 35 49 7 16 0 0.00 M M 5.3 23 210 M M 0 29 210
9 58 36 47 6 18 0 T M M 11.2 24 220 M M 3 33 200
10 58 31 45 4 20 0 0.00 M M 4.1 14 350 M M 0 16 350
11 60 27 44 4 21 0 0.00 M M 4.7 15 40 M M 0 23 10
12 62 31 47 7 18 0 0.00 M M 3.4 12 340 M M 0 15 340
13 65 30 48 8 17 0 0.00 M M 2.1 10 10 M M 0 12 10
14 67 29 48 9 17 0 0.00 M M 2.5 9 130 M M 0 10 120
15 70 33 52 13 13 0 0.00 M M 6.7 20 220 M M 0 8 24 220
16 64 36 50 12 15 0 0.00 M M 6.2 14 210 M M 0 17 290
17 48 25 37 -1 28 0 0.00 M M 5.6 17 330 M M 0 23 350
18 59 20 40 3 25 0 0.00 M M 5.1 21 210 M M 0 27 220
19 59 35 47 10 18 0 0.00 M M 9.4 20 210 M M 3 24 210
20 55 29 42 5 23 0 0.00 M M 6.4 20 10 M M 3 26 10
21 49 20 35 -1 30 0 0.00 0.0 0 2.8 12 330 M M 0 14 330
22 54 20 37 1 28 0 0.00 M M 3.2 9 140 M M 0 11 140
23 58 29 44 9 21 0 0.00 M M 9.4 24 230 M M 2 31 190
24 41 19 30 -5 35 0 0.00 M M 11.3 24 350 M M 0 34 350
25 45 15 30 -4 35 0 0.00 0.0 M 3.2 9 350 M M 0 12 350
26 56 16 36 2 29 0 0.00 M M 2.2 9 300 M M 0 13 300
27 56 22 39 5 26 0 0.00 M M 2.4 8 170 M M 0 10 170
28 60 22 41 8 24 0 0.00 M M 2.1 8 150 M M 0 9 230
29 65 26 46 13 19 0 0.00 M M 1.6 8 190 M M 0 9 50
30 61 27 44 12 21 0 0.00 M M 3.2 13 340 M M 0 16 340
================================================================================
SM 1796 869 610 0 T 0.0 168.8 M 14
================================================================================
AV 59.9 29.0 5.6 FASTST M M 0 MAX(MPH)
MISC ----> 31 200 41 190
================================================================================
NOTES:
# LAST OF SEVERAL OCCURRENCES
COLUMN 17 PEAK WIND IN M.P.H.
PRELIMINARY LOCAL CLIMATOLOGICAL DATA (WS FORM: F-6) , PAGE 2
STATION: CEDAR CITY UT
MONTH: NOVEMBER
YEAR: 2021
LATITUDE: 37 42 N
LONGITUDE: 113 6 W
[TEMPERATURE DATA] [PRECIPITATION DATA] SYMBOLS USED IN COLUMN 16
AVERAGE MONTHLY: 44.4 TOTAL FOR MONTH: T 1 = FOG OR MIST
DPTR FM NORMAL: 5.9 DPTR FM NORMAL: -0.84 2 = FOG REDUCING VISIBILITY
HIGHEST: 70 ON 15 GRTST 24HR T ON 31- 1 TO 1/4 MILE OR LESS
LOWEST: 15 ON 25 3 = THUNDER
SNOW, ICE PELLETS, HAIL 4 = ICE PELLETS
TOTAL MONTH: 0.0 INCH 5 = HAIL
GRTST 24HR 0.0 6 = FREEZING RAIN OR DRIZZLE
GRTST DEPTH: 0 7 = DUSTSTORM OR SANDSTORM:
VSBY 1/2 MILE OR LESS
8 = SMOKE OR HAZE
[NO. OF DAYS WITH] [WEATHER - DAYS WITH] 9 = BLOWING SNOW
X = TORNADO
MAX 32 OR BELOW: 0 0.01 INCH OR MORE: 0
MAX 90 OR ABOVE: 0 0.10 INCH OR MORE: 0
MIN 32 OR BELOW: 20 0.50 INCH OR MORE: 0
MIN 0 OR BELOW: 0 1.00 INCH OR MORE: 0
[HDD (BASE 65) ]
TOTAL THIS MO. 610 CLEAR (SCALE 0-3) 29
DPTR FM NORMAL -185 PTCLDY (SCALE 4-7) 1
TOTAL FM JUL 1 1179 CLOUDY (SCALE 8-10) 0
DPTR FM NORMAL -178
[CDD (BASE 65) ]
TOTAL THIS MO. 0
DPTR FM NORMAL 0 [PRESSURE DATA]
TOTAL FM JAN 1 963 HIGHEST SLP 30.70 ON 25
DPTR FM NORMAL 284 LOWEST SLP 29.83 ON 23
[REMARKS]
#FINAL-11-21#