000
CXUS53 KEAX 010836
CF6CDJ
PRELIMINARY LOCAL CLIMATOLOGICAL DATA (WS FORM: F-6)
STATION: CHILLICOTHE
MONTH: NOVEMBER
YEAR: 2021
LATITUDE: 39 49 N
LONGITUDE: 93 35 W
TEMPERATURE IN F: :PCPN: SNOW: WIND :SUNSHINE: SKY :PK WND
================================================================================
1 2 3 4 5 6A 6B 7 8 9 10 11 12 13 14 15 16 17 18
12Z AVG MX 2MIN
DY MAX MIN AVG DEP HDD CDD WTR SNW DPTH SPD SPD DIR MIN PSBL S-S WX SPD DR
================================================================================
1 45 36 41 -8 24 0 0.15 M M 1.4 8 20 M M 0 13 20
2 51 30 41 -7 24 0 0.00 M M 0.5 7 170 M M 0 11 180
3 52 26 39 -9 26 0 0.00 M M 1.2 9 170 M M 0 14 190
4 53 31 42 -6 23 0 0.00 M M 2.9 14 200 M M 0 20 210
5 60 37 49 2 16 0 0.00 M M 5.9 16 200 M M 0 25 180
6 68 39 54 7 11 0 0.00 M M 5.7 14 190 M M 0 19 180
7 72 45 59 13 6 0 0.00 M M 7.2 18 180 M M 0 29 180
8 73 49 61 15 4 0 0.00 M M 3.9 12 200 M M 0 16 180
9 69 53 61 16 4 0 0.00 M M 4.8 10 30 M M 0 16 50
10 71 56 64 19 1 0 0.75 M M 6.4 18 180 M M 0 3 32 220
11 57 45 51 7 14 0 0.16 M M 8.1 17 310 M M 0 34 310
12 48 36 42 -2 23 0 0.00 M M 12.3 22 310 M M 0 37 290
13 46 34 40 -4 25 0 0.01 M M 7.3 16 300 M M 0 27 300
14 50 38 44 1 21 0 0.04 M M 5.5 21 310 M M 0 35 310
15 68 40 54 11 11 0 0.00 M M 4.4 14 200 M M 0 19 230
16 73 41 57 15 8 0 0.00 M M 5.5 13 160 M M 0 23 160
17 68 40 54 12 11 0 0.02 M M 7.6 18 360 M M 0 35 350
18 47 26 37 -5 28 0 0.00 M M 5.6 16 300 M M 0 28 310
19 51 24 38 -3 27 0 0.00 M M 6.0 17 180 M M 0 27 170
20 59 40 50 9 15 0 0.00 M M 4.1 10 200 M M 0 17 180
21 62 31 47 7 18 0 0.00 M M 5.2 15 330 M M 0 28 340
22 46 29 38 -2 27 0 0.00 M M 1.6 9 200 M M 0 12 210
23 62 29 46 6 19 0 0.00 M M 6.6 14 180 M M 0 23 170
24 63 40 52 13 13 0 T M M 8.2 16 350 M M 0 29 330
25 40 19 30 -9 35 0 0.00 M M 6.5 18 310 M M 0 28 320
26 50 19 35 -3 30 0 0.00 M M 4.9 18 190 M M 0 26 190
27 69 35 52 14 13 0 0.00 M M 4.7 18 300 M M 0 29 340
28 53 31 42 4 23 0 0.00 M M 2.5 8 350 M M 0 14 340
29 66 31 49 12 16 0 0.00 M M 4.0 13 200 M M 0 19 200
30 54 32 43 6 22 0 0.01 M M 0.9 6 140 M M 0 9 150
================================================================================
SM 1746 1062 538 0 1.14 M 151.4 M 0
================================================================================
AV 58.2 35.4 5.0 FASTST M M 0 MAX(MPH)
MISC ----> 22 310 37 290
================================================================================
NOTES:
# LAST OF SEVERAL OCCURRENCES
COLUMN 17 PEAK WIND IN M.P.H.
PRELIMINARY LOCAL CLIMATOLOGICAL DATA (WS FORM: F-6) , PAGE 2
STATION: CHILLICOTHE
MONTH: NOVEMBER
YEAR: 2021
LATITUDE: 39 49 N
LONGITUDE: 93 35 W
[TEMPERATURE DATA] [PRECIPITATION DATA] SYMBOLS USED IN COLUMN 16
AVERAGE MONTHLY: 46.8 TOTAL FOR MONTH: 1.14 1 = FOG OR MIST
DPTR FM NORMAL: 4.1 DPTR FM NORMAL: -1.29 2 = FOG REDUCING VISIBILITY
HIGHEST: 73 ON 16, 8 GRTST 24HR 0.98 ON 5- 5 TO 1/4 MILE OR LESS
LOWEST: 19 ON 26,25 3 = THUNDER
SNOW, ICE PELLETS, HAIL 4 = ICE PELLETS
TOTAL MONTH: M 5 = HAIL
GRTST 24HR M ON M 6 = FREEZING RAIN OR DRIZZLE
GRTST DEPTH: M ON M 7 = DUSTSTORM OR SANDSTORM:
VSBY 1/2 MILE OR LESS
8 = SMOKE OR HAZE
[NO. OF DAYS WITH] [WEATHER - DAYS WITH] 9 = BLOWING SNOW
X = TORNADO
MAX 32 OR BELOW: 0 0.01 INCH OR MORE: 7
MAX 90 OR ABOVE: 0 0.10 INCH OR MORE: 3
MIN 32 OR BELOW: 13 0.50 INCH OR MORE: 1
MIN 0 OR BELOW: 0 1.00 INCH OR MORE: 0
[HDD (BASE 65) ]
TOTAL THIS MO. 538 CLEAR (SCALE 0-3) 30
DPTR FM NORMAL -132 PTCLDY (SCALE 4-7) 0
TOTAL FM JUL 1 758 CLOUDY (SCALE 8-10) 0
DPTR FM NORMAL -301
[CDD (BASE 65) ]
TOTAL THIS MO. 0
DPTR FM NORMAL -1 [PRESSURE DATA]
TOTAL FM JAN 1 1460 HIGHEST SLP 30.54 ON 2
DPTR FM NORMAL 208 LOWEST SLP 29.63 ON 16
[REMARKS]
#FINAL-11-21#