000
CXUS53 KPAH 010838 CCA
CF6CGI
PRELIMINARY LOCAL CLIMATOLOGICAL DATA (WS FORM: F-6)
STATION: CAPE GIRARDEAU MO
MONTH: FEBRUARY
YEAR: 2024
LATITUDE: 37 13 N
LONGITUDE: 89 35 W
TEMPERATURE IN F: :PCPN: SNOW: WIND :SUNSHINE: SKY :PK WND
================================================================================
1 2 3 4 5 6A 6B 7 8 9 10 11 12 13 14 15 16 17 18
12Z AVG MX 2MIN
DY MAX MIN AVG DEP HDD CDD WTR SNW DPTH SPD SPD DIR MIN PSBL S-S WX SPD DR
================================================================================
1 58 31 45 9 20 0 0.00 M M 5.9 13 190 M M 1 1 17 180
2 68 41 55 19 10 0 0.00 M M 5.0 14 30 M M 2 1 18 30
3 66 39 53 17 12 0 0.00 M M 8.8 17 50 M M 0 1 23 80
4 57 42 50 14 15 0 0.00 M M 8.8 16 40 M M 3 25 80
5 58 34 46 10 19 0 0.00 M M 9.9 21 20 M M 0 27 20
6 60 28 44 7 21 0 0.00 M M 4.7 10 30 M M 0 17 40
7 59 29 44 7 21 0 0.00 M M 4.3 12 170 M M 1 18 16 190
8 61 46 54 17 11 0 T M M 16.2 26 200 M M 6 38 190
9 66 54 60 23 5 0 0.00 M M 11.3 18 200 M M 6 1 28 210
10 63 43 53 15 12 0 T M M 12.2 22 10 M M 3 13 30 10
11 53 36 45 7 20 0 T M M 11.5 17 30 M M 5 23 20
12 49 33 41 3 24 0 0.00 M M 12.4 23 40 M M 8 29 40
13 56 26 41 3 24 0 0.00 M M 4.9 15 180 M M 0 22 180
14 63 30 47 8 18 0 0.00 M M 6.3 15 190 M M 0 20 200
15 66 39 53 14 12 0 T M M 8.0 20 20 M M 1 27 360
16 45 30 38 -1 27 0 0.02 M M 15.0 28 360 M M 8 138 38 30
17 34 18 26 -14 39 0 0.00 M M 10.9 23 350 M M 2 30 330
18 50 19 35 -5 30 0 0.00 M M 6.7 14 260 M M 0 19 230
19 58 21 40 0 25 0 0.00 M M 4.8 16 180 M M 0 20 190
20 62 34 48 8 17 0 0.00 M M 5.9 15 170 M M 2 20 220
21 72 33 53 12 12 0 0.00 M M 10.2 24 180 M M 2 37 180
22 66 44 55 14 10 0 0.15 M M 10.2 20 210 M M 5 13 31 200
23 65 38 52 11 13 0 0.00 M M 8.5 21 290 M M 2 27 310
24 50 34 42 0 23 0 0.00 M M 9.2 23 10 M M 1 31 360
25 69 31 50 8 15 0 0.00 M M 9.1 20 230 M M 1 32 190
26 73 38 56 14 9 0 0.00 M M 11.1 26 220 M M 2 8 37 210
27 79 62 71 29 0 6 T M M 18.6 35 200 M M 5 48 200
28 70 26 48 5 17 0 0.08 M M 12.4 31 340 M M 3 3 40 350
29 49 21 35 -8 30 0 0.00 M M 4.1 12 130 M M 0 15 140
================================================================================
SM 1745 1000 511 6 0.25 M 266.9 M 69
================================================================================
AV 60.2 34.5 9.2 FASTST M M 2 MAX(MPH)
MISC ----> 35 200 48 200
================================================================================
NOTES:
# LAST OF SEVERAL OCCURRENCES
COLUMN 17 PEAK WIND IN M.P.H.
PRELIMINARY LOCAL CLIMATOLOGICAL DATA (WS FORM: F-6) , PAGE 2
STATION: CAPE GIRARDEAU MO
MONTH: FEBRUARY
YEAR: 2024
LATITUDE: 37 13 N
LONGITUDE: 89 35 W
[TEMPERATURE DATA] [PRECIPITATION DATA] SYMBOLS USED IN COLUMN 16
AVERAGE MONTHLY: 47.3 TOTAL FOR MONTH: 0.25 1 = FOG OR MIST
DPTR FM NORMAL: 8.4 DPTR FM NORMAL: -3.06 2 = FOG REDUCING VISIBILITY
HIGHEST: 79 ON 27 GRTST 24HR 0.15 ON 22-22 TO 1/4 MILE OR LESS
LOWEST: 18 ON 17 3 = THUNDER
SNOW, ICE PELLETS, HAIL 4 = ICE PELLETS
TOTAL MONTH: M 5 = HAIL
GRTST 24HR M ON M 6 = FREEZING RAIN OR DRIZZLE
GRTST DEPTH: M ON M 7 = DUSTSTORM OR SANDSTORM:
VSBY 1/2 MILE OR LESS
8 = SMOKE OR HAZE
[NO. OF DAYS WITH] [WEATHER - DAYS WITH] 9 = BLOWING SNOW
X = TORNADO
MAX 32 OR BELOW: 0 0.01 INCH OR MORE: 3
MAX 90 OR ABOVE: 0 0.10 INCH OR MORE: 1
MIN 32 OR BELOW: 12 0.50 INCH OR MORE: 0
MIN 0 OR BELOW: 0 1.00 INCH OR MORE: 0
[HDD (BASE 65) ]
TOTAL THIS MO. 511 CLEAR (SCALE 0-3) 22
DPTR FM NORMAL -219 PTCLDY (SCALE 4-7) 5
TOTAL FM JUL 1 2829 CLOUDY (SCALE 8-10) 2
DPTR FM NORMAL -548
[CDD (BASE 65) ]
TOTAL THIS MO. 6
DPTR FM NORMAL 6 [PRESSURE DATA]
TOTAL FM JAN 1 6 HIGHEST SLP 30.57 ON 29
DPTR FM NORMAL 6 LOWEST SLP 29.38 ON 27
[REMARKS]
#FINAL-02-24#