000
CXUS51 KLWX 010915
CF6CHO
PRELIMINARY LOCAL CLIMATOLOGICAL DATA (WS FORM: F-6)
STATION: CHARLOTTESVILLE VA
MONTH: JANUARY
YEAR: 2024
LATITUDE: 38 7 N
LONGITUDE: 78 27 W
TEMPERATURE IN F: :PCPN: SNOW: WIND :SUNSHINE: SKY :PK WND
================================================================================
1 2 3 4 5 6A 6B 7 8 9 10 11 12 13 14 15 16 17 18
12Z AVG MX 2MIN
DY MAX MIN AVG DEP HDD CDD WTR SNW DPTH SPD SPD DIR MIN PSBL S-S WX SPD DR
================================================================================
1 47 34 41 2 24 0 0.00 M M 4.9 13 310 M M 8 22 320
2 50 32 41 2 24 0 0.00 M M 4.0 12 330 M M 1 17 280
3 48 25 37 -2 28 0 T M M 1.5 8 200 M M 1 10 160
4 47 33 40 2 25 0 T M M 6.1 16 340 M M 6 25 360
5 45 21 33 -5 32 0 0.00 M M 4.1 12 190 M M 0 15 210
6 38 31 35 -3 30 0 0.86 M M 3.7 17 30 M M 7 1268 24 30
7 54 28 41 3 24 0 0.00 M M 5.2 14 300 M M 7 128 23 300
8 50 33 42 4 23 0 0.00 M M 4.1 13 310 M M 1 19 300
9 53 36 45 7 20 0 2.80 M M 6.0 13 40 M M 8 1 19 170
10 51 36 44 6 21 0 0.00 M M 7.1 16 210 M M 5 27 250
11 57 33 45 7 20 0 0.00 M M 5.4 17 200 M M 0 20 190
12 53 30 42 4 23 0 0.61 M M 4.7 14 140 M M 4 1 18 140
13 50 33 42 4 23 0 0.00 M M 8.1 17 270 M M 5 12 32 270
14 51 32 42 4 23 0 0.00 M M 9.4 24 250 M M 1 39 250
15 34 28 31 -7 34 0 0.12 M M 2.0 9 70 M M 10 18 11 80
16 37 20 29 -9 36 0 0.14 M M 5.0 14 310 M M 6 18 21 330
17 32 13 23 -15 42 0 0.00 M M 6.4 15 200 M M 0 19 230
18 40 19 30 -8 35 0 0.00 M M 1.9 10 210 M M 3 12 210
19 38 29 34 -4 31 0 0.04 M M 4.6 14 280 M M 7 18 24 260
20 31 18 25 -13 40 0 0.00 M M 5.8 15 310 M M 2 25 280
21 38 19 29 -9 36 0 0.00 M M 5.5 16 320 M M 0 26 320
22 45 15 30 -8 35 0 0.00 M M 3.5 15 190 M M 0 18 190
23 54 26 40 2 25 0 0.00 M M 2.3 12 210 M M 1 12 210
24 51 39 45 7 20 0 T M M 0.8 6 180 M M 9 18 7 180
25 68 50 59 21 6 0 0.05 M M 6.0 13 190 M M 9 12 18 200
26 80 55 68 29 0 3 0.06 M M 6.8 16 190 M M 4 1 20 190
27 64 44 54 15 11 0 0.41 M M 3.5 12 50 M M 5 1 14 100
28 50 44 47 8 18 0 0.79 M M 6.2 17 40 M M 10 18 25 40
29 55 36 46 7 19 0 0.00 M M 7.1 15 350 M M 2 18 24 330
30 46 28 37 -2 28 0 0.00 M M 3.5 12 170 M M 5 15 130
31 48 37 43 4 22 0 T M M 3.7 8 70 M M 10 10 60
================================================================================
SM 1505 957 778 3 5.88 M 148.9 M 137
================================================================================
AV 48.5 30.9 4.8 FASTST M M 4 MAX(MPH)
MISC ----> 24 250 39 250
================================================================================
NOTES:
# LAST OF SEVERAL OCCURRENCES
COLUMN 17 PEAK WIND IN M.P.H.
PRELIMINARY LOCAL CLIMATOLOGICAL DATA (WS FORM: F-6) , PAGE 2
STATION: CHARLOTTESVILLE VA
MONTH: JANUARY
YEAR: 2024
LATITUDE: 38 7 N
LONGITUDE: 78 27 W
[TEMPERATURE DATA] [PRECIPITATION DATA] SYMBOLS USED IN COLUMN 16
AVERAGE MONTHLY: 39.7 TOTAL FOR MONTH: 5.88 1 = FOG OR MIST
DPTR FM NORMAL: 1.3 DPTR FM NORMAL: 2.92 2 = FOG REDUCING VISIBILITY
HIGHEST: 80 ON 26 GRTST 24HR 2.80 ON 9- 9 TO 1/4 MILE OR LESS
LOWEST: 13 ON 17 3 = THUNDER
SNOW, ICE PELLETS, HAIL 4 = ICE PELLETS
TOTAL MONTH: M 5 = HAIL
GRTST 24HR M ON M 6 = FREEZING RAIN OR DRIZZLE
GRTST DEPTH: M ON M 7 = DUSTSTORM OR SANDSTORM:
VSBY 1/2 MILE OR LESS
8 = SMOKE OR HAZE
[NO. OF DAYS WITH] [WEATHER - DAYS WITH] 9 = BLOWING SNOW
X = TORNADO
MAX 32 OR BELOW: 2 0.01 INCH OR MORE: 10
MAX 90 OR ABOVE: 0 0.10 INCH OR MORE: 7
MIN 32 OR BELOW: 17 0.50 INCH OR MORE: 4
MIN 0 OR BELOW: 0 1.00 INCH OR MORE: 1
[HDD (BASE 65) ]
TOTAL THIS MO. 778 CLEAR (SCALE 0-3) 13
DPTR FM NORMAL -47 PTCLDY (SCALE 4-7) 12
TOTAL FM JUL 1 2048 CLOUDY (SCALE 8-10) 6
DPTR FM NORMAL -230
[CDD (BASE 65) ]
TOTAL THIS MO. 3
DPTR FM NORMAL 3 [PRESSURE DATA]
TOTAL FM JAN 1 3 HIGHEST SLP 30.64 ON 22
DPTR FM NORMAL 3 LOWEST SLP 29.10 ON 9
[REMARKS]
#FINAL-01-24#