000
CXUS52 KCHS 011359
CF6CHS
PRELIMINARY LOCAL CLIMATOLOGICAL DATA (WS FORM: F-6)
STATION: NORTH CHARLESTON SC
MONTH: JANUARY
YEAR: 2023
LATITUDE: 32 54 N
LONGITUDE: 80 2 W
TEMPERATURE IN F: :PCPN: SNOW: WIND :SUNSHINE: SKY :PK WND
================================================================================
1 2 3 4 5 6A 6B 7 8 9 10 11 12 13 14 15 16 17 18
12Z AVG MX 2MIN
DY MAX MIN AVG DEP HDD CDD WTR SNW DPTH SPD SPD DIR MIN PSBL S-S WX SPD DR
================================================================================
1 71 56 64 14 1 0 0.00 0.0 0 5.4 13 320 M M 7 12 16 320
2 74 54 64 14 1 0 0.00 0.0 0 2.8 10 110 M M 6 128 12 100
3 78 50 64 14 1 0 0.00 0.0 0 6.9 21 220 M M 8 12 27 240
4 76 63 70 20 0 5 0.34 0.0 0 11.6 25 200 M M 9 18 32 290
5 73 53 63 13 2 0 0.00 0.0 0 7.0 16 260 M M 5 12 20 260
6 64 42 53 3 12 0 0.00 0.0 0 5.3 12 270 M M 1 16 280
7 67 39 53 3 12 0 0.00 0.0 0 2.5 9 280 M M 1 12 270
8 68 41 55 6 10 0 0.00 0.0 0 3.3 12 160 M M 6 16 170
9 64 42 53 4 12 0 0.01 0.0 0 7.1 20 350 M M 4 24 350
10 65 39 52 3 13 0 0.00 0.0 0 3.4 12 240 M M 4 1 15 280
11 70 40 55 6 10 0 0.00 0.0 0 3.1 14 160 M M 3 15 160
12 75 50 63 14 2 0 0.07 0.0 0 12.2 25 200 M M 8 36 200
13 65 43 54 5 11 0 0.23 0.0 0 12.6 23 190 M M 7 1 29 190
14 51 38 45 -4 20 0 0.02 0.0 0 13.0 25 320 M M 3 32 350
15 56 29 43 -6 22 0 0.00 0.0 0 6.0 15 330 M M 1 20 340
16 65 33 49 0 16 0 0.00 0.0 0 4.2 12 210 M M 4 14 140
17 74 43 59 10 6 0 T 0.0 0 7.5 16 230 M M 6 1 24 210
18 74 56 65 16 0 0 T 0.0 0 4.9 10 280 M M 8 12 14 280
19 77 55 66 17 0 1 0.00 0.0 0 10.4 28 210 M M 7 12 35 210
20 71 52 62 13 3 0 0.00 0.0 0 9.2 20 270 M M 2 25 280
21 55 47 51 2 14 0 T 0.0 0 8.4 16 40 M M 9 20 30
22 63 45 54 5 11 0 1.52 0.0 0 5.4 25 300 M M 10 13 34 300
23 61 40 51 1 14 0 T 0.0 0 10.9 23 280 M M 3 32 290
24 59 32 46 -4 19 0 0.00 0.0 0 4.9 12 110 M M 0 15 100
25 74 45 60 10 5 0 0.46 0.0 0 12.8 28 200 M M 8 1 38 220
26 63 42 53 3 12 0 0.00 0.0 0 11.1 23 300 M M 2 34 280
27 55 32 44 -6 21 0 0.00 0.0 0 6.0 14 270 M M 3 18 260
28 60 30 45 -5 20 0 0.00 0.0 0 3.0 13 140 M M 3 18 16 180
29 69 38 54 4 11 0 0.25 0.0 0 3.8 12 110 M M 7 1 15 130
30 62 56 59 9 6 0 0.77 0.0 0 2.9 12 290 M M 10 1 14 290
31 70 57 64 14 1 0 0.07 0.0 0 3.4 12 310 M M 9 12 14 270
================================================================================
SM 2069 1382 288 6 3.74 0.0 211.0 M 164
================================================================================
AV 66.7 44.6 6.8 FASTST M M 5 MAX(MPH)
MISC ----> # 28 210 38 220
================================================================================
NOTES:
# LAST OF SEVERAL OCCURRENCES
COLUMN 17 PEAK WIND IN M.P.H.
PRELIMINARY LOCAL CLIMATOLOGICAL DATA (WS FORM: F-6) , PAGE 2
STATION: NORTH CHARLESTON SC
MONTH: JANUARY
YEAR: 2023
LATITUDE: 32 54 N
LONGITUDE: 80 2 W
[TEMPERATURE DATA] [PRECIPITATION DATA] SYMBOLS USED IN COLUMN 16
AVERAGE MONTHLY: 55.7 TOTAL FOR MONTH: 3.74 1 = FOG OR MIST
DPTR FM NORMAL: 6.2 DPTR FM NORMAL: 0.37 2 = FOG REDUCING VISIBILITY
HIGHEST: 78 ON 3 GRTST 24HR 1.52 ON 22-22 TO 1/4 MILE OR LESS
LOWEST: 29 ON 15 3 = THUNDER
SNOW, ICE PELLETS, HAIL 4 = ICE PELLETS
TOTAL MONTH: 0.0 INCH 5 = HAIL
GRTST 24HR 0.0 6 = FREEZING RAIN OR DRIZZLE
GRTST DEPTH: 0 7 = DUSTSTORM OR SANDSTORM:
VSBY 1/2 MILE OR LESS
8 = SMOKE OR HAZE
[NO. OF DAYS WITH] [WEATHER - DAYS WITH] 9 = BLOWING SNOW
X = TORNADO
MAX 32 OR BELOW: 0 0.01 INCH OR MORE: 10
MAX 90 OR ABOVE: 0 0.10 INCH OR MORE: 6
MIN 32 OR BELOW: 4 0.50 INCH OR MORE: 2
MIN 0 OR BELOW: 0 1.00 INCH OR MORE: 1
[HDD (BASE 65) ]
TOTAL THIS MO. 288 CLEAR (SCALE 0-3) 9
DPTR FM NORMAL -195 PTCLDY (SCALE 4-7) 16
TOTAL FM JUL 1 912 CLOUDY (SCALE 8-10) 6
DPTR FM NORMAL -275
[CDD (BASE 65) ]
TOTAL THIS MO. 6
DPTR FM NORMAL 2 [PRESSURE DATA]
TOTAL FM JAN 1 6 HIGHEST SLP 30.50 ON 28
DPTR FM NORMAL 2 LOWEST SLP 29.70 ON 13
[REMARKS]
#FINAL-01-23#