000
CXUS55 KDVN 011000
CF6CID
PRELIMINARY LOCAL CLIMATOLOGICAL DATA (WS FORM: F-6)
STATION: CEDAR RAPIDS IA
MONTH: APRIL
YEAR: 2022
LATITUDE: 41 52 N
LONGITUDE: 91 42 W
TEMPERATURE IN F: :PCPN: SNOW: WIND :SUNSHINE: SKY :PK WND
================================================================================
1 2 3 4 5 6A 6B 7 8 9 10 11 12 13 14 15 16 17 18
12Z AVG MX 2MIN
DY MAX MIN AVG DEP HDD CDD WTR SNW DPTH SPD SPD DIR MIN PSBL S-S WX SPD DR
================================================================================
1 46 23 35 -8 30 0 0.00 M M 5.8 12 330 M M 2 16 330
2 49 32 41 -3 24 0 0.36 M M 9.8 22 310 M M 7 1 27 300
3 48 26 37 -7 28 0 0.22 M M 7.9 16 130 M M 5 1 21 120
4 48 29 39 -6 26 0 0.00 M M 13.2 26 300 M M 5 34 300
5 48 28 38 -7 27 0 0.19 M M 13.1 20 270 M M 6 1 27 140
6 49 36 43 -2 22 0 T M M 19.6 32 270 M M 7 45 260
7 43 31 37 -9 28 0 0.03 M M 20.5 30 300 M M 10 1 40 320
8 38 30 34 -12 31 0 T M M 14.9 28 320 M M 10 1 34 320
9 53 24 39 -7 26 0 0.00 M M 6.4 14 310 M M 0 20 300
10 70 28 49 2 16 0 0.00 M M 17.7 33 140 M M 1 46 140
11 63 37 50 3 15 0 0.00 M M 10.9 22 310 M M 0 30 270
12 69 32 51 3 14 0 T M M 17.5 33 130 M M 5 45 140
13 69 29 49 1 16 0 0.10 M M 14.9 29 300 M M 6 13 35 290
14 49 25 37 -11 28 0 0.00 M M 19.3 40 260 M M 1 54 260
15 44 26 35 -14 30 0 0.00 M M 11.7 18 310 M M 4 24 320
16 46 20 33 -16 32 0 0.00 M M 11.4 24 310 M M 1 33 330
17 45 24 35 -14 30 0 T M M 8.0 21 110 M M 5 1 27 120
18 42 25 34 -16 31 0 0.00 M M 19.4 39 300 M M 5 1 50 300
19 47 19 33 -17 32 0 0.00 M M 8.6 16 320 M M 4 22 320
20 48 43 46 -4 19 0 0.22 M M 16.5 31 150 M M 10 1 48 150
21 67 36 52 1 13 0 0.21 M M 8.5 16 330 M M 4 12 23 260
22 68 48 58 7 7 0 1.01 M M 16.2 31 120 M M 7 138 39 120
23 80 56 68 16 0 3 0.18 M M 19.1 35 200 M M 4 13 49 180
24 62 42 52 0 13 0 0.01 M M 16.7 33 260 M M 2 44 230
25 45 29 37 -15 28 0 0.00 M M 17.3 29 290 M M 9 39 290
26 53 22 38 -15 27 0 0.00 M M 11.6 22 310 M M 0 31 300
27 59 33 46 -7 19 0 0.00 M M 18.4 29 80 M M 2 39 100
28 63 36 50 -4 15 0 0.14 M M 15.7 29 140 M M 8 13 40 150
29 60 50 55 1 10 0 0.09 M M 16.2 25 120 M M 10 13 35 120
30 67 45 56 2 9 0 0.28 M M 20.3 37 220 M M 8 13 49 230
================================================================================
SM 1638 964 646 3 3.04 M 427.1 M 148
================================================================================
AV 54.6 32.1 14.2 FASTST M M 5 MAX(MPH)
MISC ----> 40 260 54 260
================================================================================
NOTES:
# LAST OF SEVERAL OCCURRENCES
COLUMN 17 PEAK WIND IN M.P.H.
PRELIMINARY LOCAL CLIMATOLOGICAL DATA (WS FORM: F-6) , PAGE 2
STATION: CEDAR RAPIDS IA
MONTH: APRIL
YEAR: 2022
LATITUDE: 41 52 N
LONGITUDE: 91 42 W
[TEMPERATURE DATA] [PRECIPITATION DATA] SYMBOLS USED IN COLUMN 16
AVERAGE MONTHLY: 43.4 TOTAL FOR MONTH: 3.04 1 = FOG OR MIST
DPTR FM NORMAL: -5.5 DPTR FM NORMAL: -0.52 2 = FOG REDUCING VISIBILITY
HIGHEST: 80 ON 23 GRTST 24HR 1.22 ON 21-22 TO 1/4 MILE OR LESS
LOWEST: 19 ON 19 3 = THUNDER
SNOW, ICE PELLETS, HAIL 4 = ICE PELLETS
TOTAL MONTH: M 5 = HAIL
GRTST 24HR M ON M 6 = FREEZING RAIN OR DRIZZLE
GRTST DEPTH: M ON M 7 = DUSTSTORM OR SANDSTORM:
VSBY 1/2 MILE OR LESS
8 = SMOKE OR HAZE
[NO. OF DAYS WITH] [WEATHER - DAYS WITH] 9 = BLOWING SNOW
X = TORNADO
MAX 32 OR BELOW: 0 0.01 INCH OR MORE: 13
MAX 90 OR ABOVE: 0 0.10 INCH OR MORE: 10
MIN 32 OR BELOW: 19 0.50 INCH OR MORE: 1
MIN 0 OR BELOW: 0 1.00 INCH OR MORE: 1
[HDD (BASE 65) ]
TOTAL THIS MO. 646 CLEAR (SCALE 0-3) 9
DPTR FM NORMAL 156 PTCLDY (SCALE 4-7) 15
TOTAL FM JUL 1 6606 CLOUDY (SCALE 8-10) 6
DPTR FM NORMAL 6
[CDD (BASE 65) ]
TOTAL THIS MO. 3
DPTR FM NORMAL -2 [PRESSURE DATA]
TOTAL FM JAN 1 3 HIGHEST SLP 30.41 ON 26
DPTR FM NORMAL -3 LOWEST SLP 29.33 ON 12
[REMARKS]
#FINAL-04-22#