000
CXUS55 KDVN 011000
CF6CID
PRELIMINARY LOCAL CLIMATOLOGICAL DATA (WS FORM: F-6)
STATION: CEDAR RAPIDS IA
MONTH: AUGUST
YEAR: 2021
LATITUDE: 41 52 N
LONGITUDE: 91 42 W
TEMPERATURE IN F: :PCPN: SNOW: WIND :SUNSHINE: SKY :PK WND
================================================================================
1 2 3 4 5 6A 6B 7 8 9 10 11 12 13 14 15 16 17 18
12Z AVG MX 2MIN
DY MAX MIN AVG DEP HDD CDD WTR SNW DPTH SPD SPD DIR MIN PSBL S-S WX SPD DR
================================================================================
1 84 57 71 -1 0 6 0.00 M M 8.9 20 350 M M 1 18 26 20
2 81 51 66 -6 0 1 0.00 M M 3.7 15 360 M M 3 23 350
3 82 52 67 -5 0 2 0.00 M M 2.5 10 350 M M 3 14 10
4 83 53 68 -4 0 3 0.00 M M 4.2 13 200 M M 0 1 20 180
5 76 61 69 -3 0 4 0.28 M M 7.8 16 170 M M 5 1 23 190
6 84 63 74 2 0 9 0.01 M M 7.0 13 210 M M 3 18 20 160
7 88 68 78 6 0 13 0.01 M M 10.8 22 190 M M 1 18 32 200
8 84 71 78 6 0 13 0.01 M M 9.8 20 210 M M 2 138 28 210
9 88 71 80 8 0 15 0.01 M M 8.1 15 180 M M 5 1 20 270
10 92 69 81 9 0 16 T M M 8.6 24 210 M M 1 13 35 350
11 92 66 79 7 0 14 0.00 M M 10.4 22 230 M M 4 1 32 210
12 87 58 73 1 0 8 0.00 M M 5.9 13 200 M M 2 1 19 170
13 86 59 73 2 0 8 0.00 M M 5.7 16 300 M M 1 22 280
14 83 52 68 -3 0 3 0.00 M M 5.2 10 110 M M 0 17 20
15 82 52 67 -4 0 2 0.00 M M 5.8 13 130 M M 0 19 130
16 82 51 67 -4 0 2 0.00 M M 5.6 14 140 M M 1 17 170
17 85 53 69 -2 0 4 0.00 M M 4.7 14 170 M M 1 12 21 160
18 89 58 74 3 0 9 0.00 M M 4.9 12 190 M M 1 1 17 190
19 91 62 77 6 0 12 0.00 M M 4.6 13 160 M M 3 18 19 140
20 89 63 76 6 0 11 0.00 M M 9.8 21 150 M M 1 18 31 170
21 85 60 73 3 0 8 0.32 M M 10.0 31 340 M M 4 13 40 350
22 81 54 68 -2 0 3 0.00 M M 6.0 13 50 M M 0 18 60
23 87 61 74 4 0 9 1.12 M M 9.0 23 50 M M 2 13 33 350
24 94 67 81 11 0 16 0.28 M M 9.6 32 10 M M 1 13 48 350
25 86 68 77 7 0 12 0.17 M M 6.9 29 210 M M 3 13 44 210
26 86 67 77 7 0 12 0.07 M M 8.1 30 140 M M 2 13 41 140
27 90 70 80 11 0 15 T M M 8.9 24 150 M M 1 37 160
28 91 72 82 13 0 17 0.00 M M 8.5 17 70 M M 1 1 23 190
29 83 64 74 5 0 9 T M M 8.9 22 320 M M 1 31 330
30 84 56 70 1 0 5 0.00 M M 3.6 12 60 M M 1 1 13 60
31 71 62 67 -1 0 2 0.07 M M 7.3 16 40 M M 5 1 22 40
================================================================================
SM 2646 1891 0 263 2.35 M 220.8 M 59
================================================================================
AV 85.4 61.0 7.1 FASTST M M 2 MAX(MPH)
MISC ----> 32 10 48 350
================================================================================
NOTES:
# LAST OF SEVERAL OCCURRENCES
COLUMN 17 PEAK WIND IN M.P.H.
PRELIMINARY LOCAL CLIMATOLOGICAL DATA (WS FORM: F-6) , PAGE 2
STATION: CEDAR RAPIDS IA
MONTH: AUGUST
YEAR: 2021
LATITUDE: 41 52 N
LONGITUDE: 91 42 W
[TEMPERATURE DATA] [PRECIPITATION DATA] SYMBOLS USED IN COLUMN 16
AVERAGE MONTHLY: 73.2 TOTAL FOR MONTH: 2.35 1 = FOG OR MIST
DPTR FM NORMAL: 2.4 DPTR FM NORMAL: -1.72 2 = FOG REDUCING VISIBILITY
HIGHEST: 94 ON 24 GRTST 24HR 1.12 ON 23-23 TO 1/4 MILE OR LESS
LOWEST: 51 ON 16, 2 3 = THUNDER
SNOW, ICE PELLETS, HAIL 4 = ICE PELLETS
TOTAL MONTH: M 5 = HAIL
GRTST 24HR M ON M 6 = FREEZING RAIN OR DRIZZLE
GRTST DEPTH: M ON M 7 = DUSTSTORM OR SANDSTORM:
VSBY 1/2 MILE OR LESS
8 = SMOKE OR HAZE
[NO. OF DAYS WITH] [WEATHER - DAYS WITH] 9 = BLOWING SNOW
X = TORNADO
MAX 32 OR BELOW: 0 0.01 INCH OR MORE: 11
MAX 90 OR ABOVE: 6 0.10 INCH OR MORE: 5
MIN 32 OR BELOW: 0 0.50 INCH OR MORE: 1
MIN 0 OR BELOW: 0 1.00 INCH OR MORE: 1
[HDD (BASE 65) ]
TOTAL THIS MO. 0 CLEAR (SCALE 0-3) 26
DPTR FM NORMAL -13 PTCLDY (SCALE 4-7) 5
TOTAL FM JUL 1 0 CLOUDY (SCALE 8-10) 0
DPTR FM NORMAL -13
[CDD (BASE 65) ]
TOTAL THIS MO. 263
DPTR FM NORMAL 70 [PRESSURE DATA]
TOTAL FM JAN 1 852 HIGHEST SLP 30.28 ON 14
DPTR FM NORMAL 183 LOWEST SLP 29.70 ON 11
[REMARKS]
#FINAL-08-21#