000
CXUS53 KDVN 010827
CLMCID
CLIMATE REPORT
NATIONAL WEATHER SERVICE QUAD CITIES IA IL
327 AM CDT SUN OCT 01 2023
...................................
...THE CEDAR RAPIDS IA CLIMATE SUMMARY FOR THE MONTH OF SEPTEMBER 2023...
CLIMATE NORMAL PERIOD 1991 TO 2020
CLIMATE RECORD PERIOD 1891 TO 2023
WEATHER OBSERVED NORMAL DEPART LAST YEAR`S
VALUE DATE(S) VALUE FROM VALUE
NORMAL
..............................................................
TEMPERATURE (F)
RECORD
HIGH 105 09/04/1925
LOW 22 09/30/1899
HIGHEST 97 09/04 79 18
LOWEST 46 09/18 45 1
AVG. MAXIMUM 80.5 74.7 5.8
AVG. MINIMUM 56.1 51.9 4.2
MEAN 68.3 63.3 5.0
DAYS MAX >= 90 4
DAYS MAX <= 32 0
DAYS MIN <= 32 0
DAYS MIN <= 0 0
PRECIPITATION (INCHES)
TOTALS 1.07R 3.40 -2.33
DAILY AVG. 0.04 0.11 -0.07
DAYS >= .01 8
DAYS >= .10 4
DAYS >= .50 0
DAYS >= 1.00 0
GREATEST
24 HR. TOTAL 0.40 09/18 TO 09/19
DEGREE DAYS
HEATING TOTAL 20 128 -108
SINCE 7/1 27 147 -120
COOLING TOTAL 125 77 48
SINCE 1/1 933 746 187
..............................................................
WIND (MPH)
AVERAGE WIND SPEED 7.6
HIGHEST WIND SPEED/DIRECTION 24/190 DATE 09/05
HIGHEST GUST SPEED/DIRECTION 34/160 DATE 09/05
SKY COVER
POSSIBLE SUNSHINE (PERCENT) MM
AVERAGE SKY COVER 0.38
NUMBER OF DAYS FAIR 14
NUMBER OF DAYS PC 13
NUMBER OF DAYS CLOUDY 3
AVERAGE RH (PERCENT) 69
WEATHER CONDITIONS. NUMBER OF DAYS WITH
THUNDERSTORM 6 HAIL 0
SLEET 0 FOG 20
FOG W/VIS <= 1/4 MILE 2 HAZE 7
- INDICATES NEGATIVE NUMBERS.
R INDICATES RECORD WAS SET OR TIED.
MM INDICATES DATA IS MISSING.
T INDICATES TRACE AMOUNT.
$$