000
CXUS55 KOHX 011010
CF6CKV
PRELIMINARY LOCAL CLIMATOLOGICAL DATA (WS FORM: F-6)
STATION: CLARKSVILLE
MONTH: MAY
YEAR: 2020
LATITUDE: 36 37 N
LONGITUDE: 87 25 W
TEMPERATURE IN F: :PCPN: SNOW: WIND :SUNSHINE: SKY :PK WND
================================================================================
1 2 3 4 5 6A 6B 7 8 9 10 11 12 13 14 15 16 17 18
12Z AVG MX 2MIN
DY MAX MIN AVG DEP HDD CDD WTR SNW DPTH SPD SPD DIR MIN PSBL S-S WX SPD DR
================================================================================
1 77 42 60 -2 5 0 0.00 M M 2.6 12 210 M M 0 16 200
2 84 53 69 7 0 4 0.00 M M 8.9 21 210 M M 0 29 200
3 82 62 72 9 0 7 0.77 M M 8.7 30 280 M M 5 13 42 290
4 78 58 68 5 0 3 0.25 M M 6.8 31 130 M M 6 13 43 120
5 70 48 59 -4 6 0 0.00 M M 10.1 22 320 M M 5 1 32 280
6 61 45 53 -11 12 0 0.04 M M 11.3 23 340 M M 4 1 32 340
7 68 41 55 -9 10 0 0.00 M M 6.4 15 290 M M 2 22 290
8 60 40 50 -14 15 0 0.90 M M 10.0 26 350 M M 7 1 38 350
9 63 34 49 -15 16 0 0.00 M M 3.2 17 330 M M 0 24 330
10 72 38 55 -10 10 0 0.00 M M 8.8 25 320 M M 2 1 36 250
11 62 39 51 -14 14 0 0.00 M M 7.6 21 320 M M 0 30 280
12 58 48 53 -12 12 0 0.16 M M 3.4 8 70 M M 9 1 13 150
13 63 51 57 -9 8 0 0.57 M M 6.2 12 140 M M 8 12 17 140
14 83 54 69 3 0 4 0.00 M M 8.5 24 200 M M 1 1 35 200
15 82 65 74 8 0 9 0.05 M M 6.7 24 200 M M 5 1 36 220
16 83 62 73 7 0 8 0.00 M M 3.9 15 140 M M 4 1 20 160
17 81 66 74 7 0 9 0.19 M M 7.7 18 180 M M 6 13 28 160
18 74 58 66 -1 0 1 0.10 M M 7.8 18 300 M M 9 1 24 300
19 68 53 61 -6 4 0 0.04 M M 4.9 15 300 M M 7 12 19 300
20 72 55 64 -4 1 0 0.00 M M 5.8 13 50 M M 10 12 18 10
21 74 55 65 -3 0 0 0.03 M M 4.2 16 90 M M 7 1 21 80
22 80 58 69 1 0 4 0.01 M M 5.6 15 200 M M 6 12 19 200
23 87 61 74 6 0 9 0.00 M M 6.6 17 210 M M 1 13 24 240
24 84 66 75 6 0 10 0.00 M M 5.0 23 190 M M 1 29 190
25 90 64 77 8 0 12 0.21 M M 6.8 30 150 M M 0 13 42 100
26 84 67 76 7 0 11 0.00 M M 5.4 17 130 M M 3 22 120
27 75 67 71 2 0 6 0.26 M M 8.0 18 140 M M 7 1 26 150
28 83 64 74 4 0 9 0.07 M M 5.8 16 230 M M 7 13 24 220
29 79 61 70 0 0 5 0.00 M M 7.1 18 340 M M 4 24 320
30 78 57 68 -2 0 3 0.00 M M 8.1 17 340 M M 0 22 330
31 79 55 67 -3 0 2 0.00 M M 7.0 16 20 M M 0 23 30
================================================================================
SM 2334 1687 113 116 3.65 M 208.9 M 126
================================================================================
AV 75.3 54.4 6.7 FASTST M M 4 MAX(MPH)
MISC ----> # 31 130 # 43 120
================================================================================
NOTES:
# LAST OF SEVERAL OCCURRENCES
COLUMN 17 PEAK WIND IN M.P.H.
PRELIMINARY LOCAL CLIMATOLOGICAL DATA (WS FORM: F-6) , PAGE 2
STATION: CLARKSVILLE
MONTH: MAY
YEAR: 2020
LATITUDE: 36 37 N
LONGITUDE: 87 25 W
[TEMPERATURE DATA] [PRECIPITATION DATA] SYMBOLS USED IN COLUMN 16
AVERAGE MONTHLY: 64.9 TOTAL FOR MONTH: 3.65 1 = FOG OR MIST
DPTR FM NORMAL: -1.5 DPTR FM NORMAL: -1.95 2 = FOG REDUCING VISIBILITY
HIGHEST: 90 ON 25 GRTST 24HR 0.90 ON 8- 8 TO 1/4 MILE OR LESS
LOWEST: 34 ON 9 3 = THUNDER
SNOW, ICE PELLETS, HAIL 4 = ICE PELLETS
TOTAL MONTH: M 5 = HAIL
GRTST 24HR M ON M 6 = FREEZING RAIN OR DRIZZLE
GRTST DEPTH: M ON M 7 = DUSTSTORM OR SANDSTORM:
VSBY 1/2 MILE OR LESS
8 = SMOKE OR HAZE
[NO. OF DAYS WITH] [WEATHER - DAYS WITH] 9 = BLOWING SNOW
X = TORNADO
MAX 32 OR BELOW: 0 0.01 INCH OR MORE: 15
MAX 90 OR ABOVE: 1 0.10 INCH OR MORE: 9
MIN 32 OR BELOW: 0 0.50 INCH OR MORE: 3
MIN 0 OR BELOW: 0 1.00 INCH OR MORE: 0
[HDD (BASE 65) ]
TOTAL THIS MO. 113 CLEAR (SCALE 0-3) 13
DPTR FM NORMAL 44 PTCLDY (SCALE 4-7) 15
TOTAL FM JUL 1 3623 CLOUDY (SCALE 8-10) 3
DPTR FM NORMAL -391
[CDD (BASE 65) ]
TOTAL THIS MO. 116
DPTR FM NORMAL 3 [PRESSURE DATA]
TOTAL FM JAN 1 149 HIGHEST SLP 30.32 ON 12
DPTR FM NORMAL 0 LOWEST SLP 29.68 ON 5
[REMARKS]
#FINAL-05-20#