000
CXUS56 KLOX 011155
CF6CMA
PRELIMINARY LOCAL CLIMATOLOGICAL DATA (WS FORM: F-6)
STATION: CAMARILLO AIRPORT CA
MONTH: MARCH
YEAR: 2023
LATITUDE: 34 12 N
LONGITUDE: 119 6 W
TEMPERATURE IN F: :PCPN: SNOW: WIND :SUNSHINE: SKY :PK WND
================================================================================
1 2 3 4 5 6A 6B 7 8 9 10 11 12 13 14 15 16 17 18
12Z AVG MX 2MIN
DY MAX MIN AVG DEP HDD CDD WTR SNW DPTH SPD SPD DIR MIN PSBL S-S WX SPD DR
================================================================================
1 56 38 47 -10 18 0 0.22 M M 13.1 35 340 M M 4 1 48 350
2 60 33 47 -10 18 0 0.00 M M 5.7 15 230 M M 0 19 220
3 60 36 48 -9 17 0 0.00 M M 2.9 13 220 M M 0 18 190
4 58 39 49 -8 16 0 0.01 M M 5.1 16 260 M M 4 18 21 270
5 59 43 51 -6 14 0 0.17 M M 5.7 16 240 M M 8 1 21 240
6 59 42 51 -6 14 0 0.01 M M 5.0 15 270 M M 4 12 20 270
7 60 38 49 -8 16 0 0.00 M M 4.6 15 260 M M 0 19 260
8 59 38 49 -8 16 0 0.00 M M 4.9 14 270 M M 1 20 180
9 64 41 53 -4 12 0 T M M 4.5 14 230 M M 3 19 240
10 57 49 53 -5 12 0 1.59 M M 8.7 14 70 M M 10 1 17 40
11 66 56 61 3 4 0 0.03 M M 4.6 16 200 M M 10 18 21 200
12 65 55 60 2 5 0 0.00 M M 4.6 14 260 M M 10 1 20 230
13 63 54 59 1 6 0 0.00 M M 3.8 14 210 M M 10 1 19 210
14 59 54 57 -1 8 0 2.04 M M 4.6 13 60 M M 10 1 16 60
15 61 54 58 0 7 0 0.52 M M 6.3 18 270 M M 9 1 34 270
16 60 48 54 -4 11 0 0.00 M M 4.6 13 210 M M 8 16 200
17 62 43 53 -5 12 0 0.00 M M 4.6 13 280 M M 0 1 17 250
18 75 44 60 2 5 0 0.00 M M 6.4 16 70 M M 0 21 60
19 63 54 59 1 6 0 0.02 M M 5.8 16 60 M M 10 18 21 60
20 61 53 57 -1 8 0 0.14 M M 6.1 12 260 M M 9 1 15 250
21 60 46 53 -5 12 0 1.48 M M 10.3 25 240 M M 10 1 40 260
22 57 43 50 -8 15 0 0.35 M M 3.9 16 220 M M 7 1 20 220
23 62 45 54 -4 11 0 0.02 M M 8.4 31 270 M M 4 1 43 270
24 63 40 52 -7 13 0 0.00 M M 5.9 18 280 M M 0 34 270
25 63 38 51 -8 14 0 0.00 M M 5.3 16 260 M M 0 22 260
26 62 35 49 -10 16 0 0.00 M M 4.9 20 270 M M 0 35 260
27 71 39 55 -4 10 0 0.00 M M 9.8 29 60 M M 0 49 80
28 66 42 54 -5 11 0 0.12 M M 5.8 16 290 M M 2 1 19 260
29 60 48 54 -5 11 0 0.55 M M 9.4 24 260 M M 7 1 39 260
30 59 43 51 -8 14 0 0.16 M M 6.3 16 260 M M 4 1 22 210
31 62 41 52 -7 13 0 0.00 M M 4.8 13 280 M M 0 17 200
================================================================================
SM 1912 1372 365 0 7.43 M 186.4 M 144
================================================================================
AV 61.7 44.3 6.0 FASTST M M 5 MAX(MPH)
MISC ----> 35 340 49 80
================================================================================
NOTES:
# LAST OF SEVERAL OCCURRENCES
COLUMN 17 PEAK WIND IN M.P.H.
PRELIMINARY LOCAL CLIMATOLOGICAL DATA (WS FORM: F-6) , PAGE 2
STATION: CAMARILLO AIRPORT CA
MONTH: MARCH
YEAR: 2023
LATITUDE: 34 12 N
LONGITUDE: 119 6 W
[TEMPERATURE DATA] [PRECIPITATION DATA] SYMBOLS USED IN COLUMN 16
AVERAGE MONTHLY: 53.0 TOTAL FOR MONTH: 7.43 1 = FOG OR MIST
DPTR FM NORMAL: -5.0 DPTR FM NORMAL: 5.43 2 = FOG REDUCING VISIBILITY
HIGHEST: 75 ON 18 GRTST 24HR 2.52 ON 14-15 TO 1/4 MILE OR LESS
LOWEST: 33 ON 2 3 = THUNDER
SNOW, ICE PELLETS, HAIL 4 = ICE PELLETS
TOTAL MONTH: M 5 = HAIL
GRTST 24HR M ON M 6 = FREEZING RAIN OR DRIZZLE
GRTST DEPTH: M ON M 7 = DUSTSTORM OR SANDSTORM:
VSBY 1/2 MILE OR LESS
8 = SMOKE OR HAZE
[NO. OF DAYS WITH] [WEATHER - DAYS WITH] 9 = BLOWING SNOW
X = TORNADO
MAX 32 OR BELOW: 0 0.01 INCH OR MORE: 16
MAX 90 OR ABOVE: 0 0.10 INCH OR MORE: 11
MIN 32 OR BELOW: 0 0.50 INCH OR MORE: 5
MIN 0 OR BELOW: 0 1.00 INCH OR MORE: 3
[HDD (BASE 65) ]
TOTAL THIS MO. 365 CLEAR (SCALE 0-3) 12
DPTR FM NORMAL 139 PTCLDY (SCALE 4-7) 8
TOTAL FM JUL 1 1670 CLOUDY (SCALE 8-10) 11
DPTR FM NORMAL 408
[CDD (BASE 65) ]
TOTAL THIS MO. 0
DPTR FM NORMAL -7 [PRESSURE DATA]
TOTAL FM JAN 1 0 HIGHEST SLP 30.31 ON 24
DPTR FM NORMAL -26 LOWEST SLP 29.62 ON 21
[REMARKS]
#FINAL-03-23#