000
CXUS53 KILX 011554
CLSCMI
CLIMATE REPORT
NATIONAL WEATHER SERVICE LINCOLN IL
1054 AM CDT THU SEP 01 2022
...................................
...THE CHAMPAIGN IL AIRPORT CLIMATE SUMMARY FOR THE SEASON, FROM
6/1/2022 TO 8/31/2022...
CLIMATE NORMAL PERIOD 1991 TO 2020
CLIMATE RECORD PERIOD 9999 TO 9999
WEATHER OBSERVED NORMAL DEPART LAST YEAR`S
VALUE DATE(S) VALUE FROM VALUE
NORMAL
..............................................................
TEMPERATURE (F)
RECORD
HIGH MM MM
LOW MM MM
HIGHEST 100 06/14 MM MM 97
06/16
LOWEST 50 06/09 MM MM 48
AVG. MAXIMUM 85.3 84.0 1.3 84.7
AVG. MINIMUM 63.3 62.7 0.6 64.6
MEAN 74.3 73.4 0.9 74.6
DAYS MAX >= 90 19 15.6 3.4 10
DAYS MAX <= 32 0 0.0 0.0 0
DAYS MIN <= 32 0 0.0 0.0 0
DAYS MIN <= 0 0 0.0 0.0 0
PRECIPITATION (INCHES)
RECORD
MAXIMUM MM MM
MINIMUM MM MM
TOTALS 8.30 11.34 -3.04 14.52
DAILY AVG. 0.09 0.16
DAYS >= .01 22 32.8 -10.8 34
DAYS >= .10 14 18.2 -4.2 20
DAYS >= .50 8 7.7 0.3 10
DAYS >= 1.00 2 3.5 -1.5 7
GREATEST
24 HR. TOTAL 1.57 1.87
DEGREE DAYS
HEATING TOTAL 0 20 -20 5
SINCE 7/1 0 2 -2 MM
COOLING TOTAL 877 790 87 913
SINCE 1/1 1054 903 151 MM
FREEZE DATES
RECORD
EARLIEST MM
LATEST MM
EARLIEST MM
LATEST 04/19
..............................................................
WIND (MPH)
AVERAGE WIND SPEED 7.5
HIGHEST WIND SPEED/DIRECTION 38/280 DATE 08/01
HIGHEST GUST SPEED/DIRECTION 55/290 DATE 08/01
SKY COVER
POSSIBLE SUNSHINE (PERCENT) MM
AVERAGE SKY COVER 0.27
NUMBER OF DAYS FAIR 62
NUMBER OF DAYS PC 24
NUMBER OF DAYS CLOUDY 6
AVERAGE RH (PERCENT) 71
WEATHER CONDITIONS. NUMBER OF DAYS WITH
THUNDERSTORM 20 MIXED PRECIP 0
HEAVY RAIN 11 RAIN 11
LIGHT RAIN 34 FREEZING RAIN 0
LT FREEZING RAIN 0 HAIL 0
HEAVY SNOW 0 SNOW 0
LIGHT SNOW 0 SLEET 0
FOG 45 FOG W/VIS <= 1/4 MILE 9
HAZE 12
- INDICATES NEGATIVE NUMBERS.
R INDICATES RECORD WAS SET OR TIED.
MM INDICATES DATA IS MISSING.
T INDICATES TRACE AMOUNT.
$$
ERWIN