000
CXUS53 KTOP 120108
CF6CNK
PRELIMINARY LOCAL CLIMATOLOGICAL DATA (WS FORM: F-6)
STATION: CONCORDIA KS
MONTH: NOVEMBER
YEAR: 2021
LATITUDE: 39 32 N
LONGITUDE: 97 39 W
TEMPERATURE IN F: :PCPN: SNOW: WIND :SUNSHINE: SKY :PK WND
================================================================================
1 2 3 4 5 6A 6B 7 8 9 10 11 12 13 14 15 16 17 18
12Z AVG MX 2MIN
DY MAX MIN AVG DEP HDD CDD WTR SNW DPTH SPD SPD DIR MIN PSBL S-S WX SPD DR
================================================================================
1 44 40 42 -6 23 0 T M M 5.3 14 20 M M 10 20 30
2 48 39 44 -4 21 0 0.00 M M 2.6 8 160 M M 10 11 140
3 47 41 44 -4 21 0 0.00 M M 9.4 17 210 M M 10 8 21 220
4 56 37 47 0 18 0 0.00 M M 12.3 21 170 M M 2 8 28 200
5 61 42 52 5 13 0 0.00 M M 14.7 24 180 M M 1 33 180
6 70 44 57 11 8 0 0.00 M M 11.9 24 180 M M 0 33 180
7 74 50 62 16 3 0 0.00 M M 12.3 23 200 M M 0 31 190
8 66 44 55 10 10 0 0.00 M M 7.2 15 30 M M 2 20 10
9 63 43 53 8 12 0 0.00 M M 7.4 14 20 M M 8 20 10
10 60 44 52 8 13 0 0.03 M M 8.9 21 330 M M 7 18 33 330
11 55 36 46 2 19 0 0.00 M M 15.0 28 280 M M 1 42 300
12 45 28 37 -7 28 0 0.00 M M 16.7 33 340 M M 4 47 340
13 56 22 39 -4 26 0 T M M 7.6 32 340 M M 2 45 340
14 60 39 50 7 15 0 0.06 M M 9.9 22 200 M M 4 1 31 200
15 75 46 61 19 4 0 0.00 M M 9.5 22 200 M M 0 29 200
16 69 41 55 13 10 0 0.00 M M 7.4 20 10 M M 0 30 10
17 52 30 41 0 24 0 0.00 M M 13.1 25 10 M M 2 35 350
18 50 23 37 -4 28 0 0.00 M M 7.7 15 170 M M 0 8 21 170
19 55 35 45 4 20 0 0.00 M M 18.7 35 200 M M 0 46 180
20 59 33 46 6 19 0 0.00 M M 3.9 15 320 M M 0 16 320
21 58 31 45 5 20 0 0.00 M M 9.1 23 340 M M 0 32 340
22 56 27 42 3 23 0 0.00 M M 6.0 18 190 M M 1 8 26 190
23 73 39 56 17 9 0 0.00 M M 20.9 33 190 M M 0 46 190
24 58 35 47 9 18 0 0.00 M M 14.2 30 350 M M 2 42 210
25 40 27 34 -4 31 0 0.00 M M 10.3 25 340 M M 2 8 33 340
26 70 32 51 13 14 0 0.00 M M 12.3 23 210 M M 0 31 190
27 67 39 53 16 12 0 0.00 M M 12.3 26 350 M M 0 36 360
28 54 30 42 5 23 0 0.00 M M 9.8 22 190 M M 0 29 200
29 76 41 59 23 6 0 0.00 M M 8.6 15 260 M M 0 22 250
30 58 41 50 14 15 0 0.00 M M 4.4 13 190 M M 1 8 16 190
================================================================================
SM 1775 1099 506 0 0.09 M 309.4 M 69
================================================================================
AV 59.2 36.6 10.3 FASTST M M 2 MAX(MPH)
MISC ----> 35 200 47 340
================================================================================
NOTES:
# LAST OF SEVERAL OCCURRENCES
COLUMN 17 PEAK WIND IN M.P.H.
PRELIMINARY LOCAL CLIMATOLOGICAL DATA (WS FORM: F-6) , PAGE 2
STATION: CONCORDIA KS
MONTH: NOVEMBER
YEAR: 2021
LATITUDE: 39 32 N
LONGITUDE: 97 39 W
[TEMPERATURE DATA] [PRECIPITATION DATA] SYMBOLS USED IN COLUMN 16
AVERAGE MONTHLY: 47.9 TOTAL FOR MONTH: 0.09 1 = FOG OR MIST
DPTR FM NORMAL: 5.8 DPTR FM NORMAL: -1.07 2 = FOG REDUCING VISIBILITY
HIGHEST: 76 ON 29 GRTST 24HR 0.06 ON 13-14 TO 1/4 MILE OR LESS
LOWEST: 22 ON 13 3 = THUNDER
SNOW, ICE PELLETS, HAIL 4 = ICE PELLETS
TOTAL MONTH: M 5 = HAIL
GRTST 24HR M ON M 6 = FREEZING RAIN OR DRIZZLE
GRTST DEPTH: M ON M 7 = DUSTSTORM OR SANDSTORM:
VSBY 1/2 MILE OR LESS
8 = SMOKE OR HAZE
[NO. OF DAYS WITH] [WEATHER - DAYS WITH] 9 = BLOWING SNOW
X = TORNADO
MAX 32 OR BELOW: 0 0.01 INCH OR MORE: 2
MAX 90 OR ABOVE: 0 0.10 INCH OR MORE: 0
MIN 32 OR BELOW: 9 0.50 INCH OR MORE: 0
MIN 0 OR BELOW: 0 1.00 INCH OR MORE: 0
[HDD (BASE 65) ]
TOTAL THIS MO. 506 CLEAR (SCALE 0-3) 23
DPTR FM NORMAL -180 PTCLDY (SCALE 4-7) 4
TOTAL FM JUL 1 708 CLOUDY (SCALE 8-10) 3
DPTR FM NORMAL -363
[CDD (BASE 65) ]
TOTAL THIS MO. 0
DPTR FM NORMAL -1 [PRESSURE DATA]
TOTAL FM JAN 1 1669 HIGHEST SLP 30.57 ON 18
DPTR FM NORMAL 296 LOWEST SLP 29.55 ON 16
[REMARKS]
#FINAL-11-21#