000
CXUS54 KMAF 011210
CF6CNM
PRELIMINARY LOCAL CLIMATOLOGICAL DATA (WS FORM: F-6)
STATION: CARLSBAD
MONTH: DECEMBER
YEAR: 2021
LATITUDE: 32 20 N
LONGITUDE: 104 15 W
TEMPERATURE IN F: :PCPN: SNOW: WIND :SUNSHINE: SKY :PK WND
================================================================================
1 2 3 4 5 6A 6B 7 8 9 10 11 12 13 14 15 16 17 18
12Z AVG MX 2MIN
DY MAX MIN AVG DEP HDD CDD WTR SNW DPTH SPD SPD DIR MIN PSBL S-S WX SPD DR
================================================================================
1 69 33 51 5 14 0 0.00 M M 5.8 13 10 M M 0 15 10
2 80 37 59 13 6 0 0.00 M M 7.0 22 270 M M 0 26 280
3 79 44 62 16 3 0 0.00 M M 10.5 24 270 M M 0 30 270
4 65 44 55 10 10 0 0.00 M M 7.8 12 160 M M 0 13 180
5 78 43 61 16 4 0 0.00 M M 10.8 24 260 M M 0 32 250
6 62 33 48 3 17 0 0.00 M M 11.4 29 10 M M 1 8 37 340
7 73 29 51 6 14 0 0.00 M M 8.2 29 270 M M 0 36 270
8 71 32 52 8 13 0 0.00 M M 6.1 18 240 M M 0 22 240
9 74 52 63 19 2 0 0.00 M M 11.4 29 250 M M 0 35 240
10 69 43 56 12 9 0 0.00 M M 19.5 43 260 M M 2 56 260
11 54 28 41 -3 24 0 0.00 M M 8.4 16 150 M M 0 20 150
12 68 19 44 0 21 0 0.00 M M 6.5 13 140 M M 0 16 130
13 73 26 50 6 15 0 0.00 M M 6.9 17 260 M M 0 21 260
14 78 36 57 14 8 0 0.00 M M 6.4 14 180 M M 0 18 180
15 78 39 59 16 6 0 0.00 M M 12.4 36 280 M M 0 47 280
16 65 42 54 11 11 0 0.00 M M 8.3 23 270 M M 0 26 280
17 70 36 53 10 12 0 0.00 M M 7.0 20 270 M M 0 24 260
18 52 30 41 -2 24 0 0.00 M M 10.0 20 330 M M 0 24 320
19 53 28 41 -2 24 0 0.00 M M 8.1 17 140 M M 4 22 140
20 66 20 43 0 22 0 0.00 M M 4.3 17 260 M M 0 22 260
21 69 25 47 5 18 0 0.00 M M 6.0 21 250 M M 0 27 250
22 76 38 57 15 8 0 0.00 M M 8.2 20 260 M M 0 23 260
23 77 38 58 16 7 0 0.00 M M 6.7 25 250 M M 0 29 250
24 80 51 66 24 0 1 0.00 M M 13.7 31 260 M M 0 41 260
25 74 51 63 21 2 0 0.00 M M 13.8 32 260 M M 0 44 260
26 80 47 64 22 1 0 0.00 M M 11.9 38 250 M M 0 47 260
27 73 50 62 20 3 0 0.00 M M 11.6 29 250 M M 2 8 36 240
28 66 49 58 16 7 0 0.00 M M 13.8 45 250 M M 0 8 58 260
29 63 44 54 12 11 0 0.00 M M 11.5 28 250 M M 0 35 270
30 67 41 54 12 11 0 0.00 M M 9.2 28 270 M M 2 32 250
31 58 45 52 10 13 0 0.02 M M 14.1 38 250 M M 7 47 260
================================================================================
SM 2160 1173 340 1 0.02 M 297.3 M 18
================================================================================
AV 69.7 37.8 9.6 FASTST M M 1 MAX(MPH)
MISC ----> 45 250 58 260
================================================================================
NOTES:
# LAST OF SEVERAL OCCURRENCES
COLUMN 17 PEAK WIND IN M.P.H.
PRELIMINARY LOCAL CLIMATOLOGICAL DATA (WS FORM: F-6) , PAGE 2
STATION: CARLSBAD
MONTH: DECEMBER
YEAR: 2021
LATITUDE: 32 20 N
LONGITUDE: 104 15 W
[TEMPERATURE DATA] [PRECIPITATION DATA] SYMBOLS USED IN COLUMN 16
AVERAGE MONTHLY: 53.8 TOTAL FOR MONTH: 0.02 1 = FOG OR MIST
DPTR FM NORMAL: 10.3 DPTR FM NORMAL: -0.50 2 = FOG REDUCING VISIBILITY
HIGHEST: 80 ON 26,24 GRTST 24HR 0.02 ON 31-31 TO 1/4 MILE OR LESS
LOWEST: 19 ON 12 3 = THUNDER
SNOW, ICE PELLETS, HAIL 4 = ICE PELLETS
TOTAL MONTH: M 5 = HAIL
GRTST 24HR M ON M 6 = FREEZING RAIN OR DRIZZLE
GRTST DEPTH: M ON M 7 = DUSTSTORM OR SANDSTORM:
VSBY 1/2 MILE OR LESS
8 = SMOKE OR HAZE
[NO. OF DAYS WITH] [WEATHER - DAYS WITH] 9 = BLOWING SNOW
X = TORNADO
MAX 32 OR BELOW: 0 0.01 INCH OR MORE: 1
MAX 90 OR ABOVE: 0 0.10 INCH OR MORE: 0
MIN 32 OR BELOW: 9 0.50 INCH OR MORE: 0
MIN 0 OR BELOW: 0 1.00 INCH OR MORE: 0
[HDD (BASE 65) ]
TOTAL THIS MO. 340 CLEAR (SCALE 0-3) 29
DPTR FM NORMAL -328 PTCLDY (SCALE 4-7) 2
TOTAL FM JUL 1 746 CLOUDY (SCALE 8-10) 0
DPTR FM NORMAL -463
[CDD (BASE 65) ]
TOTAL THIS MO. 1
DPTR FM NORMAL 1 [PRESSURE DATA]
TOTAL FM JAN 1 2114 HIGHEST SLP 30.38 ON 6
DPTR FM NORMAL -81 LOWEST SLP 29.52 ON 31
[REMARKS]
#FINAL-12-21#