000
CXUS53 KICT 020314
CF6CNU
PRELIMINARY LOCAL CLIMATOLOGICAL DATA (WS FORM: F-6)
STATION: CHANUTE KS
MONTH: JUNE
YEAR: 2023
LATITUDE: 37 40 N
LONGITUDE: 95 29 W
TEMPERATURE IN F: :PCPN: SNOW: WIND :SUNSHINE: SKY :PK WND
================================================================================
1 2 3 4 5 6A 6B 7 8 9 10 11 12 13 14 15 16 17 18
12Z AVG MX 2MIN
DY MAX MIN AVG DEP HDD CDD WTR SNW DPTH SPD SPD DIR MIN PSBL S-S WX SPD DR
================================================================================
1 89 66 78 6 0 13 0.00 M M 7.5 15 180 M M 0 22 170
2 89 65 77 4 0 12 0.24 M M 6.1 21 310 M M 2 13 30 300
3 87 65 76 3 0 11 0.37 M M 4.9 21 170 M M 3 13 29 200
4 91 63 77 4 0 12 0.00 M M 4.8 13 30 M M 0 1 18 110
5 92 64 78 4 0 13 0.00 M M 6.0 25 60 M M 0 40 80
6 91 61 76 2 0 11 0.56 M M 3.5 30 240 M M 2 138 44 230
7 91 62 77 3 0 12 0.00 M M 2.7 9 310 M M 0 1 12 270
8 93 68 81 7 0 16 0.00 M M 5.2 14 110 M M 1 3 19 100
9 89 66 78 3 0 13 0.00 M M 6.1 18 180 M M 3 1 27 170
10 80 66 73 -2 0 8 1.82 M M 5.2 16 10 M M 6 13 23 330
11 79 63 71 -4 0 6 0.29 M M 7.2 21 320 M M 5 13 29 310
12 78 59 69 -7 0 4 0.00 M M 3.8 12 40 M M 3 1 17 40
13 84 58 71 -5 0 6 0.00 M M 2.7 10 240 M M 1 17 240
14 81 63 72 -4 0 7 T M M 3.7 12 300 M M 2 15 20
15 86 58 72 -4 0 7 0.00 M M 2.7 12 190 M M 0 1 16 190
16 88 66 77 0 0 12 0.06 M M 4.7 12 310 M M 2 13 17 130
17 91 63 77 0 0 12 0.00 M M 4.3 15 310 M M 2 23 300
18 85 64 75 -2 0 10 0.15 M M 5.4 25 270 M M 3 13 38 270
19 91 58 75 -2 0 10 0.00 M M 3.6 13 140 M M 0 1 16 130
20 91 70 81 3 0 16 0.00 M M 7.8 16 110 M M 0 22 130
21 91 65 78 0 0 13 T M M 7.2 18 120 M M 0 8 26 90
22 90 71 81 3 0 16 0.00 M M 6.4 13 110 M M 2 18 130
23 92 70 81 3 0 16 0.00 M M 6.6 16 190 M M 3 21 190
24 96 69 83 5 0 18 T M M 11.3 23 170 M M 2 3 32 160
25 92 62 77 -1 0 12 0.00 M M 8.1 17 10 M M 0 24 20
26 92 61 77 -2 0 12 0.00 M M 4.8 15 330 M M 0 8 26 20
27 89 58 74 -5 0 9 0.01 M M 6.4 23 180 M M 0 18 30 180
28 99 71 85 6 0 20 T M M 13.3 22 160 M M 1 3 29 160
29 105 76 91 12 0 26 0.00 M M 9.0 18 270 M M 0 24 280
30 100 78 89 10 0 24 0.00 M M 8.9 18 180 M M 0 27 180
================================================================================
SM 2692 1949 0 377 3.50 M 179.9 M 43
================================================================================
AV 89.7 65.0 6.0 FASTST M M 1 MAX(MPH)
MISC ----> 30 240 44 230
================================================================================
NOTES:
# LAST OF SEVERAL OCCURRENCES
COLUMN 17 PEAK WIND IN M.P.H.
PRELIMINARY LOCAL CLIMATOLOGICAL DATA (WS FORM: F-6) , PAGE 2
STATION: CHANUTE KS
MONTH: JUNE
YEAR: 2023
LATITUDE: 37 40 N
LONGITUDE: 95 29 W
[TEMPERATURE DATA] [PRECIPITATION DATA] SYMBOLS USED IN COLUMN 16
AVERAGE MONTHLY: 77.4 TOTAL FOR MONTH: 3.50 1 = FOG OR MIST
DPTR FM NORMAL: 1.2 DPTR FM NORMAL: -2.12 2 = FOG REDUCING VISIBILITY
HIGHEST: 105 ON 29 GRTST 24HR 2.11 ON 10-11 TO 1/4 MILE OR LESS
LOWEST: 58 ON 27,19 3 = THUNDER
SNOW, ICE PELLETS, HAIL 4 = ICE PELLETS
TOTAL MONTH: M 5 = HAIL
GRTST 24HR M ON M 6 = FREEZING RAIN OR DRIZZLE
GRTST DEPTH: M ON M 7 = DUSTSTORM OR SANDSTORM:
VSBY 1/2 MILE OR LESS
8 = SMOKE OR HAZE
[NO. OF DAYS WITH] [WEATHER - DAYS WITH] 9 = BLOWING SNOW
X = TORNADO
MAX 32 OR BELOW: 0 0.01 INCH OR MORE: 8
MAX 90 OR ABOVE: 17 0.10 INCH OR MORE: 6
MIN 32 OR BELOW: 0 0.50 INCH OR MORE: 2
MIN 0 OR BELOW: 0 1.00 INCH OR MORE: 1
[HDD (BASE 65) ]
TOTAL THIS MO. 0 CLEAR (SCALE 0-3) 26
DPTR FM NORMAL -3 PTCLDY (SCALE 4-7) 4
TOTAL FM JUL 1 3941 CLOUDY (SCALE 8-10) 0
DPTR FM NORMAL -282
[CDD (BASE 65) ]
TOTAL THIS MO. 377
DPTR FM NORMAL 38 [PRESSURE DATA]
TOTAL FM JAN 1 587 HIGHEST SLP 30.06 ON 27
DPTR FM NORMAL 80 LOWEST SLP 29.55 ON 18
[REMARKS]
#FINAL-06-23#