000
CXUS53 KICT 021500
CF6CNU
PRELIMINARY LOCAL CLIMATOLOGICAL DATA (WS FORM: F-6)
STATION: CHANUTE KS
MONTH: FEBRUARY
YEAR: 2022
LATITUDE: 37 40 N
LONGITUDE: 95 29 W
TEMPERATURE IN F: :PCPN: SNOW: WIND :SUNSHINE: SKY :PK WND
================================================================================
1 2 3 4 5 6A 6B 7 8 9 10 11 12 13 14 15 16 17 18
12Z AVG MX 2MIN
DY MAX MIN AVG DEP HDD CDD WTR SNW DPTH SPD SPD DIR MIN PSBL S-S WX SPD DR
================================================================================
1 55 33 44 9 21 0 0.32 M M 12.3 26 40 M M 8 16 38 40
2 33 16 25 -10 40 0 0.16 M M 16.2 29 30 M M 10 16 40 40
3 20 12 16 -19 49 0 0.01 M M 14.8 22 20 M M 10 18 32 20
4 35 2 19 -16 46 0 0.00 M M 6.3 15 240 M M 1 20 240
5 41 13 27 -9 38 0 0.00 M M 11.9 20 170 M M 0 26 180
6 49 27 38 2 27 0 0.00 M M 7.1 16 180 M M 0 22 180
7 55 23 39 3 26 0 0.00 M M 8.7 20 210 M M 1 26 220
8 68 32 50 14 15 0 0.00 M M 9.6 26 260 M M 0 37 270
9 63 31 47 10 18 0 0.00 M M 6.3 23 300 M M 1 32 310
10 57 33 45 8 20 0 0.00 M M 6.7 16 250 M M 2 21 200
11 58 30 44 7 21 0 T M M 14.1 23 340 M M 2 37 350
12 36 17 27 -10 38 0 0.00 M M 10.4 22 350 M M 0 33 360
13 43 25 34 -4 31 0 0.00 M M 10.3 21 10 M M 1 30 10
14 60 25 43 5 22 0 0.00 M M 6.9 14 10 M M 0 19 10
15 67 35 51 13 14 0 0.00 M M 19.6 35 180 M M 0 47 170
16 71 43 57 19 8 0 0.12 M M 20.7 35 200 M M 6 13 52 200
17 43 3 23 -16 42 0 0.39 M M 15.4 30 350 M M 7 1268 44 350
18 40 4 22 -17 43 0 0.00 M M 9.8 21 210 M M 0 26 210
19 44 27 36 -4 29 0 0.00 M M 8.5 18 350 M M 0 28 350
20 68 40 54 14 11 0 0.00 M M 16.3 29 190 M M 0 39 190
21 74 45 60 20 5 0 0.00 M M 16.8 29 180 M M 1 40 180
22 45 15 30 -10 35 0 T M M 16.8 26 320 M M 8 1 38 320
23 19 8 14 -27 51 0 0.01 M M 12.7 18 360 M M 7 26 10
24 23 14 19 -22 46 0 T M M 7.8 15 320 M M 9 18 20 330
25 31 9 20 -22 45 0 0.00 M M 6.4 14 360 M M 0 19 360
26 44 16 30 -12 35 0 0.00 M M 2.9 9 360 M M 0 14 120
27 59 18 39 -3 26 0 0.00 M M 4.9 14 270 M M 0 22 260
28 72 30 51 8 14 0 0.00 M M 6.8 14 260 M M 0 21 220
================================================================================
SM 1373 626 816 0 1.01 M 307.0 M 74
================================================================================
AV 49.0 22.4 11.0 FASTST M M 3 MAX(MPH)
MISC ----> # 35 180 52 200
================================================================================
NOTES:
# LAST OF SEVERAL OCCURRENCES
COLUMN 17 PEAK WIND IN M.P.H.
PRELIMINARY LOCAL CLIMATOLOGICAL DATA (WS FORM: F-6) , PAGE 2
STATION: CHANUTE KS
MONTH: FEBRUARY
YEAR: 2022
LATITUDE: 37 40 N
LONGITUDE: 95 29 W
[TEMPERATURE DATA] [PRECIPITATION DATA] SYMBOLS USED IN COLUMN 16
AVERAGE MONTHLY: 35.7 TOTAL FOR MONTH: 1.01 1 = FOG OR MIST
DPTR FM NORMAL: -2.6 DPTR FM NORMAL: -0.55 2 = FOG REDUCING VISIBILITY
HIGHEST: 74 ON 21 GRTST 24HR 0.51 ON 16-17 TO 1/4 MILE OR LESS
LOWEST: 2 ON 4 3 = THUNDER
SNOW, ICE PELLETS, HAIL 4 = ICE PELLETS
TOTAL MONTH: M 5 = HAIL
GRTST 24HR M ON M 6 = FREEZING RAIN OR DRIZZLE
GRTST DEPTH: M ON M 7 = DUSTSTORM OR SANDSTORM:
VSBY 1/2 MILE OR LESS
8 = SMOKE OR HAZE
[NO. OF DAYS WITH] [WEATHER - DAYS WITH] 9 = BLOWING SNOW
X = TORNADO
MAX 32 OR BELOW: 4 0.01 INCH OR MORE: 6
MAX 90 OR ABOVE: 0 0.10 INCH OR MORE: 4
MIN 32 OR BELOW: 22 0.50 INCH OR MORE: 0
MIN 0 OR BELOW: 0 1.00 INCH OR MORE: 0
[HDD (BASE 65) ]
TOTAL THIS MO. 816 CLEAR (SCALE 0-3) 20
DPTR FM NORMAL 68 PTCLDY (SCALE 4-7) 5
TOTAL FM JUL 1 2862 CLOUDY (SCALE 8-10) 3
DPTR FM NORMAL -517
[CDD (BASE 65) ]
TOTAL THIS MO. 0
DPTR FM NORMAL 0 [PRESSURE DATA]
TOTAL FM JAN 1 0 HIGHEST SLP 30.69 ON 25
DPTR FM NORMAL 0 LOWEST SLP 29.56 ON 21
[REMARKS]
#FINAL-02-22#