000
CXUS54 KCRP 011310
CF6COT
PRELIMINARY LOCAL CLIMATOLOGICAL DATA (WS FORM: F-6)
STATION: COTULLA
MONTH: DECEMBER
YEAR: 2021
LATITUDE: 28 27 N
LONGITUDE: 99 13 W
TEMPERATURE IN F: :PCPN: SNOW: WIND :SUNSHINE: SKY :PK WND
================================================================================
1 2 3 4 5 6A 6B 7 8 9 10 11 12 13 14 15 16 17 18
12Z AVG MX 2MIN
DY MAX MIN AVG DEP HDD CDD WTR SNW DPTH SPD SPD DIR MIN PSBL S-S WX SPD DR
================================================================================
1 86 56 71 11 0 6 0.00 0.0 0 4.3 10 210 M M 0 1 14 170
2 85 57 71 12 0 6 0.00 0.0 0 4.8 13 150 M M 1 18 17 140
3 88 65 77 18 0 12 T 0.0 0 6.0 14 150 M M 2 29 150
4 88 65 77 18 0 12 0.00 0.0 0 5.9 13 150 M M 2 18 17 140
5 88 69 79 20 0 14 0.00 0.0 0 7.4 15 170 M M 6 18 21 190
6 78 60 69 11 0 4 0.00 0.0 0 9.2 23 10 M M 4 18 27 350
7 75 50 63 5 2 0 0.00 0.0 0 4.4 9 150 M M 2 13 160
8 83 47 65 7 0 0 0.00 0.0 0 4.1 10 130 M M 0 14 110
9 90 67 79 21 0 14 0.00 0.0 0 5.4 13 200 M M 5 18 18 180
10 92 67 80 22 0 15 0.00 0.0 0 6.0 14 170 M M 4 18 20 180
11 77 50 64 7 1 0 0.00 0.0 0 11.5 26 10 M M 3 34 10
12 68 41 55 -2 10 0 0.00 0.0 0 6.5 16 80 M M 1 21 80
13 71 50 61 4 4 0 0.00 0.0 0 4.6 12 110 M M 8 15 110
14 83 64 74 17 0 9 0.00 0.0 0 7.6 14 160 M M 7 18 18 160
15 88 69 79 22 0 14 0.00 0.0 0 10.1 20 160 M M 6 27 160
16 87 67 77 20 0 12 0.00 0.0 0 7.4 16 150 M M 4 20 150
17 83 70 77 21 0 12 0.00 0.0 0 9.4 20 140 M M 6 24 140
18 84 54 69 13 0 4 T 0.0 0 7.7 31 30 M M 7 41 40
19 56 44 50 -6 15 0 0.13 0.0 0 8.1 18 360 M M 10 25 30
20 67 43 55 -1 10 0 0.00 0.0 0 3.6 12 100 M M 3 14 110
21 75 42 59 3 6 0 0.00 0.0 0 3.4 8 150 M M 0 18 11 210
22 84 48 66 10 0 1 0.00 0.0 0 2.4 9 130 M M 0 12 130
23 85 52 69 13 0 4 0.00 0.0 0 7.4 15 150 M M 3 128 19 180
24 85 59 72 16 0 7 0.00 0.0 0 6.9 14 150 M M 2 1 20 130
25 87 59 73 18 0 8 0.00 0.0 0 4.5 9 100 M M 3 1 13 180
26 90 62 76 21 0 11 0.00 0.0 0 7.9 14 150 M M 3 128 22 150
27 86 61 74 19 0 9 0.00 0.0 0 6.3 13 150 M M 2 128 18 170
28 79 61 70 15 0 5 0.00 0.0 0 5.3 10 80 M M 3 128 14 330
29 84 59 72 17 0 7 0.00 0.0 0 3.4 13 140 M M 4 128 14 360
30 91 60 76 21 0 11 0.00 0.0 0 4.0 12 130 M M 0 18 15 120
31 92 66 79 24 0 14 0.00 0.0 M 9.3 15 150 M M 3 128 21 150
================================================================================
SM 2555 1784 48 211 0.13 0.0 194.8 M 104
================================================================================
AV 82.4 57.5 6.3 FASTST M M 3 MAX(MPH)
MISC ----> 31 30 41 40
================================================================================
NOTES:
# LAST OF SEVERAL OCCURRENCES
COLUMN 17 PEAK WIND IN M.P.H.
PRELIMINARY LOCAL CLIMATOLOGICAL DATA (WS FORM: F-6) , PAGE 2
STATION: COTULLA
MONTH: DECEMBER
YEAR: 2021
LATITUDE: 28 27 N
LONGITUDE: 99 13 W
[TEMPERATURE DATA] [PRECIPITATION DATA] SYMBOLS USED IN COLUMN 16
AVERAGE MONTHLY: 70.0 TOTAL FOR MONTH: 0.13 1 = FOG OR MIST
DPTR FM NORMAL: 13.2 DPTR FM NORMAL: -0.88 2 = FOG REDUCING VISIBILITY
HIGHEST: 92 ON 31,10 GRTST 24HR 0.13 ON 19-19 TO 1/4 MILE OR LESS
LOWEST: 41 ON 12 3 = THUNDER
SNOW, ICE PELLETS, HAIL 4 = ICE PELLETS
TOTAL MONTH: 0.0 INCH 5 = HAIL
GRTST 24HR 0.0 6 = FREEZING RAIN OR DRIZZLE
GRTST DEPTH: 0 7 = DUSTSTORM OR SANDSTORM:
VSBY 1/2 MILE OR LESS
8 = SMOKE OR HAZE
[NO. OF DAYS WITH] [WEATHER - DAYS WITH] 9 = BLOWING SNOW
X = TORNADO
MAX 32 OR BELOW: 0 0.01 INCH OR MORE: 1
MAX 90 OR ABOVE: 5 0.10 INCH OR MORE: 1
MIN 32 OR BELOW: 0 0.50 INCH OR MORE: 0
MIN 0 OR BELOW: 0 1.00 INCH OR MORE: 0
[HDD (BASE 65) ]
TOTAL THIS MO. 48 CLEAR (SCALE 0-3) 15
DPTR FM NORMAL -234 PTCLDY (SCALE 4-7) 14
TOTAL FM JUL 1 103 CLOUDY (SCALE 8-10) 2
DPTR FM NORMAL -321
[CDD (BASE 65) ]
TOTAL THIS MO. 211
DPTR FM NORMAL 183 [PRESSURE DATA]
TOTAL FM JAN 1 4479 HIGHEST SLP 30.37 ON 19
DPTR FM NORMAL 529 LOWEST SLP 29.58 ON 31
[REMARKS]
#FINAL-12-21#