000
CXUS56 KLOX 011730
CLMCQT
CLIMATE REPORT
NATIONAL WEATHER SERVICE LOS ANGELES/OXNARD
930 AM PST THU FEB 01 2024
...................................
...THE DOWNTOWN LOS ANGELES (USC) CA CLIMATE SUMMARY FOR THE MONTH OF JANUARY 2024...
CLIMATE NORMAL PERIOD: 1991 TO 2020
CLIMATE RECORD PERIOD: 1877 TO 2024
WEATHER OBSERVED NORMAL DEPART LAST YEAR`S
VALUE DATE(S) VALUE FROM VALUE
NORMAL
..............................................................
TEMPERATURE (F)
HIGHEST 80 01/28
01/29
LOWEST 42 01/12
AVG. MAXIMUM 67.0 68.0 -1.0
AVG. MINIMUM 50.0 48.9 1.1
MEAN 58.5 58.4 0.1
DAYS MAX >= 90 0
DAYS MAX <= 32 0
DAYS MIN <= 32 0
DAYS MIN <= 0 0
PRECIPITATION (INCHES)
TOTALS 2.05 3.29 -1.24
DAILY AVG. 0.07
DAYS >= .01 4
DAYS >= .10 3
DAYS >= .50 1
DAYS >= 1.00 1
GREATEST
24 HR. TOTAL 1.37 01/22 TO 01/22
DEGREE DAYS
HEATING TOTAL 196 211 -15 280
SINCE 7/1 330 560 -230 MM
COOLING TOTAL 4 8 -4 0
SINCE 1/1 4 8 -4 MM
..............................................................
WIND (MPH)
AVERAGE WIND SPEED 1.4
HIGHEST WIND SPEED/DIRECTION 16/110 DATE 01/22
HIGHEST GUST SPEED/DIRECTION 24/330 DATE 01/07
24/100 01/22
SKY COVER
POSSIBLE SUNSHINE (PERCENT) MM
AVERAGE SKY COVER 0.23
NUMBER OF DAYS FAIR 22
NUMBER OF DAYS PC 4
NUMBER OF DAYS CLOUDY 5
AVERAGE RH (PERCENT) 62
WEATHER CONDITIONS. NUMBER OF DAYS WITH
THUNDERSTORM 0 MIXED PRECIP 0
HEAVY RAIN 3 RAIN 3
LIGHT RAIN 5 FREEZING RAIN 0
LT FREEZING RAIN 0 HAIL 0
HEAVY SNOW 0 SNOW 0
LIGHT SNOW 0 SLEET 0
FOG 13 FOG W/VIS <= 1/4 MILE 1
HAZE 15
- INDICATES NEGATIVE NUMBERS.
R INDICATES RECORD WAS SET OR TIED.
MM INDICATES DATA IS MISSING.
T INDICATES TRACE AMOUNT.
$$