000
CXUS56 KLOX 011730
CLMCQT
CLIMATE REPORT
NATIONAL WEATHER SERVICE LOS ANGELES/OXNARD
930 AM PST MON JAN 01 2024
...................................
...THE DOWNTOWN LOS ANGELES (USC) CA CLIMATE SUMMARY FOR THE MONTH OF DECEMBER 2023...
CLIMATE NORMAL PERIOD: 1991 TO 2020
CLIMATE RECORD PERIOD: 1877 TO 2023
WEATHER OBSERVED NORMAL DEPART LAST YEAR`S
VALUE DATE(S) VALUE FROM VALUE
NORMAL
..............................................................
TEMPERATURE (F)
HIGHEST 83 12/05
LOWEST 48 12/09
AVG. MAXIMUM 70.5 67.4 3.1
AVG. MINIMUM 53.2 48.2 5.0
MEAN 61.8 57.8 4.0
DAYS MAX >= 90 0
DAYS MAX <= 32 0
DAYS MIN <= 32 0
DAYS MIN <= 0 0
PRECIPITATION (INCHES)
TOTALS 2.82 2.48 0.34
DAILY AVG. 0.09
DAYS >= .01 6
DAYS >= .10 5
DAYS >= .50 3
DAYS >= 1.00 0
GREATEST
24 HR. TOTAL 0.89 12/21 TO 12/21
DEGREE DAYS
HEATING TOTAL 104 227 -123 231
SINCE 7/1 134 347 -213 MM
COOLING TOTAL 14 4 10 9
SINCE 1/1 1216 1298 -82 MM
..............................................................
WIND (MPH)
AVERAGE WIND SPEED 1.1
HIGHEST WIND SPEED/DIRECTION 14/070 DATE 12/22
HIGHEST GUST SPEED/DIRECTION 24/100 DATE 12/22
SKY COVER
POSSIBLE SUNSHINE (PERCENT) MM
AVERAGE SKY COVER 0.24
NUMBER OF DAYS FAIR 22
NUMBER OF DAYS PC 6
NUMBER OF DAYS CLOUDY 3
AVERAGE RH (PERCENT) 61
WEATHER CONDITIONS. NUMBER OF DAYS WITH
THUNDERSTORM 0 MIXED PRECIP 0
HEAVY RAIN 3 RAIN 5
LIGHT RAIN 6 FREEZING RAIN 0
LT FREEZING RAIN 0 HAIL 0
HEAVY SNOW 0 SNOW 0
LIGHT SNOW 0 SLEET 0
FOG 17 FOG W/VIS <= 1/4 MILE 0
HAZE 12
- INDICATES NEGATIVE NUMBERS.
R INDICATES RECORD WAS SET OR TIED.
MM INDICATES DATA IS MISSING.
T INDICATES TRACE AMOUNT.
$$