000
CXUS52 KJAX 010800
CF6CRG
PRELIMINARY LOCAL CLIMATOLOGICAL DATA (WS FORM: F-6)
STATION: CRAIG EXEC ARPT
MONTH: MARCH
YEAR: 2023
LATITUDE: 30 19 N
LONGITUDE: 81 31 W
TEMPERATURE IN F: :PCPN: SNOW: WIND :SUNSHINE: SKY :PK WND
================================================================================
1 2 3 4 5 6A 6B 7 8 9 10 11 12 13 14 15 16 17 18
12Z AVG MX 2MIN
DY MAX MIN AVG DEP HDD CDD WTR SNW DPTH SPD SPD DIR MIN PSBL S-S WX SPD DR
================================================================================
1 84 67 76 16 0 11 0.00 0.0 0 7.9 16 220 M M 3 23 240
2 84 58 71 11 0 6 0.00 0.0 0 6.9 20 220 M M 1 1 25 220
3 89 57 73 12 0 8 0.00 0.0 0 11.3 31 230 M M 1 46 240
4 80 63 72 11 0 7 0.22 0.0 0 6.3 20 330 M M 7 1 27 330
5 79 60 70 9 0 5 0.00 0.0 0 6.5 17 40 M M 2 12 23 60
6 84 60 72 11 0 7 0.00 0.0 0 4.6 13 100 M M 3 1 19 150
7 89 62 76 15 0 11 0.00 0.0 0 6.9 20 330 M M 2 12 26 320
8 69 51 60 -1 5 0 0.00 0.0 0 11.7 24 50 M M 0 35 40
9 73 47 60 -2 5 0 0.00 0.0 0 4.0 15 60 M M 4 21 50
10 84 62 73 11 0 8 0.64 0.0 0 9.0 20 340 M M 6 13 30 230
11 76 52 64 2 1 0 0.00 0.0 0 6.6 16 330 M M 0 24 340
12 84 49 67 5 0 2 0.96 0.0 0 7.1 21 230 M M 4 13 30 210
13 71 58 65 3 0 0 0.59 0.0 0 6.8 15 340 M M 7 13 20 340
14 66 48 57 -5 8 0 0.00 0.0 0 10.6 16 330 M M 0 22 330
15 60 40 50 -12 15 0 0.00 0.0 0 7.3 16 60 M M 0 27 30
16 70 37 54 -9 11 0 0.00 0.0 0 4.7 16 150 M M 0 23 140
17 82 50 66 3 0 1 0.00 0.0 0 9.3 21 200 M M 0 33 210
18 72 48 60 -3 5 0 0.28 0.0 0 10.6 25 320 M M 8 1 31 310
19 62 48 55 -8 10 0 0.01 0.0 0 9.6 16 330 M M 3 23 360
20 62 42 52 -11 13 0 0.00 0.0 0 8.6 17 340 M M 0 23 330
21 69 46 58 -5 7 0 0.05 0.0 0 10.7 21 40 M M 5 1 32 40
22 77 58 68 4 0 3 0.01 0.0 0 6.8 15 140 M M 5 12 21 150
23 84 56 70 6 0 5 0.00 0.0 0 6.9 16 160 M M 0 21 150
24 86 60 73 9 0 8 0.00 0.0 0 7.0 15 150 M M 0 22 210
25 89 65 77 13 0 12 0.00 0.0 0 9.4 20 220 M M 4 28 250
26 90 67 79 15 0 14 0.00 0.0 0 7.0 18 240 M M 5 26 250
27 90 67 79 14 0 14 0.00 0.0 0 7.8 17 220 M M 3 24 210
28 85 63 74 9 0 9 0.68 0.0 0 6.1 21 320 M M 6 13 28 360
29 68 57 63 -2 2 0 0.00 0.0 0 9.9 18 40 M M 4 28 50
30 72 49 61 -4 4 0 0.00 0.0 0 6.2 17 60 M M 0 26 30
31 83 56 70 5 0 5 0.00 0.0 0 9.7 23 140 M M 2 1 33 150
================================================================================
SM 2413 1703 86 136 3.44 0.0 243.8 M 85
================================================================================
AV 77.8 54.9 7.9 FASTST M M 3 MAX(MPH)
MISC ----> 31 230 46 240
================================================================================
NOTES:
# LAST OF SEVERAL OCCURRENCES
COLUMN 17 PEAK WIND IN M.P.H.
PRELIMINARY LOCAL CLIMATOLOGICAL DATA (WS FORM: F-6) , PAGE 2
STATION: CRAIG EXEC ARPT
MONTH: MARCH
YEAR: 2023
LATITUDE: 30 19 N
LONGITUDE: 81 31 W
[TEMPERATURE DATA] [PRECIPITATION DATA] SYMBOLS USED IN COLUMN 16
AVERAGE MONTHLY: 66.4 TOTAL FOR MONTH: 3.44 1 = FOG OR MIST
DPTR FM NORMAL: 3.8 DPTR FM NORMAL: 0.41 2 = FOG REDUCING VISIBILITY
HIGHEST: 90 ON 27,26 GRTST 24HR 1.55 ON 12-13 TO 1/4 MILE OR LESS
LOWEST: 37 ON 16 3 = THUNDER
SNOW, ICE PELLETS, HAIL 4 = ICE PELLETS
TOTAL MONTH: 0.0 INCH 5 = HAIL
GRTST 24HR 0.0 6 = FREEZING RAIN OR DRIZZLE
GRTST DEPTH: 0 7 = DUSTSTORM OR SANDSTORM:
VSBY 1/2 MILE OR LESS
8 = SMOKE OR HAZE
[NO. OF DAYS WITH] [WEATHER - DAYS WITH] 9 = BLOWING SNOW
X = TORNADO
MAX 32 OR BELOW: 0 0.01 INCH OR MORE: 9
MAX 90 OR ABOVE: 2 0.10 INCH OR MORE: 6
MIN 32 OR BELOW: 0 0.50 INCH OR MORE: 4
MIN 0 OR BELOW: 0 1.00 INCH OR MORE: 0
[HDD (BASE 65) ]
TOTAL THIS MO. 86 CLEAR (SCALE 0-3) 18
DPTR FM NORMAL -46 PTCLDY (SCALE 4-7) 13
TOTAL FM JUL 1 672 CLOUDY (SCALE 8-10) 0
DPTR FM NORMAL -402
[CDD (BASE 65) ]
TOTAL THIS MO. 136
DPTR FM NORMAL 77 [PRESSURE DATA]
TOTAL FM JAN 1 306 HIGHEST SLP 30.34 ON 21
DPTR FM NORMAL 207 LOWEST SLP 29.73 ON 3
[REMARKS]
#FINAL-03-23#