000
CXUS52 KTAE 010800
CF6CTY
PRELIMINARY LOCAL CLIMATOLOGICAL DATA (WS FORM: F-6)
STATION: CROSS CITY
MONTH: SEPTEMBER
YEAR: 2021
LATITUDE: 29 37 N
LONGITUDE: 83 6 W
TEMPERATURE IN F: :PCPN: SNOW: WIND :SUNSHINE: SKY :PK WND
================================================================================
1 2 3 4 5 6A 6B 7 8 9 10 11 12 13 14 15 16 17 18
12Z AVG MX 2MIN
DY MAX MIN AVG DEP HDD CDD WTR SNW DPTH SPD SPD DIR MIN PSBL S-S WX SPD DR
================================================================================
1 79 73 76 -5 0 11 2.18 0.0 M 4.8 17 240 M M 5 13 24 240
2 89 73 81 0 0 16 0.02 0.0 M 5.2 15 280 M M 3 20 230
3 90 73 82 1 0 17 0.00 0.0 M 4.7 8 40 M M 4 M M
4 89 71 80 0 0 15 0.00 0.0 0 4.4 9 30 M M 1 M M
5 91 69 80 0 0 15 0.00 0.0 M 2.3 10 260 M M 1 M M
6 87 73 80 0 0 15 0.58 0.0 0 3.2 10 360 M M 3 1 29 210
7 89 74 82 2 0 17 0.00 M M 3.8 10 200 M M 2 3 M M
8 87 74 81 1 0 16 0.64 M M 3.9 10 210 M M 3 1 20 260
9 87 74 81 1 0 16 0.63 0.0 0 7.0 12 240 M M 4 1 29 210
10 80 73 77 -3 0 12 0.01 0.0 M 3.0 7 230 M M 3 13 M M
11 M M M M M M 0.00 0.0 0 M M M M M M M M
12 M M M M M M 0.00 0.0 0 M M M M M M M M
13 M M M M M M 0.00 0.0 0 M M M M M M M M
14 M M M M M M 0.00 0.0 0 M M M M M M M M
15 M M M M M M 0.00 0.0 0 M M M M M M M M
16 M M M M M M 0.00 0.0 0 M M M M M M M M
17 M M M M M M M 0.0 0 M M M M M M M M
18 M M M M M M M 0.0 0 M M M M M M M M
19 M M M M M M 0.01 0.0 M M M M M M M M M
20 83 73 78 0 0 13 0.00 0.0 M M 11 M M M M 12 M
21 M M M M M M 0.00 0.0 0 M M M M M M M M
22 M M M M M M 0.00 0.0 0 M M M M M M M M
23 M M M M M M 0.00 0.0 0 M M M M M M M M
24 M M M M M M 0.00 0.0 0 M M M M M M M M
25 86 74 80 3 0 15 0.00 0.0 M 3.1 7 60 M M 7 11 M
26 87 68 78 1 0 13 0.00 0.0 M 3.1 7 60 M M 4 M M
27 88 65 77 0 0 12 0.00 0.0 M 2.2 6 120 M M 3 8 M M
28 87 66 77 0 0 12 0.00 0.0 0 1.4 9 260 M M 2 M M
29 89 67 78 2 0 13 0.00 0.0 0 1.8 6 120 M M 2 M M
30 89 66 78 2 0 13 0.00 M 0 2.6 8 90 M M 1 8 M M
================================================================================
SM 1477 1206 0 241 4.07 0.0 56.5 M 48
================================================================================
AV 86.9 70.9 3.5 FASTST M M 3 MAX(MPH)
MISC ----> 17 240 # 29 210
================================================================================
NOTES:
# LAST OF SEVERAL OCCURRENCES
COLUMN 17 PEAK WIND IN M.P.H.
PRELIMINARY LOCAL CLIMATOLOGICAL DATA (WS FORM: F-6) , PAGE 2
STATION: CROSS CITY
MONTH: SEPTEMBER
YEAR: 2021
LATITUDE: 29 37 N
LONGITUDE: 83 6 W
[TEMPERATURE DATA] [PRECIPITATION DATA] SYMBOLS USED IN COLUMN 16
AVERAGE MONTHLY: 78.9 TOTAL FOR MONTH: 4.07 1 = FOG OR MIST
DPTR FM NORMAL: 0.0 DPTR FM NORMAL: -1.75 2 = FOG REDUCING VISIBILITY
HIGHEST: 91 ON 5 GRTST 24HR 2.18 ON 1- 1 TO 1/4 MILE OR LESS
LOWEST: 65 ON 27 3 = THUNDER
SNOW, ICE PELLETS, HAIL 4 = ICE PELLETS
TOTAL MONTH: 0.0 INCH 5 = HAIL
GRTST 24HR 0.0 6 = FREEZING RAIN OR DRIZZLE
GRTST DEPTH: 0 7 = DUSTSTORM OR SANDSTORM:
VSBY 1/2 MILE OR LESS
8 = SMOKE OR HAZE
[NO. OF DAYS WITH] [WEATHER - DAYS WITH] 9 = BLOWING SNOW
X = TORNADO
MAX 32 OR BELOW: 0 0.01 INCH OR MORE: 7
MAX 90 OR ABOVE: 2 0.10 INCH OR MORE: 4
MIN 32 OR BELOW: 0 0.50 INCH OR MORE: 4
MIN 0 OR BELOW: 0 1.00 INCH OR MORE: 1
[HDD (BASE 65) ]
TOTAL THIS MO. 0 CLEAR (SCALE 0-3) 10
DPTR FM NORMAL 0 PTCLDY (SCALE 4-7) 6
TOTAL FM JUL 1 0 CLOUDY (SCALE 8-10) 14
DPTR FM NORMAL 0
[CDD (BASE 65) ]
TOTAL THIS MO. 241
DPTR FM NORMAL -176 [PRESSURE DATA]
TOTAL FM JAN 1 2341 HIGHEST SLP M ON M
DPTR FM NORMAL -54 LOWEST SLP M ON M
[REMARKS]
#FINAL-09-21#