000
CXUS52 KCAE 011400
CF6CUB
PRELIMINARY LOCAL CLIMATOLOGICAL DATA (WS FORM: F-6)
STATION: HAMILTON - OWENS AIRPORT SC
MONTH: MAY
YEAR: 2021
LATITUDE: 33 58 N
LONGITUDE: 80 59 W
TEMPERATURE IN F: :PCPN: SNOW: WIND :SUNSHINE: SKY :PK WND
================================================================================
1 2 3 4 5 6A 6B 7 8 9 10 11 12 13 14 15 16 17 18
12Z AVG MX 2MIN
DY MAX MIN AVG DEP HDD CDD WTR SNW DPTH SPD SPD DIR MIN PSBL S-S WX SPD DR
================================================================================
1 80 51 66 -3 0 1 0.00 M M 1.5 9 190 M M 0 15 60
2 85 54 70 0 0 5 0.00 M M 5.8 15 180 M M 1 20 180
3 82 65 74 4 0 9 1.19 M M 5.0 20 280 M M 7 138 30 280
4 89 64 77 7 0 12 0.09 M M 4.9 25 250 M M 3 13 33 260
5 82 65 74 4 0 9 0.00 M M 9.4 21 250 M M 2 30 280
6 77 58 68 -3 0 3 0.00 M M 3.3 12 20 M M 1 19 340
7 74 51 63 -8 2 0 0.00 M M 5.4 18 270 M M 1 26 300
8 80 45 63 -8 2 0 0.00 M M 6.1 24 270 M M 0 30 260
9 86 53 70 -1 0 5 0.00 M M 7.1 18 190 M M 0 26 210
10 81 65 73 1 0 8 0.00 M M 5.9 17 260 M M 1 22 260
11 81 61 71 -1 0 6 0.00 M M 2.5 8 30 M M 5 13 40
12 70 50 60 -12 5 0 0.75 M M 4.1 14 40 M M 10 1 25 20
13 73 46 60 -12 5 0 0.00 M M 2.9 10 30 M M 1 17 30
14 77 48 63 -10 2 0 0.00 M M 1.9 9 70 M M 0 8 16 50
15 79 48 64 -9 1 0 0.00 M M 1.3 10 60 M M 1 13 80
16 82 53 68 -5 0 3 0.00 M M 1.8 9 280 M M 1 13 250
17 84 57 71 -2 0 6 0.00 M M 2.0 10 210 M M 4 14 170
18 82 63 73 -1 0 8 0.00 M M 2.5 10 150 M M 1 16 70
19 85 61 73 -1 0 8 0.00 M M 2.8 10 120 M M 1 17 160
20 85 61 73 -1 0 8 0.00 M M 2.8 14 160 M M 0 17 120
21 88 59 74 0 0 9 0.00 M M 2.5 12 40 M M 0 20 30
22 87 57 72 -3 0 7 0.00 M M 0.9 8 290 M M 0 8 13 290
23 94 62 78 3 0 13 0.00 M M 2.3 12 270 M M 0 8 16 280
24 96 66 81 6 0 16 0.00 M M 1.2 9 270 M M 1 14 280
25 94 68 81 6 0 16 0.00 M M 1.5 9 230 M M 0 3 12 50
26 96 70 83 7 0 18 0.00 M M 3.3 16 260 M M 1 8 21 280
27 95 67 81 5 0 16 0.00 M M 4.0 17 240 M M 1 8 23 260
28 95 67 81 5 0 16 0.00 M M 6.3 20 210 M M 1 8 27 220
29 87 68 78 2 0 13 0.19 M M 6.5 16 230 M M 4 13 23 230
30 76 59 68 -9 0 3 0.00 M M 3.7 10 50 M M 7 18 20 10
31 79 55 67 -10 0 2 0.00 M M 1.9 8 300 M M 3 13 60
================================================================================
SM 2601 1817 17 220 2.22 M 113.1 M 58
================================================================================
AV 83.9 58.6 3.6 FASTST M M 2 MAX(MPH)
MISC ----> 25 250 33 260
================================================================================
NOTES:
# LAST OF SEVERAL OCCURRENCES
COLUMN 17 PEAK WIND IN M.P.H.
PRELIMINARY LOCAL CLIMATOLOGICAL DATA (WS FORM: F-6) , PAGE 2
STATION: HAMILTON - OWENS AIRPORT SC
MONTH: MAY
YEAR: 2021
LATITUDE: 33 58 N
LONGITUDE: 80 59 W
[TEMPERATURE DATA] [PRECIPITATION DATA] SYMBOLS USED IN COLUMN 16
AVERAGE MONTHLY: 71.3 TOTAL FOR MONTH: 2.22 1 = FOG OR MIST
DPTR FM NORMAL: -1.8 DPTR FM NORMAL: -0.73 2 = FOG REDUCING VISIBILITY
HIGHEST: 96 ON 26,24 GRTST 24HR 1.19 ON 3- 3 TO 1/4 MILE OR LESS
LOWEST: 45 ON 8 3 = THUNDER
SNOW, ICE PELLETS, HAIL 4 = ICE PELLETS
TOTAL MONTH: M 5 = HAIL
GRTST 24HR M ON M 6 = FREEZING RAIN OR DRIZZLE
GRTST DEPTH: M ON M 7 = DUSTSTORM OR SANDSTORM:
VSBY 1/2 MILE OR LESS
8 = SMOKE OR HAZE
[NO. OF DAYS WITH] [WEATHER - DAYS WITH] 9 = BLOWING SNOW
X = TORNADO
MAX 32 OR BELOW: 0 0.01 INCH OR MORE: 4
MAX 90 OR ABOVE: 6 0.10 INCH OR MORE: 3
MIN 32 OR BELOW: 0 0.50 INCH OR MORE: 2
MIN 0 OR BELOW: 0 1.00 INCH OR MORE: 1
[HDD (BASE 65) ]
TOTAL THIS MO. 17 CLEAR (SCALE 0-3) 25
DPTR FM NORMAL 6 PTCLDY (SCALE 4-7) 5
TOTAL FM JUL 1 2032 CLOUDY (SCALE 8-10) 1
DPTR FM NORMAL -173
[CDD (BASE 65) ]
TOTAL THIS MO. 220
DPTR FM NORMAL -42 [PRESSURE DATA]
TOTAL FM JAN 1 339 HIGHEST SLP 30.45 ON 21
DPTR FM NORMAL -52 LOWEST SLP 29.73 ON 29
[REMARKS]
#FINAL-05-21#