000
CXUS53 KUNR 011448
CLMCUT
CLIMATE REPORT
NATIONAL WEATHER SERVICE RAPID CITY SD
848 AM MDT MON APR 01 2024
...................................
...THE CUSTER COUNTY AIRPORT SD CLIMATE SUMMARY FOR THE MONTH OF MARCH 2024...
CLIMATE NORMAL PERIOD 1991 TO 2020
CLIMATE RECORD PERIOD 9999 TO 9999
WEATHER OBSERVED NORMAL DEPART LAST YEAR`S
VALUE DATE(S) VALUE FROM VALUE DATE(S)
NORMAL
................................................................
TEMPERATURE (F)
HIGHEST 61 03/18 55 03/30
03/19
LOWEST 3 03/26 3 03/13
AVG. MAXIMUM 43.8 43.5 0.3 34.5
AVG. MINIMUM 22.5 22.2 0.3 14.5
MEAN 33.1 32.9 0.2 24.5
DAYS MAX >= 90 0 0
DAYS MAX <= 32 6 14
DAYS MIN <= 32 28 31
DAYS MIN <= 0 0 0
PRECIPITATION (INCHES)
TOTALS 1.28 0.91 0.37 2.40
DAILY AVG. 0.04 0.03 0.01 0.08
DAYS >= .01 8 17
DAYS >= .10 3 8
DAYS >= .50 1 1
DAYS >= 1.00 0 0
GREATEST
24 HR. TOTAL 0.64 03/31 TO 03/31 0.77
DEGREE DAYS
HEATING TOTAL 981 997 -16 1249
SINCE 7/1 6099 6661 -562 MM
COOLING TOTAL 0 0 0 0
SINCE 1/1 0 0 0 MM
................................................................
WIND (MPH)
AVERAGE WIND SPEED 7.1
HIGHEST WIND SPEED/DIRECTION 33/270 DATE 03/03
HIGHEST GUST SPEED/DIRECTION 54/260 DATE 03/03
AVERAGE RH (PERCENT) 57
WEATHER CONDITIONS. NUMBER OF DAYS WITH
THUNDERSTORM 0 MIXED PRECIP 0
HEAVY RAIN 0 RAIN 0
LIGHT RAIN 0 FREEZING RAIN 0
LT FREEZING RAIN 1 HAIL 0
HEAVY SNOW 3 SNOW 5
LIGHT SNOW 11 SLEET 0
FOG 12 FOG W/VIS <= 1/4 MILE 6
HAZE 4
- INDICATES NEGATIVE NUMBERS.
R INDICATES RECORD WAS SET OR TIED.
MM INDICATES DATA IS MISSING.
T INDICATES TRACE AMOUNT.
$$