000
CXUS55 KCYS 031142 CCA
CF6CYS
PRELIMINARY LOCAL CLIMATOLOGICAL DATA (WS FORM: F-6)...CORRECTED
STATION: CHEYENNE WYOMING AIRPORT
MONTH: FEBRUARY
YEAR: 2022
LATITUDE: 41 9 N
LONGITUDE: 104 49 W
TEMPERATURE IN F: :PCPN: SNOW: WIND :SUNSHINE: SKY :PK WND
================================================================================
1 2 3 4 5 6A 6B 7 8 9 10 11 12 13 14 15 16 17 18
12Z AVG MX 2MIN
DY MAX MIN AVG DEP HDD CDD WTR SNW DPTH SPD SPD DIR MIN PSBL S-S WX SPD DR
================================================================================
1 26 7 17 -12 48 0 0.12 3.7 T 10.4 20 330 M M 8 18 28 330
2 8 -2 3 -26 62 0 0.07 1.1 3 9.3 18 210 M M 10 18 22 200
3 22 -11 6 -22 59 0 T T 3 7.9 21 210 M M 1 1 26 220
4 36 9 23 -5 42 0 0.00 0.0 2 15.6 29 260 M M 0 36 250
5 40 27 34 6 31 0 0.00 0.0 T 17.1 33 280 M M 1 45 280
6 35 21 28 0 37 0 T 0.1 T 12.0 20 280 M M 2 1 27 280
7 47 24 36 8 29 0 0.00 0.0 T 18.4 39 280 M M 0 53 270
8 45 30 38 10 27 0 0.00 0.0 0 16.7 38 280 M M 1 52 290
9 47 29 38 10 27 0 T T 0 13.4 29 300 M M 4 8 40 290
10 49 27 38 10 27 0 0.00 0.0 0 19.5 36 270 M M 1 48 270
11 43 18 31 2 34 0 T T T 19.5 35 360 M M 8 1 49 330
12 38 14 26 -3 39 0 0.00 0.0 T 14.5 26 310 M M 2 41 290
13 51 19 35 6 30 0 0.00 0.0 0 13.1 35 280 M M 0 44 280
14 51 26 39 10 26 0 0.00 0.0 0 8.3 18 200 M M 0 23 200
15 57 27 42 13 23 0 0.00 0.0 0 8.6 24 280 M M 2 35 270
16 29 12 21 -8 44 0 0.16 3.3 0 8.4 17 60 M M 10 12 26 50
17 30 0 15 -14 50 0 T 0.2 2 12.3 32 270 M M 4 1 46 280
18 39 25 32 2 33 0 0.00 0.0 1 17.0 36 280 M M 1 50 280
19 52 22 37 7 28 0 0.00 0.0 0 18.6 45 270 M M 0 57 280
20 56 31 44 14 21 0 0.00 0.0 0 11.6 31 260 M M 0 41 290
21 36 -5 16 -14 49 0 0.03 1.0 0 13.6 24 360 M M 7 1689 33 360
22 -2 -12 -7 -37 72 0 0.04 1.3 2 10.0 20 20 M M 5 18 26 350
23 1 -9 -4 -35 69 0 0.12 2.0 3 15.1 23 150 M M 10 18 30 150
24 23 -3 10 -21 55 0 T T 3 10.2 23 330 M M 5 18 31 330
25 24 0 12 -19 53 0 0.00 0.0 3 6.9 16 210 M M 3 8 21 220
26 32 7 20 -12 45 0 0.00 0.0 2 8.3 18 240 M M 0 25 240
27 52 16 34 2 31 0 0.00 0.0 1 14.7 32 280 M M 0 45 280
28 55 32 44 12 21 0 0.00 0.0 0 23.6 37 280 M M 0 50 280
================================================================================
SM 1022 381 1112 0 0.54 12.7 374.6 M 85
================================================================================
AV 36.5 13.6 13.4 FASTST M M 3 MAX(MPH)
MISC ----> 45 270 57 280
================================================================================
NOTES:
# LAST OF SEVERAL OCCURRENCES
COLUMN 17 PEAK WIND IN M.P.H.
PRELIMINARY LOCAL CLIMATOLOGICAL DATA (WS FORM: F-6) , PAGE 2
STATION: CHEYENNE WYOMING AIRPORT
MONTH: FEBRUARY
YEAR: 2022
LATITUDE: 41 9 N
LONGITUDE: 104 49 W
[TEMPERATURE DATA] [PRECIPITATION DATA] SYMBOLS USED IN COLUMN 16
AVERAGE MONTHLY: 25.1 TOTAL FOR MONTH: 0.54 1 = FOG OR MIST
DPTR FM NORMAL: -4.4 DPTR FM NORMAL: 0.02 2 = FOG REDUCING VISIBILITY
HIGHEST: 57 ON 15 GRTST 24HR 0.16 ON 1- 2 TO 1/4 MILE OR LESS
LOWEST: -12 ON 22 3 = THUNDER
SNOW, ICE PELLETS, HAIL 4 = ICE PELLETS
TOTAL MONTH: 12.7 INCHES 5 = HAIL
GRTST 24HR 3.7 ON 1- 1 6 = FREEZING RAIN OR DRIZZLE
GRTST DEPTH: 3 ON 25,24 7 = DUSTSTORM OR SANDSTORM:
VSBY 1/2 MILE OR LESS
8 = SMOKE OR HAZE
[NO. OF DAYS WITH] [WEATHER - DAYS WITH] 9 = BLOWING SNOW
X = TORNADO
MAX 32 OR BELOW: 10 0.01 INCH OR MORE: 6
MAX 90 OR ABOVE: 0 0.10 INCH OR MORE: 3
MIN 32 OR BELOW: 28 0.50 INCH OR MORE: 0
MIN 0 OR BELOW: 8 1.00 INCH OR MORE: 0
[HDD (BASE 65) ]
TOTAL THIS MO. 1112 CLEAR (SCALE 0-3) 18
DPTR FM NORMAL 118 PTCLDY (SCALE 4-7) 7
TOTAL FM JUL 1 4399 CLOUDY (SCALE 8-10) 3
DPTR FM NORMAL -512
[CDD (BASE 65) ]
TOTAL THIS MO. 0
DPTR FM NORMAL 0 [PRESSURE DATA]
TOTAL FM JAN 1 0 HIGHEST SLP 30.60 ON 22
DPTR FM NORMAL 0 LOWEST SLP 29.48 ON 21
[REMARKS]
FEBRUARY 22...RECORD LOW HIGH -2 DEGREES (PREVIOUS 11
DEGREES IN 2015)
FEBRUARY 23...RECORD LOW HIGH 1 DEGREE (PREVIOUS 5 DEGREES IN 1922)
#FINAL-02-22#