000
CXUS56 KSGX 011245
CF6CZZ
PRELIMINARY LOCAL CLIMATOLOGICAL DATA (WS FORM: F-6)
STATION: CAMPO ASOS CA
MONTH: JANUARY
YEAR: 2020
LATITUDE: 32 37 N
LONGITUDE: 116 28 W
TEMPERATURE IN F: :PCPN: SNOW: WIND :SUNSHINE: SKY :PK WND
================================================================================
1 2 3 4 5 6A 6B 7 8 9 10 11 12 13 14 15 16 17 18
12Z AVG MX 2MIN
DY MAX MIN AVG DEP HDD CDD WTR SNW DPTH SPD SPD DIR MIN PSBL S-S WX SPD DR
================================================================================
1 61 31 46 -2 19 0 0.00 0.0 0 6.4 20 220 M M 0 23 230
2 62 29 46 -2 19 0 0.00 0.0 0 10.6 29 60 M M 0 36 70
3 67 35 51 3 14 0 0.00 0.0 0 8.2 23 70 M M 0 27 70
4 70 32 51 3 14 0 0.00 0.0 0 6.2 14 280 M M 0 16 290
5 69 30 50 2 15 0 0.00 0.0 0 8.0 23 60 M M 0 34 60
6 65 36 51 3 14 0 0.00 0.0 0 14.1 32 60 M M 0 42 60
7 70 31 51 3 14 0 0.00 0.0 0 10.2 26 70 M M 0 32 80
8 58 25 42 -6 23 0 0.00 0.0 0 8.2 21 220 M M 0 24 230
9 52 35 44 -4 21 0 0.01 M 0 10.3 28 240 M M 0 35 240
10 63 29 46 -2 19 0 0.00 0.0 0 5.4 15 230 M M 0 17 220
11 58 27 43 -5 22 0 0.00 0.0 0 8.7 21 200 M M 0 25 200
12 64 25 45 -3 20 0 0.00 0.0 0 5.9 20 220 M M 0 24 220
13 63 26 45 -4 20 0 0.00 0.0 0 6.8 16 220 M M 0 20 210
14 61 27 44 -5 21 0 0.00 0.0 0 7.6 16 220 M M 0 19 190
15 70 23 47 -2 18 0 0.00 0.0 0 6.5 14 210 M M 0 18 220
16 63 27 45 -4 20 0 0.00 0.0 0 8.6 18 220 M M 0 21 220
17 58 43 51 2 14 0 0.03 M 0 9.8 17 60 M M 0 23 70
18 62 40 51 2 14 0 0.00 0.0 0 12.3 31 70 M M 0 38 70
19 68 43 56 7 9 0 0.00 0.0 0 13.1 31 60 M M 0 37 60
20 59 42 51 2 14 0 0.01 M 0 2.4 10 210 M M 0 13 300
21 52 45 49 0 16 0 0.19 M 0 4.5 13 230 M M 0 16 230
22 61 39 50 1 15 0 0.00 0.0 0 6.2 17 50 M M 0 19 210
23 68 38 53 4 12 0 0.00 0.0 0 9.4 25 30 M M 0 32 40
24 72 36 54 5 11 0 0.00 0.0 0 4.7 14 230 M M 0 18 230
25 72 34 53 4 12 0 0.00 0.0 0 6.9 18 70 M M 0 22 70
26 65 34 50 1 15 0 0.00 0.0 0 6.3 16 220 M M 0 19 220
27 69 32 51 2 14 0 0.00 0.0 0 8.0 24 70 M M 0 28 60
28 71 33 52 3 13 0 0.00 0.0 0 5.8 18 250 M M 0 23 250
29 67 28 48 -1 17 0 0.00 0.0 0 8.0 30 30 M M 0 37 30
30 68 31 50 1 15 0 0.00 0.0 0 5.9 21 40 M M 0 30 40
31 71 43 57 8 8 0 0.00 0.0 0 12.7 32 60 M M 0 42 60
================================================================================
SM 1999 1029 492 0 0.24 0.0 247.7 M 0
================================================================================
AV 64.5 33.2 8.0 FASTST M M 0 MAX(MPH)
MISC ----> # 32 60 # 42 60
================================================================================
NOTES:
# LAST OF SEVERAL OCCURRENCES
COLUMN 17 PEAK WIND IN M.P.H.
PRELIMINARY LOCAL CLIMATOLOGICAL DATA (WS FORM: F-6) , PAGE 2
STATION: CAMPO ASOS CA
MONTH: JANUARY
YEAR: 2020
LATITUDE: 32 37 N
LONGITUDE: 116 28 W
[TEMPERATURE DATA] [PRECIPITATION DATA] SYMBOLS USED IN COLUMN 16
AVERAGE MONTHLY: 48.8 TOTAL FOR MONTH: 0.24 1 = FOG OR MIST
DPTR FM NORMAL: 0.3 DPTR FM NORMAL: -2.74 2 = FOG REDUCING VISIBILITY
HIGHEST: 72 ON 25,24 GRTST 24HR 0.19 ON 21-21 TO 1/4 MILE OR LESS
LOWEST: 23 ON 15 3 = THUNDER
SNOW, ICE PELLETS, HAIL 4 = ICE PELLETS
TOTAL MONTH: 0.0 INCH 5 = HAIL
GRTST 24HR 0.0 6 = FREEZING RAIN OR DRIZZLE
GRTST DEPTH: 0 7 = DUSTSTORM OR SANDSTORM:
VSBY 1/2 MILE OR LESS
8 = SMOKE OR HAZE
[NO. OF DAYS WITH] [WEATHER - DAYS WITH] 9 = BLOWING SNOW
X = TORNADO
MAX 32 OR BELOW: 0 0.01 INCH OR MORE: 4
MAX 90 OR ABOVE: 0 0.10 INCH OR MORE: 1
MIN 32 OR BELOW: 16 0.50 INCH OR MORE: 0
MIN 0 OR BELOW: 0 1.00 INCH OR MORE: 0
[HDD (BASE 65) ]
TOTAL THIS MO. 492 CLEAR (SCALE 0-3) 31
DPTR FM NORMAL -18 PTCLDY (SCALE 4-7) 0
TOTAL FM JUL 1 1503 CLOUDY (SCALE 8-10) 0
DPTR FM NORMAL -113
[CDD (BASE 65) ]
TOTAL THIS MO. 0
DPTR FM NORMAL 0 [PRESSURE DATA]
TOTAL FM JAN 1 0 HIGHEST SLP 30.31 ON 4
DPTR FM NORMAL 0 LOWEST SLP 29.82 ON 2
[REMARKS]
#FINAL-01-20#