000
CXUS52 KMLB 010725
CF6DAB
PRELIMINARY LOCAL CLIMATOLOGICAL DATA (WS FORM: F-6)
STATION: DAYTONA BEACH
MONTH: NOVEMBER
YEAR: 2022
LATITUDE: 29 10 N
LONGITUDE: 81 3 W
TEMPERATURE IN F: :PCPN: SNOW: WIND :SUNSHINE: SKY :PK WND
================================================================================
1 2 3 4 5 6A 6B 7 8 9 10 11 12 13 14 15 16 17 18
12Z AVG MX 2MIN
DY MAX MIN AVG DEP HDD CDD WTR SNW DPTH SPD SPD DIR MIN PSBL S-S WX SPD DR
================================================================================
1 87 68 78 8 0 13 0.00 0.0 0 5.2 14 40 M M 3 1 18 40
2 84 70 77 7 0 12 T 0.0 0 5.5 13 50 M M 4 1 15 70
3 81 71 76 6 0 11 0.60 0.0 0 10.5 21 10 M M 7 1 25 10
4 82 67 75 6 0 10 0.10 0.0 0 8.3 23 50 M M 4 18 27 50
5 83 72 78 9 0 13 0.13 0.0 0 4.9 16 80 M M 5 18 22 80
6 84 71 78 9 0 13 0.00 0.0 0 6.6 17 100 M M 4 1 25 110
7 84 71 78 9 0 13 0.05 0.0 0 12.0 24 30 M M 4 1 34 60
8 81 72 77 9 0 12 0.71 0.0 0 17.9 33 40 M M 8 18 43 10
9 76 70 73 5 0 8 1.18 0.0 0 24.8 36 40 M M 10 1 47 40
10 77 73 75 7 0 10 1.08 0.0 0 20.3 54 40 M M 9 18 70 50
11 82 69 76 8 0 11 0.04 0.0 0 9.0 23 230 M M 6 3 30 220
12 82 64 73 5 0 8 0.00 0.0 0 6.7 15 260 M M 3 1 20 240
13 74 64 69 2 0 4 T 0.0 0 8.5 20 10 M M 9 13 26 10
14 79 59 69 2 0 4 0.00 0.0 0 6.6 15 30 M M 6 23 220
15 81 63 72 5 0 7 0.00 0.0 0 2.7 10 220 M M 6 18 12 220
16 80 61 71 4 0 6 0.00 0.0 0 7.5 15 240 M M 9 1 20 320
17 62 51 57 -10 8 0 0.00 0.0 0 9.2 18 350 M M 4 24 360
18 65 49 57 -9 8 0 0.00 0.0 0 8.9 17 20 M M 5 21 20
19 71 50 61 -5 4 0 T 0.0 0 8.3 18 20 M M 6 22 20
20 63 57 60 -6 5 0 0.10 0.0 0 10.8 22 20 M M 9 1 26 10
21 78 61 70 4 0 5 0.03 0.0 0 11.4 18 40 M M 9 1 23 40
22 72 66 69 3 0 4 0.01 0.0 0 10.5 17 20 M M 10 1 22 10
23 72 65 69 3 0 4 0.02 0.0 0 9.4 18 350 M M 10 1 24 350
24 80 67 74 9 0 9 T 0.0 0 4.4 13 80 M M 8 1 16 70
25 83 66 75 10 0 10 0.00 0.0 0 4.6 14 250 M M 8 12 18 250
26 80 68 74 9 0 9 0.00 0.0 0 5.8 13 70 M M 8 1 16 70
27 84 67 76 11 0 11 0.00 0.0 0 10.0 21 220 M M 5 29 240
28 78 58 68 3 0 3 0.00 0.0 0 4.7 12 270 M M 3 1 15 240
29 78 56 67 2 0 2 0.00 0.0 0 3.4 12 80 M M 1 1 15 90
30 84 62 73 9 0 8 T 0.0 0 5.9 32 10 M M 4 1 41 360
================================================================================
SM 2347 1928 25 220 4.05 0.0 264.3 M 187
================================================================================
AV 78.2 64.3 8.8 FASTST M M 6 MAX(MPH)
MISC ----> 54 40 70 50
================================================================================
NOTES:
# LAST OF SEVERAL OCCURRENCES
COLUMN 17 PEAK WIND IN M.P.H.
PRELIMINARY LOCAL CLIMATOLOGICAL DATA (WS FORM: F-6) , PAGE 2
STATION: DAYTONA BEACH
MONTH: NOVEMBER
YEAR: 2022
LATITUDE: 29 10 N
LONGITUDE: 81 3 W
[TEMPERATURE DATA] [PRECIPITATION DATA] SYMBOLS USED IN COLUMN 16
AVERAGE MONTHLY: 71.3 TOTAL FOR MONTH: 4.05 1 = FOG OR MIST
DPTR FM NORMAL: 4.3 DPTR FM NORMAL: 1.29 2 = FOG REDUCING VISIBILITY
HIGHEST: 87 ON 1 GRTST 24HR 2.02 ON 9-10 TO 1/4 MILE OR LESS
LOWEST: 49 ON 18 3 = THUNDER
SNOW, ICE PELLETS, HAIL 4 = ICE PELLETS
TOTAL MONTH: 0.0 INCH 5 = HAIL
GRTST 24HR 0.0 6 = FREEZING RAIN OR DRIZZLE
GRTST DEPTH: 0 7 = DUSTSTORM OR SANDSTORM:
VSBY 1/2 MILE OR LESS
8 = SMOKE OR HAZE
[NO. OF DAYS WITH] [WEATHER - DAYS WITH] 9 = BLOWING SNOW
X = TORNADO
MAX 32 OR BELOW: 0 0.01 INCH OR MORE: 12
MAX 90 OR ABOVE: 0 0.10 INCH OR MORE: 7
MIN 32 OR BELOW: 0 0.50 INCH OR MORE: 4
MIN 0 OR BELOW: 0 1.00 INCH OR MORE: 2
[HDD (BASE 65) ]
TOTAL THIS MO. 25 CLEAR (SCALE 0-3) 3
DPTR FM NORMAL -36 PTCLDY (SCALE 4-7) 19
TOTAL FM JUL 1 31 CLOUDY (SCALE 8-10) 8
DPTR FM NORMAL -37
[CDD (BASE 65) ]
TOTAL THIS MO. 220
DPTR FM NORMAL 99 [PRESSURE DATA]
TOTAL FM JAN 1 3537 HIGHEST SLP M ON M
DPTR FM NORMAL 488 LOWEST SLP 29.43 ON 10
[REMARKS]
#FINAL-11-22#