000
CXUS54 KFWD 010730
CF6DAL
PRELIMINARY LOCAL CLIMATOLOGICAL DATA (WS FORM: F-6)
STATION: DALLAS LOVE FIELD
MONTH: JULY
YEAR: 2021
LATITUDE: 32 50 N
LONGITUDE: 96 51 W
TEMPERATURE IN F: :PCPN: SNOW: WIND :SUNSHINE: SKY :PK WND
================================================================================
1 2 3 4 5 6A 6B 7 8 9 10 11 12 13 14 15 16 17 18
12Z AVG MX 2MIN
DY MAX MIN AVG DEP HDD CDD WTR SNW DPTH SPD SPD DIR MIN PSBL S-S WX SPD DR
================================================================================
1 98 76 87 1 0 22 0.25 0.0 M 5.4 16 330 M M 6 3 25 60
2 88 77 83 -3 0 18 0.69 0.0 0 4.1 12 120 M M 9 13 24 220
3 86 78 82 -4 0 17 0.00 0.0 0 8.2 17 110 M M 8 24 110
4 89 78 84 -2 0 19 0.00 0.0 0 6.9 15 120 M M 7 8 19 140
5 90 77 84 -2 0 19 T 0.0 0 8.3 17 170 M M 7 25 110
6 92 75 84 -2 0 19 0.01 0.0 0 4.5 24 120 M M 4 3 34 130
7 94 75 85 -1 0 20 0.00 0.0 0 4.6 14 140 M M 3 19 140
8 94 79 87 1 0 22 0.00 0.0 0 6.7 18 160 M M 2 26 180
9 86 76 81 -6 0 16 T 0.0 0 9.6 24 150 M M 6 33 150
10 93 75 84 -3 0 19 0.00 0.0 0 10.5 18 210 M M 5 29 230
11 93 70 82 -5 0 17 0.51 0.0 0 7.7 32 320 M M 6 13 45 330
12 89 75 82 -5 0 17 0.00 0.0 0 5.1 20 160 M M 4 3 29 180
13 94 74 84 -3 0 19 0.00 0.0 0 8.3 16 160 M M 2 24 160
14 92 74 83 -4 0 18 0.02 0.0 0 9.2 26 160 M M 3 3 42 170
15 93 75 84 -3 0 19 0.00 0.0 0 9.6 18 160 M M 5 28 170
16 92 77 85 -2 0 20 0.00 0.0 0 9.5 16 180 M M 6 22 180
17 92 78 85 -3 0 20 0.00 0.0 0 9.9 16 150 M M 7 23 160
18 95 80 88 0 0 23 0.00 0.0 0 5.8 14 270 M M 7 20 240
19 86 76 81 -7 0 16 0.39 0.0 0 4.8 17 330 M M 7 138 28 10
20 90 73 82 -6 0 17 0.00 0.0 0 5.5 15 10 M M 4 28 200
21 92 75 84 -4 0 19 0.00 0.0 0 5.2 12 90 M M 3 18 60
22 94 76 85 -3 0 20 0.00 0.0 0 7.2 14 160 M M 3 8 21 160
23 95 77 86 -2 0 21 0.00 0.0 0 9.5 17 230 M M 5 26 210
24 98 79 89 1 0 24 0.00 0.0 0 8.6 16 160 M M 1 22 140
25 99 80 90 2 0 25 0.00 0.0 0 7.7 15 160 M M 1 22 160
26 101 80 91 3 0 26 0.00 0.0 0 6.3 16 130 M M 3 24 130
27 101 84 93 5 0 28 0.00 0.0 0 6.3 18 80 M M 7 3 28 80
28 99 81 90 2 0 25 0.00 0.0 0 5.9 18 120 M M 6 3 24 110
29 99 79 89 1 0 24 0.00 0.0 0 3.5 13 110 M M 4 18 80
30 100 81 91 3 0 26 0.00 0.0 0 5.3 14 110 M M 5 18 160
31 100 82 91 2 0 26 0.00 0.0 0 7.2 16 130 M M 2 21 130
================================================================================
SM 2904 2392 0 641 1.87 0.0 216.9 M 148
================================================================================
AV 93.7 77.2 7.0 FASTST M M 5 MAX(MPH)
MISC ----> 32 320 45 330
================================================================================
NOTES:
# LAST OF SEVERAL OCCURRENCES
COLUMN 17 PEAK WIND IN M.P.H.
PRELIMINARY LOCAL CLIMATOLOGICAL DATA (WS FORM: F-6) , PAGE 2
STATION: DALLAS LOVE FIELD
MONTH: JULY
YEAR: 2021
LATITUDE: 32 50 N
LONGITUDE: 96 51 W
[TEMPERATURE DATA] [PRECIPITATION DATA] SYMBOLS USED IN COLUMN 16
AVERAGE MONTHLY: 85.4 TOTAL FOR MONTH: 1.87 1 = FOG OR MIST
DPTR FM NORMAL: -1.9 DPTR FM NORMAL: 0.16 2 = FOG REDUCING VISIBILITY
HIGHEST: 101 ON 27,26 GRTST 24HR 0.94 ON 1- 2 TO 1/4 MILE OR LESS
LOWEST: 70 ON 11 3 = THUNDER
SNOW, ICE PELLETS, HAIL 4 = ICE PELLETS
TOTAL MONTH: 0.0 INCH 5 = HAIL
GRTST 24HR 0.0 6 = FREEZING RAIN OR DRIZZLE
GRTST DEPTH: 0 7 = DUSTSTORM OR SANDSTORM:
VSBY 1/2 MILE OR LESS
8 = SMOKE OR HAZE
[NO. OF DAYS WITH] [WEATHER - DAYS WITH] 9 = BLOWING SNOW
X = TORNADO
MAX 32 OR BELOW: 0 0.01 INCH OR MORE: 6
MAX 90 OR ABOVE: 25 0.10 INCH OR MORE: 4
MIN 32 OR BELOW: 0 0.50 INCH OR MORE: 2
MIN 0 OR BELOW: 0 1.00 INCH OR MORE: 0
[HDD (BASE 65) ]
TOTAL THIS MO. 0 CLEAR (SCALE 0-3) 9
DPTR FM NORMAL 0 PTCLDY (SCALE 4-7) 21
TOTAL FM JUL 1 0 CLOUDY (SCALE 8-10) 1
DPTR FM NORMAL 0
[CDD (BASE 65) ]
TOTAL THIS MO. 641
DPTR FM NORMAL -50 [PRESSURE DATA]
TOTAL FM JAN 1 1570 HIGHEST SLP M ON M
DPTR FM NORMAL -189 LOWEST SLP 29.83 ON 7
[REMARKS]
#FINAL-07-21#