000
CXUS51 KRNK 010525
CF6DAN
PRELIMINARY LOCAL CLIMATOLOGICAL DATA (WS FORM: F-6)
STATION: DANVILLE VA
MONTH: JUNE
YEAR: 2022
LATITUDE: 36 34 N
LONGITUDE: 79 20 W
TEMPERATURE IN F: :PCPN: SNOW: WIND :SUNSHINE: SKY :PK WND
================================================================================
1 2 3 4 5 6A 6B 7 8 9 10 11 12 13 14 15 16 17 18
12Z AVG MX 2MIN
DY MAX MIN AVG DEP HDD CDD WTR SNW DPTH SPD SPD DIR MIN PSBL S-S WX SPD DR
================================================================================
1 92 65 79 9 0 14 0.00 0.0 0 2.0 9 30 M M 2 1 12 30
2 90 67 79 8 0 14 0.01 0.0 0 4.6 22 250 M M 3 13 28 250
3 79 59 69 -2 0 4 0.00 0.0 0 4.6 12 320 M M 3 14 330
4 82 56 69 -2 0 4 0.00 0.0 0 3.8 14 50 M M 1 18 50
5 82 52 67 -4 0 2 0.00 0.0 0 2.8 12 50 M M 2 15 60
6 83 56 70 -2 0 5 0.00 0.0 0 1.3 7 140 M M 1 1 12 120
7 83 61 72 0 0 7 T 0.0 0 3.1 14 230 M M 4 18 220
8 89 65 77 5 0 12 0.71 0.0 0 3.1 40 320 M M 2 13 52 320
9 86 63 75 3 0 10 0.00 0.0 0 8.2 17 340 M M 0 1 24 340
10 79 53 66 -7 0 1 0.00 0.0 0 1.9 10 60 M M 2 17 200
11 84 60 72 -1 0 7 0.00 0.0 0 2.5 8 220 M M 4 14 190
12 90 68 79 6 0 14 T 0.0 0 3.7 12 240 M M 4 19 240
13 93 70 82 8 0 17 0.00 0.0 0 4.4 12 250 M M 1 14 240
14 91 72 82 8 0 17 0.03 0.0 0 6.3 17 330 M M 3 24 340
15 91 70 81 7 0 16 0.00 0.0 0 1.3 8 70 M M 3 11 40
16 95 69 82 8 0 17 0.60 0.0 0 5.1 28 290 M M 0 13 40 280
17 96 68 82 8 0 17 T 0.0 0 9.3 26 300 M M 1 42 320
18 84 62 73 -2 0 8 0.00 0.0 0 9.4 21 340 M M 0 28 350
19 81 49 65 -10 0 0 0.00 0.0 0 3.8 14 360 M M 0 19 50
20 78 51 65 -10 0 0 0.00 0.0 0 1.2 8 270 M M 2 10 280
21 88 60 74 -1 0 9 0.00 0.0 0 1.7 10 240 M M 2 13 250
22 94 58 76 0 0 11 T 0.0 0 4.9 28 50 M M 1 13 36 40
23 88 67 78 2 0 13 T 0.0 0 5.1 15 50 M M 4 19 50
24 88 65 77 1 0 12 0.00 0.0 0 2.7 7 70 M M 5 11 90
25 90 64 77 1 0 12 0.00 0.0 0 2.5 9 230 M M 3 16 170
26 91 65 78 2 0 13 0.88 0.0 0 4.4 24 270 M M 2 13 33 250
27 88 65 77 1 0 12 0.24 0.0 0 4.1 22 270 M M 5 13 31 260
28 81 60 71 -6 0 6 0.00 0.0 0 3.6 13 40 M M 3 18 70
29 86 63 75 -2 0 10 0.00 0.0 0 1.7 9 230 M M 4 12 140
30 90 66 78 1 0 13 0.00 0.0 0 2.0 8 160 M M 2 12 14 140
================================================================================
SM 2612 1869 0 297 2.47 0.0 115.1 M 69
================================================================================
AV 87.1 62.3 3.8 FASTST M M 2 MAX(MPH)
MISC ----> 40 320 52 320
================================================================================
NOTES:
# LAST OF SEVERAL OCCURRENCES
COLUMN 17 PEAK WIND IN M.P.H.
PRELIMINARY LOCAL CLIMATOLOGICAL DATA (WS FORM: F-6) , PAGE 2
STATION: DANVILLE VA
MONTH: JUNE
YEAR: 2022
LATITUDE: 36 34 N
LONGITUDE: 79 20 W
[TEMPERATURE DATA] [PRECIPITATION DATA] SYMBOLS USED IN COLUMN 16
AVERAGE MONTHLY: 74.7 TOTAL FOR MONTH: 2.47 1 = FOG OR MIST
DPTR FM NORMAL: 0.8 DPTR FM NORMAL: -1.51 2 = FOG REDUCING VISIBILITY
HIGHEST: 96 ON 17 GRTST 24HR 1.12 ON 26-27 TO 1/4 MILE OR LESS
LOWEST: 49 ON 19 3 = THUNDER
SNOW, ICE PELLETS, HAIL 4 = ICE PELLETS
TOTAL MONTH: 0.0 INCH 5 = HAIL
GRTST 24HR 0.0 6 = FREEZING RAIN OR DRIZZLE
GRTST DEPTH: 0 7 = DUSTSTORM OR SANDSTORM:
VSBY 1/2 MILE OR LESS
8 = SMOKE OR HAZE
[NO. OF DAYS WITH] [WEATHER - DAYS WITH] 9 = BLOWING SNOW
X = TORNADO
MAX 32 OR BELOW: 0 0.01 INCH OR MORE: 6
MAX 90 OR ABOVE: 12 0.10 INCH OR MORE: 4
MIN 32 OR BELOW: 0 0.50 INCH OR MORE: 3
MIN 0 OR BELOW: 0 1.00 INCH OR MORE: 0
[HDD (BASE 65) ]
TOTAL THIS MO. 0 CLEAR (SCALE 0-3) 23
DPTR FM NORMAL -4 PTCLDY (SCALE 4-7) 7
TOTAL FM JUL 1 3320 CLOUDY (SCALE 8-10) 0
DPTR FM NORMAL -483
[CDD (BASE 65) ]
TOTAL THIS MO. 297
DPTR FM NORMAL 24 [PRESSURE DATA]
TOTAL FM JAN 1 476 HIGHEST SLP M ON M
DPTR FM NORMAL 60 LOWEST SLP 29.70 ON 2
[REMARKS]
#FINAL-06-22#