000
CXUS51 KRNK 010527
CF6DAN
PRELIMINARY LOCAL CLIMATOLOGICAL DATA (WS FORM: F-6)
STATION: DANVILLE VA
MONTH: SEPTEMBER
YEAR: 2021
LATITUDE: 36 34 N
LONGITUDE: 79 20 W
TEMPERATURE IN F: :PCPN: SNOW: WIND :SUNSHINE: SKY :PK WND
================================================================================
1 2 3 4 5 6A 6B 7 8 9 10 11 12 13 14 15 16 17 18
12Z AVG MX 2MIN
DY MAX MIN AVG DEP HDD CDD WTR SNW DPTH SPD SPD DIR MIN PSBL S-S WX SPD DR
================================================================================
1 82 70 76 2 0 11 0.24 0.0 0 7.2 17 10 M M 8 1 32 340
2 81 56 69 -5 0 4 0.00 0.0 0 5.9 16 20 M M 2 22 50
3 81 52 67 -7 0 2 0.00 0.0 0 2.7 14 50 M M 0 18 40
4 84 53 69 -5 0 4 0.00 0.0 0 2.2 10 230 M M 0 15 230
5 88 62 75 2 0 10 0.00 0.0 0 4.6 15 230 M M 2 20 220
6 88 60 74 1 0 9 T 0.0 0 3.6 13 20 M M 4 17 10
7 89 56 73 0 0 8 0.00 0.0 0 1.7 9 30 M M 0 1 12 20
8 88 63 76 4 0 11 T 0.0 0 4.5 18 230 M M 2 3 24 230
9 82 62 72 0 0 7 0.00 0.0 0 6.3 16 20 M M 4 23 10
10 80 54 67 -5 0 2 0.00 0.0 0 4.5 14 340 M M 1 19 350
11 84 52 68 -4 0 3 0.00 0.0 0 3.7 14 230 M M 3 17 220
12 88 57 73 2 0 8 0.00 0.0 0 4.7 13 270 M M 0 16 240
13 92 62 77 6 0 12 0.00 0.0 0 4.3 13 330 M M 0 15 330
14 93 65 79 8 0 14 0.00 0.0 0 2.9 12 240 M M 1 1 17 260
15 91 61 76 6 0 11 0.00 0.0 0 3.7 13 230 M M 1 12 19 220
16 81 70 76 6 0 11 0.04 0.0 0 4.2 12 60 M M 7 3 14 60
17 87 70 79 9 0 14 T 0.0 0 6.2 13 20 M M 7 17 40
18 90 68 79 10 0 14 0.06 0.0 0 1.1 8 210 M M 5 1 10 70
19 92 64 78 9 0 13 0.00 0.0 0 2.3 12 40 M M 3 1 14 30
20 84 67 76 7 0 11 0.00 0.0 0 4.5 13 60 M M 5 1 17 60
21 73 65 69 1 0 4 0.47 0.0 0 6.4 13 50 M M 9 1 16 50
22 83 62 73 5 0 8 1.33 0.0 0 5.1 17 280 M M 10 13 23 290
23 74 50 62 -6 3 0 0.00 0.0 0 5.4 15 320 M M 2 12 21 310
24 75 46 61 -6 4 0 0.00 0.0 0 2.6 10 30 M M 0 14 350
25 78 45 62 -5 3 0 0.00 0.0 0 2.8 12 270 M M 1 16 280
26 76 49 63 -3 2 0 0.00 0.0 0 4.8 13 260 M M 0 18 300
27 82 48 65 -1 0 0 0.00 0.0 0 3.8 12 250 M M 0 16 220
28 85 55 70 4 0 5 0.00 0.0 0 3.2 12 230 M M 0 16 220
29 83 59 71 6 0 6 0.00 0.0 0 3.8 9 50 M M 0 14 60
30 79 58 69 4 0 4 0.00 0.0 0 2.0 8 230 M M 5 1 11 240
================================================================================
SM 2513 1761 12 206 2.14 0.0 120.7 M 82
================================================================================
AV 83.8 58.7 4.0 FASTST M M 3 MAX(MPH)
MISC ----> 18 230 32 340
================================================================================
NOTES:
# LAST OF SEVERAL OCCURRENCES
COLUMN 17 PEAK WIND IN M.P.H.
PRELIMINARY LOCAL CLIMATOLOGICAL DATA (WS FORM: F-6) , PAGE 2
STATION: DANVILLE VA
MONTH: SEPTEMBER
YEAR: 2021
LATITUDE: 36 34 N
LONGITUDE: 79 20 W
[TEMPERATURE DATA] [PRECIPITATION DATA] SYMBOLS USED IN COLUMN 16
AVERAGE MONTHLY: 71.2 TOTAL FOR MONTH: 2.14 1 = FOG OR MIST
DPTR FM NORMAL: 1.2 DPTR FM NORMAL: -2.11 2 = FOG REDUCING VISIBILITY
HIGHEST: 93 ON 14 GRTST 24HR 1.39 ON 21-22 TO 1/4 MILE OR LESS
LOWEST: 45 ON 25 3 = THUNDER
SNOW, ICE PELLETS, HAIL 4 = ICE PELLETS
TOTAL MONTH: 0.0 INCH 5 = HAIL
GRTST 24HR 0.0 6 = FREEZING RAIN OR DRIZZLE
GRTST DEPTH: 0 7 = DUSTSTORM OR SANDSTORM:
VSBY 1/2 MILE OR LESS
8 = SMOKE OR HAZE
[NO. OF DAYS WITH] [WEATHER - DAYS WITH] 9 = BLOWING SNOW
X = TORNADO
MAX 32 OR BELOW: 0 0.01 INCH OR MORE: 5
MAX 90 OR ABOVE: 5 0.10 INCH OR MORE: 3
MIN 32 OR BELOW: 0 0.50 INCH OR MORE: 1
MIN 0 OR BELOW: 0 1.00 INCH OR MORE: 1
[HDD (BASE 65) ]
TOTAL THIS MO. 12 CLEAR (SCALE 0-3) 19
DPTR FM NORMAL -17 PTCLDY (SCALE 4-7) 9
TOTAL FM JUL 1 12 CLOUDY (SCALE 8-10) 2
DPTR FM NORMAL -16
[CDD (BASE 65) ]
TOTAL THIS MO. 206
DPTR FM NORMAL 28 [PRESSURE DATA]
TOTAL FM JAN 1 1527 HIGHEST SLP M ON M
DPTR FM NORMAL 176 LOWEST SLP 29.55 ON 1
[REMARKS]
#FINAL-09-21#