000
CXUS51 KRNK 010755
CLMDAN
CLIMATE REPORT
NATIONAL WEATHER SERVICE BLACKSBURG, VA
255 AM EST FRI DEC 01 2023
...................................
...THE DANVILLE VA CLIMATE SUMMARY FOR THE MONTH OF NOVEMBER 2023...
CLIMATE NORMAL PERIOD: 1991 TO 2020
CLIMATE RECORD PERIOD: 1916 TO 2023
WEATHER OBSERVED NORMAL DEPART LAST YEAR`S
VALUE DATE(S) VALUE FROM VALUE
NORMAL
..............................................................
TEMPERATURE (F)
RECORD
HIGH 86 11/03/1974
LOW 11 11/30/1929
HIGHEST 83 11/09 82
LOWEST 15 11/29 19
AVG. MAXIMUM 62.1 60.7 1.4 63.4
AVG. MINIMUM 33.0 35.5 -2.5 39.7
MEAN 47.5 48.1 -0.6 51.6
DAYS MAX >= 90 0 0.0 0.0 0
DAYS MAX <= 32 0 0.0 0.0 0
DAYS MIN <= 32 14 11.7 2.3 11
DAYS MIN <= 0 0 0.0 0.0 0
PRECIPITATION (INCHES)
RECORD
MAXIMUM 8.80 2020
MINIMUM 0.15 2021
TOTALS 1.69 3.46 -1.77 4.00
DAYS >= .01 3 8.5 -5.5 8
DAYS >= .10 2 5.2 -3.2 5
DAYS >= .50 1 2.6 -1.6 4
DAYS >= 1.00 1 1.3 -0.3 2
GREATEST
24 HR. TOTAL 1.65 1.32
SNOWFALL (INCHES)
TOTALS 0.0 0.0 0.0 0.0
DAYS >= TRACE 0 0.0 0.0 0
DAYS >= 1.0 0 0.0 0.0 0
GREATEST
24 HR TOTAL 0.0 0.0
DEGREE DAYS
HEATING TOTAL 518 508 10 421
COOLING TOTAL 2 2 0 23
..............................................................
WIND (MPH)
AVERAGE WIND SPEED 4.1
RESULTANT WIND SPEED/DIRECTION 1/330
HIGHEST WIND SPEED/DIRECTION 23/350 DATE 11/01
23/270 11/28
HIGHEST GUST SPEED/DIRECTION 35/340 DATE 11/01
SKY COVER
AVERAGE SKY COVER 0.23
AVERAGE RH (PERCENT) 62
WEATHER CONDITIONS. NUMBER OF DAYS WITH
THUNDERSTORM 0 MIXED PRECIP 0
HEAVY RAIN 2 RAIN 2
LIGHT RAIN 6 FREEZING RAIN 0
LT FREEZING RAIN 0 HAIL 0
HEAVY SNOW 0 SNOW 0
LIGHT SNOW 0 SLEET 0
FOG 5 FOG W/VIS <= 1/4 MILE 1
HAZE 0
- INDICATES NEGATIVE NUMBERS.
R INDICATES RECORD WAS SET OR TIED.
MM INDICATES DATA IS MISSING.
T INDICATES TRACE AMOUNT.
$$
PW