000
CXUS51 KILN 010542
CF6DAY
PRELIMINARY LOCAL CLIMATOLOGICAL DATA (WS FORM: F-6)
STATION: DAYTON OH
MONTH: APRIL
YEAR: 2020
LATITUDE: 39 54 N
LONGITUDE: 84 12 W
TEMPERATURE IN F: :PCPN: SNOW: WIND :SUNSHINE: SKY :PK WND
================================================================================
1 2 3 4 5 6A 6B 7 8 9 10 11 12 13 14 15 16 17 18
12Z AVG MX 2MIN
DY MAX MIN AVG DEP HDD CDD WTR SNW DPTH SPD SPD DIR MIN PSBL S-S WX SPD DR
================================================================================
1 52 40 46 0 19 0 0.07 0.0 0 8.3 15 340 M M 10 1 20 340
2 59 35 47 0 18 0 0.00 0.0 0 6.0 14 10 M M 3 1 17 320
3 68 38 53 6 12 0 0.00 0.0 0 4.5 13 340 M M 4 16 320
4 72 44 58 10 7 0 T 0.0 0 7.3 22 340 M M 8 25 330
5 51 40 46 -2 19 0 0.18 0.0 0 8.4 15 20 M M 10 1 17 20
6 67 34 51 3 14 0 0.00 0.0 0 5.3 16 240 M M 4 19 230
7 78 53 66 17 0 1 T 0.0 0 11.2 22 250 M M 6 3 28 230
8 76 56 66 17 0 1 1.31 T 0 8.8 32 320 M M 5 1358 41 320
9 56 35 46 -3 19 0 T T 0 19.6 37 270 M M 7 1 46 270
10 48 34 41 -9 24 0 0.00 0.0 0 13.3 23 270 M M 5 29 300
11 60 34 47 -3 18 0 0.00 0.0 0 7.3 17 200 M M 7 23 220
12 66 47 57 7 8 0 0.19 0.0 0 12.1 25 170 M M 10 1 30 170
13 58 39 49 -2 16 0 0.15 0.0 0 17.1 36 290 M M 9 13 47 280
14 45 30 38 -13 27 0 0.00 0.0 0 10.6 23 270 M M 7 29 250
15 51 28 40 -12 25 0 0.06 T 0 13.3 36 260 M M 3 158 42 260
16 50 25 38 -14 27 0 0.00 0.0 0 10.0 24 270 M M 4 29 260
17 49 35 42 -10 23 0 0.27 0.0 0 11.9 21 330 M M 10 1 25 310
18 54 33 44 -9 21 0 0.00 0.0 0 10.2 20 250 M M 5 8 24 260
19 60 40 50 -3 15 0 0.00 0.0 0 10.3 17 200 M M 7 21 200
20 63 36 50 -3 15 0 0.00 0.0 0 8.9 22 250 M M 3 26 250
21 55 37 46 -8 19 0 T 0.0 0 16.1 32 290 M M 3 39 270
22 68 32 50 -4 15 0 T 0.0 0 8.0 21 230 M M 6 25 230
23 59 52 56 2 9 0 0.18 0.0 0 9.2 15 130 M M 10 1 18 120
24 67 46 57 2 8 0 0.04 0.0 0 7.7 16 360 M M 8 18 19 350
25 70 50 60 5 5 0 0.01 0.0 0 11.6 25 160 M M 8 1 32 120
26 55 43 49 -6 16 0 0.55 0.0 0 15.3 32 360 M M 8 1 41 350
27 65 35 50 -6 15 0 T 0.0 0 6.9 17 210 M M 4 23 220
28 76 53 65 9 0 0 0.00 0.0 0 12.6 21 220 M M 8 26 250
29 67 52 60 4 5 0 0.02 0.0 0 16.1 33 200 M M 9 8 43 200
30 52 44 48 -9 17 0 0.02 0.0 0 15.5 24 270 M M 9 1 31 260
================================================================================
SM 1817 1200 436 2 3.05 T 323.4 M 200
================================================================================
AV 60.6 40.0 10.8 FASTST M M 7 MAX(MPH)
MISC ----> # 37 270 # 47 280
================================================================================
NOTES:
# LAST OF SEVERAL OCCURRENCES
COLUMN 17 PEAK WIND IN M.P.H.
PRELIMINARY LOCAL CLIMATOLOGICAL DATA (WS FORM: F-6) , PAGE 2
STATION: DAYTON OH
MONTH: APRIL
YEAR: 2020
LATITUDE: 39 54 N
LONGITUDE: 84 12 W
[TEMPERATURE DATA] [PRECIPITATION DATA] SYMBOLS USED IN COLUMN 16
AVERAGE MONTHLY: 50.3 TOTAL FOR MONTH: 3.05 1 = FOG OR MIST
DPTR FM NORMAL: -1.3 DPTR FM NORMAL: -1.04 2 = FOG REDUCING VISIBILITY
HIGHEST: 78 ON 7 GRTST 24HR 1.31 ON 8- 8 TO 1/4 MILE OR LESS
LOWEST: 25 ON 16 3 = THUNDER
SNOW, ICE PELLETS, HAIL 4 = ICE PELLETS
TOTAL MONTH: T 5 = HAIL
GRTST 24HR T ON 15-15 6 = FREEZING RAIN OR DRIZZLE
GRTST DEPTH: 0 7 = DUSTSTORM OR SANDSTORM:
VSBY 1/2 MILE OR LESS
8 = SMOKE OR HAZE
[NO. OF DAYS WITH] [WEATHER - DAYS WITH] 9 = BLOWING SNOW
X = TORNADO
MAX 32 OR BELOW: 0 0.01 INCH OR MORE: 13
MAX 90 OR ABOVE: 0 0.10 INCH OR MORE: 7
MIN 32 OR BELOW: 4 0.50 INCH OR MORE: 2
MIN 0 OR BELOW: 0 1.00 INCH OR MORE: 1
[HDD (BASE 65) ]
TOTAL THIS MO. 436 CLEAR (SCALE 0-3) 2
DPTR FM NORMAL 24 PTCLDY (SCALE 4-7) 19
TOTAL FM JUL 1 4648 CLOUDY (SCALE 8-10) 9
DPTR FM NORMAL -803
[CDD (BASE 65) ]
TOTAL THIS MO. 2
DPTR FM NORMAL -8 [PRESSURE DATA]
TOTAL FM JAN 1 2 HIGHEST SLP 30.35 ON 16
DPTR FM NORMAL -8 LOWEST SLP 29.33 ON 13
[REMARKS]
#FINAL-04-20#