000
CXUS51 KLWX 010915
CF6DCA
PRELIMINARY LOCAL CLIMATOLOGICAL DATA (WS FORM: F-6)
STATION: WASHINGTON NATIONAL DC
MONTH: NOVEMBER
YEAR: 2022
LATITUDE: 38 50 N
LONGITUDE: 77 2 W
TEMPERATURE IN F: :PCPN: SNOW: WIND :SUNSHINE: SKY :PK WND
================================================================================
1 2 3 4 5 6A 6B 7 8 9 10 11 12 13 14 15 16 17 18
12Z AVG MX 2MIN
DY MAX MIN AVG DEP HDD CDD WTR SNW DPTH SPD SPD DIR MIN PSBL S-S WX SPD DR
================================================================================
1 76 57 67 12 0 2 0.00 0.0 0 6.0 18 330 M M 6 12 25 290
2 71 53 62 8 3 0 0.00 0.0 0 5.1 14 30 M M 6 18 350
3 72 51 62 8 3 0 0.00 0.0 0 2.6 10 40 M M 4 12 40
4 75 52 64 10 1 0 0.00 0.0 0 3.9 10 180 M M 7 128 15 180
5 79 62 71 18 0 6 0.00 0.0 M 10.6 21 190 M M 7 27 190
6 79 66 73 20 0 8 0.02 0.0 0 8.8 20 170 M M 8 1 25 180
7 81 59 70 17 0 5 0.00 0.0 0 9.1 17 340 M M 4 25 310
8 62 49 56 4 9 0 0.00 0.0 0 13.1 24 10 M M 4 32 10
9 61 45 53 1 12 0 0.00 0.0 0 6.7 14 20 M M 1 18 30
10 70 48 59 7 6 0 0.00 0.0 0 4.3 10 130 M M 7 8 13 140
11 73 61 67 16 0 2 0.64 0.0 0 10.7 23 170 M M 10 1 32 170
12 72 54 63 12 2 0 0.06 0.0 0 8.3 25 320 M M 7 1 35 320
13 54 41 48 -3 17 0 T 0.0 0 16.3 25 320 M M 7 37 330
14 51 37 44 -6 21 0 0.00 0.0 0 6.9 17 20 M M 3 22 330
15 44 36 40 -10 25 0 1.22 0.0 0 9.0 18 340 M M 9 1 24 20
16 53 39 46 -4 19 0 0.00 0.0 0 10.8 20 320 M M 8 1 32 340
17 46 37 42 -7 23 0 0.00 0.0 0 12.1 25 300 M M 5 33 310
18 49 30 40 -9 25 0 T 0.0 0 9.7 21 290 M M 4 32 300
19 47 32 40 -9 25 0 0.00 0.0 0 6.8 17 200 M M 5 25 180
20 41 30 36 -12 29 0 0.00 0.0 0 12.5 28 290 M M 2 42 320
21 49 26 38 -10 27 0 0.00 0.0 0 6.5 15 190 M M 0 20 200
22 58 32 45 -3 20 0 0.00 0.0 0 3.6 15 210 M M 1 20 220
23 63 33 48 1 17 0 0.00 0.0 0 3.2 14 330 M M 1 17 330
24 61 33 47 0 18 0 0.00 0.0 0 4.1 10 180 M M 4 13 180
25 64 45 55 8 10 0 0.15 0.0 0 8.4 24 320 M M 6 1 36 330
26 62 37 50 4 15 0 0.00 0.0 0 5.6 14 250 M M 3 21 230
27 59 46 53 7 12 0 0.24 0.0 0 6.5 23 210 M M 9 1 30 200
28 57 43 50 4 15 0 0.00 0.0 0 11.0 29 320 M M 7 1 43 320
29 52 37 45 -1 20 0 0.00 0.0 0 4.8 12 150 M M 7 17 160
30 59 42 51 6 14 0 0.32 0.0 0 12.0 24 300 M M 8 1 34 290
================================================================================
SM 1840 1313 388 23 2.65 0.0 239.0 M 160
================================================================================
AV 61.3 43.8 8.0 FASTST M M 5 MAX(MPH)
MISC ----> 29 320 43 320
================================================================================
NOTES:
# LAST OF SEVERAL OCCURRENCES
COLUMN 17 PEAK WIND IN M.P.H.
PRELIMINARY LOCAL CLIMATOLOGICAL DATA (WS FORM: F-6) , PAGE 2
STATION: WASHINGTON NATIONAL DC
MONTH: NOVEMBER
YEAR: 2022
LATITUDE: 38 50 N
LONGITUDE: 77 2 W
[TEMPERATURE DATA] [PRECIPITATION DATA] SYMBOLS USED IN COLUMN 16
AVERAGE MONTHLY: 52.6 TOTAL FOR MONTH: 2.65 1 = FOG OR MIST
DPTR FM NORMAL: 2.6 DPTR FM NORMAL: -0.26 2 = FOG REDUCING VISIBILITY
HIGHEST: 81 ON 7 GRTST 24HR 1.22 ON 15-15 TO 1/4 MILE OR LESS
LOWEST: 26 ON 21 3 = THUNDER
SNOW, ICE PELLETS, HAIL 4 = ICE PELLETS
TOTAL MONTH: 0.0 INCH 5 = HAIL
GRTST 24HR 0.0 6 = FREEZING RAIN OR DRIZZLE
GRTST DEPTH: 0 7 = DUSTSTORM OR SANDSTORM:
VSBY 1/2 MILE OR LESS
8 = SMOKE OR HAZE
[NO. OF DAYS WITH] [WEATHER - DAYS WITH] 9 = BLOWING SNOW
X = TORNADO
MAX 32 OR BELOW: 0 0.01 INCH OR MORE: 7
MAX 90 OR ABOVE: 0 0.10 INCH OR MORE: 5
MIN 32 OR BELOW: 5 0.50 INCH OR MORE: 2
MIN 0 OR BELOW: 0 1.00 INCH OR MORE: 1
[HDD (BASE 65) ]
TOTAL THIS MO. 388 CLEAR (SCALE 0-3) 7
DPTR FM NORMAL -67 PTCLDY (SCALE 4-7) 18
TOTAL FM JUL 1 613 CLOUDY (SCALE 8-10) 5
DPTR FM NORMAL -32
[CDD (BASE 65) ]
TOTAL THIS MO. 23
DPTR FM NORMAL 21 [PRESSURE DATA]
TOTAL FM JAN 1 1793 HIGHEST SLP 30.66 ON 9
DPTR FM NORMAL 56 LOWEST SLP 29.44 ON 27
[REMARKS]
#FINAL-11-22#