000
CXUS53 KILX 010900
CF6DEC
PRELIMINARY LOCAL CLIMATOLOGICAL DATA (WS FORM: F-6)
STATION: DECATUR IL AIRPORT
MONTH: JUNE
YEAR: 2023
LATITUDE: 39 49 N
LONGITUDE: 88 51 W
TEMPERATURE IN F: :PCPN: SNOW: WIND :SUNSHINE: SKY :PK WND
================================================================================
1 2 3 4 5 6A 6B 7 8 9 10 11 12 13 14 15 16 17 18
12Z AVG MX 2MIN
DY MAX MIN AVG DEP HDD CDD WTR SNW DPTH SPD SPD DIR MIN PSBL S-S WX SPD DR
================================================================================
1 88 62 75 6 0 10 0.02 M M 5.0 18 230 M M 2 3 23 230
2 94 63 79 10 0 14 0.00 M M 6.3 17 50 M M 0 1 23 50
3 94 60 77 7 0 12 0.00 M M 9.5 21 50 M M 1 28 40
4 91 60 76 6 0 11 0.00 M M 10.2 20 40 M M 1 8 31 40
5 84 52 68 -2 0 3 0.00 M M 7.6 18 30 M M 0 23 40
6 90 56 73 2 0 8 T M M 5.6 17 10 M M 3 22 20
7 80 55 68 -3 0 3 0.04 M M 7.3 15 30 M M 5 1 20 40
8 80 47 64 -7 1 0 0.00 M M 5.0 15 50 M M 0 20 30
9 82 47 65 -6 0 0 0.00 M M 2.8 15 30 M M 0 22 30
10 85 51 68 -4 0 3 0.00 M M 6.4 14 180 M M 0 24 190
11 72 56 64 -8 1 0 0.42 M M 13.4 24 340 M M 9 1 32 350
12 73 53 63 -9 2 0 0.00 M M 10.0 20 280 M M 5 28 280
13 82 58 70 -2 0 5 T M M 13.0 23 250 M M 4 33 250
14 81 64 73 0 0 8 0.00 M M 6.1 13 270 M M 1 19 270
15 90 58 74 1 0 9 0.00 M M 8.1 20 60 M M 0 8 26 300
16 78 53 66 -7 0 1 0.00 M M 8.1 16 50 M M 1 21 40
17 81 50 66 -7 0 1 0.00 M M 4.8 10 160 M M 0 18 17 150
18 84 58 71 -3 0 6 0.00 M M 8.7 20 180 M M 2 23 170
19 89 61 75 1 0 10 0.00 M M 8.5 16 20 M M 1 23 20
20 92 61 77 3 0 12 0.00 M M 11.9 22 80 M M 1 30 80
21 89 63 76 2 0 11 0.00 M M 10.8 24 100 M M 1 33 90
22 88 60 74 0 0 9 0.00 M M 4.8 17 70 M M 3 22 50
23 88 59 74 0 0 9 0.00 M M 4.3 15 20 M M 1 8 20 20
24 93 62 78 3 0 13 0.00 M M 7.0 16 180 M M 0 22 170
25 92 75 84 9 0 19 0.00 M M 14.2 29 270 M M 2 3 42 260
26 83 69 76 1 0 11 0.00 M M 12.7 24 300 M M 6 34 290
27 84 61 73 -2 0 8 0.00 M M 8.0 17 330 M M 6 18 23 320
28 81 56 69 -6 0 4 T M M 8.2 18 170 M M 9 138 26 170
29 84 66 75 0 0 10 1.16 M M 10.0 45 270 M M 4 138 75 270
30 87 62 75 0 0 10 T M M 5.0 25 330 M M 1 123 36 350
================================================================================
SM 2559 1758 4 220 1.64 M 243.3 M 69
================================================================================
AV 85.3 58.6 8.1 FASTST M M 2 MAX(MPH)
MISC ----> 45 270 75 270
================================================================================
NOTES:
# LAST OF SEVERAL OCCURRENCES
COLUMN 17 PEAK WIND IN M.P.H.
PRELIMINARY LOCAL CLIMATOLOGICAL DATA (WS FORM: F-6) , PAGE 2
STATION: DECATUR IL AIRPORT
MONTH: JUNE
YEAR: 2023
LATITUDE: 39 49 N
LONGITUDE: 88 51 W
[TEMPERATURE DATA] [PRECIPITATION DATA] SYMBOLS USED IN COLUMN 16
AVERAGE MONTHLY: 72.0 TOTAL FOR MONTH: 1.64 1 = FOG OR MIST
DPTR FM NORMAL: -0.7 DPTR FM NORMAL: -2.74 2 = FOG REDUCING VISIBILITY
HIGHEST: 94 ON 3, 2 GRTST 24HR 1.16 ON 28-29 TO 1/4 MILE OR LESS
LOWEST: 47 ON 9, 8 3 = THUNDER
SNOW, ICE PELLETS, HAIL 4 = ICE PELLETS
TOTAL MONTH: M 5 = HAIL
GRTST 24HR M ON M 6 = FREEZING RAIN OR DRIZZLE
GRTST DEPTH: M ON M 7 = DUSTSTORM OR SANDSTORM:
VSBY 1/2 MILE OR LESS
8 = SMOKE OR HAZE
[NO. OF DAYS WITH] [WEATHER - DAYS WITH] 9 = BLOWING SNOW
X = TORNADO
MAX 32 OR BELOW: 0 0.01 INCH OR MORE: 4
MAX 90 OR ABOVE: 8 0.10 INCH OR MORE: 2
MIN 32 OR BELOW: 0 0.50 INCH OR MORE: 1
MIN 0 OR BELOW: 0 1.00 INCH OR MORE: 1
[HDD (BASE 65) ]
TOTAL THIS MO. 4 CLEAR (SCALE 0-3) 22
DPTR FM NORMAL -7 PTCLDY (SCALE 4-7) 6
TOTAL FM JUL 1 4861 CLOUDY (SCALE 8-10) 2
DPTR FM NORMAL -529
[CDD (BASE 65) ]
TOTAL THIS MO. 220
DPTR FM NORMAL -22 [PRESSURE DATA]
TOTAL FM JAN 1 312 HIGHEST SLP 30.11 ON 29
DPTR FM NORMAL -40 LOWEST SLP 29.64 ON 14
[REMARKS]
#FINAL-06-23#