000
CXUS55 KBOU 010900
CF6DEN
PRELIMINARY LOCAL CLIMATOLOGICAL DATA (WS FORM: F-6)
STATION: DENVER CO
MONTH: JUNE
YEAR: 2022
LATITUDE: 39 52 N
LONGITUDE: 104 40 W
TEMPERATURE IN F: :PCPN: SNOW: WIND :SUNSHINE: SKY :PK WND
================================================================================
1 2 3 4 5 6A 6B 7 8 9 10 11 12 13 14 15 16 17 18
12Z AVG MX 2MIN
DY MAX MIN AVG DEP HDD CDD WTR SNW DPTH SPD SPD DIR MIN PSBL S-S WX SPD DR
================================================================================
1 58 39 49 -15 16 0 0.52 0.0 0 8.1 21 10 M M 9 1 27 10
2 71 43 57 -7 8 0 0.00 0.0 0 7.1 17 170 M M 5 22 170
3 77 48 63 -1 2 0 T 0.0 0 7.8 23 120 M M 6 46 130
4 86 51 69 4 0 4 T 0.0 0 8.2 31 40 M M 4 39 40
5 84 57 71 6 0 6 T 0.0 0 7.5 24 310 M M 8 31 320
6 81 52 67 2 0 2 T 0.0 0 7.7 29 250 M M 7 3 37 250
7 82 53 68 2 0 3 0.00 0.0 0 8.9 30 50 M M 7 40 20
8 79 50 65 -1 0 0 0.00 0.0 0 11.1 23 140 M M 4 32 110
9 90 55 73 7 0 8 0.00 0.0 0 7.7 23 180 M M 6 3 31 180
10 90 52 71 5 0 6 0.00 0.0 0 7.8 18 200 M M 5 24 200
11 100 64 82 15 0 17 T 0.0 0 8.4 21 150 M M 3 28 140
12 95 61 78 11 0 13 0.01 0.0 0 10.0 30 190 M M 4 3X 47 200
13 99 58 79 11 0 14 0.00 0.0 0 12.7 32 30 M M 2 42 30
14 85 50 68 0 0 3 0.00 0.0 0 15.0 29 60 M M 3 41 50
15 88 47 68 0 0 3 0.00 0.0 0 8.9 25 160 M M 1 33 170
16 94 50 72 4 0 7 0.00 0.0 0 10.5 23 90 M M 2 3 31 110
17 99 58 79 10 0 14 0.00 0.0 0 11.2 29 150 M M 5 37 150
18 92 64 78 9 0 13 T 0.0 0 14.1 26 210 M M 6 3 42 180
19 91 67 79 10 0 14 0.00 0.0 0 16.5 40 260 M M 7 55 260
20 89 57 73 3 0 8 0.00 0.0 0 14.1 26 180 M M 6 36 210
21 78 50 64 -6 1 0 0.00 0.0 0 15.1 29 140 M M 6 38 140
22 88 51 70 0 0 5 0.00 0.0 0 9.4 21 160 M M 6 30 160
23 93 58 76 5 0 11 0.00 0.0 0 9.5 21 290 M M 5 28 280
24 91 59 75 4 0 10 T 0.0 0 8.3 37 290 M M 4 46 280
25 72 53 63 -8 2 0 0.00 0.0 0 9.3 26 10 M M 7 36 10
26 71 56 64 -8 1 0 T 0.0 0 10.6 21 190 M M 9 29 170
27 88 54 71 -1 0 6 T 0.0 0 7.9 28 350 M M 5 8 36 330
28 95 55 75 3 0 10 0.00 0.0 0 10.8 24 190 M M 3 8 32 190
29 93 61 77 5 0 12 0.05 0.0 0 12.3 28 310 M M 7 3 34 340
30 82 57 70 -3 0 5 T 0.0 0 13.3 33 210 M M 8 43 330
================================================================================
SM 2581 1630 30 194 0.58 0.0 309.8 M 160
================================================================================
AV 86.0 54.3 10.3 FASTST M M 5 MAX(MPH)
MISC ----> 40 260 55 260
================================================================================
NOTES:
# LAST OF SEVERAL OCCURRENCES
COLUMN 17 PEAK WIND IN M.P.H.
PRELIMINARY LOCAL CLIMATOLOGICAL DATA (WS FORM: F-6) , PAGE 2
STATION: DENVER CO
MONTH: JUNE
YEAR: 2022
LATITUDE: 39 52 N
LONGITUDE: 104 40 W
[TEMPERATURE DATA] [PRECIPITATION DATA] SYMBOLS USED IN COLUMN 16
AVERAGE MONTHLY: 70.2 TOTAL FOR MONTH: 0.58 1 = FOG OR MIST
DPTR FM NORMAL: 2.0 DPTR FM NORMAL: -1.36 2 = FOG REDUCING VISIBILITY
HIGHEST: 100 ON 11 GRTST 24HR 1.23 ON 31- 1 TO 1/4 MILE OR LESS
LOWEST: 39 ON 1 3 = THUNDER
SNOW, ICE PELLETS, HAIL 4 = ICE PELLETS
TOTAL MONTH: 0.0 INCH 5 = HAIL
GRTST 24HR 0.0 6 = FREEZING RAIN OR DRIZZLE
GRTST DEPTH: 0 7 = DUSTSTORM OR SANDSTORM:
VSBY 1/2 MILE OR LESS
8 = SMOKE OR HAZE
[NO. OF DAYS WITH] [WEATHER - DAYS WITH] 9 = BLOWING SNOW
X = TORNADO
MAX 32 OR BELOW: 0 0.01 INCH OR MORE: 3
MAX 90 OR ABOVE: 13 0.10 INCH OR MORE: 1
MIN 32 OR BELOW: 0 0.50 INCH OR MORE: 1
MIN 0 OR BELOW: 0 1.00 INCH OR MORE: 0
[HDD (BASE 65) ]
TOTAL THIS MO. 30 CLEAR (SCALE 0-3) 5
DPTR FM NORMAL -22 PTCLDY (SCALE 4-7) 23
TOTAL FM JUL 1 5411 CLOUDY (SCALE 8-10) 2
DPTR FM NORMAL -451
[CDD (BASE 65) ]
TOTAL THIS MO. 194
DPTR FM NORMAL 47 [PRESSURE DATA]
TOTAL FM JAN 1 225 HIGHEST SLP M ON M
DPTR FM NORMAL 51 LOWEST SLP 29.22 ON 13
[REMARKS]
#FINAL-06-22#