000
CXUS54 KSHV 100953
CF6DEQ
PRELIMINARY LOCAL CLIMATOLOGICAL DATA (WS FORM: F-6)
STATION: DE QUEEN
MONTH: JULY
YEAR: 2020
LATITUDE: 34 2 N
LONGITUDE: 94 24 W
TEMPERATURE IN F: :PCPN: SNOW: WIND :SUNSHINE: SKY :PK WND
================================================================================
1 2 3 4 5 6A 6B 7 8 9 10 11 12 13 14 15 16 17 18
12Z AVG MX 2MIN
DY MAX MIN AVG DEP HDD CDD WTR SNW DPTH SPD SPD DIR MIN PSBL S-S WX SPD DR
================================================================================
1 90 75 83 3 0 18 0.00 0.0 0 4.2 13 210 M M 6 1 18 220
2 93 75 84 4 0 19 0.00 0.0 0 3.2 9 240 M M 4 1 13 160
3 95 72 84 3 0 19 0.43 0.0 0 2.6 32 110 M M 1 38 41 60
4 89 70 80 -1 0 15 0.20 0.0 0 2.4 7 80 M M 2 13 10 20
5 88 74 81 0 0 16 0.07 0.0 0 4.1 16 80 M M 7 13 24 80
6 87 73 80 -1 0 15 0.11 0.0 0 3.3 15 190 M M 6 138 20 190
7 88 73 81 0 0 16 0.00 0.0 0 3.2 9 170 M M 4 1 12 210
8 91 74 83 2 0 18 0.00 0.0 0 2.3 9 180 M M 5 12 150
9 89 76 83 2 0 18 0.00 0.0 0 3.3 15 150 M M 4 1 21 150
10 94 74 84 3 0 19 0.00 0.0 0 2.1 10 260 M M 1 1 13 270
11 97 74 86 5 0 21 0.00 0.0 0 3.5 16 360 M M 0 13 24 360
12 96 72 84 3 0 19 0.28 0.0 0 5.2 28 230 M M 2 13 36 310
13 90 73 82 1 0 17 0.00 0.0 0 4.9 17 140 M M 2 1 21 140
14 95 77 86 5 0 21 0.00 0.0 0 4.3 12 160 M M 1 16 150
15 94 76 85 4 0 20 0.00 0.0 0 4.7 13 250 M M 0 17 230
16 96 75 86 5 0 21 0.00 0.0 0 2.8 9 210 M M 1 1 12 180
17 93 73 83 2 0 18 0.00 0.0 0 4.0 13 140 M M 1 17 130
18 92 72 82 1 0 17 0.00 0.0 0 3.5 12 170 M M 0 18 160
19 94 72 83 2 0 18 0.00 0.0 0 3.0 10 190 M M 1 1 16 130
20 95 72 84 3 0 19 0.00 0.0 0 3.0 20 150 M M 1 13 27 140
21 91 72 82 1 0 17 0.04 0.0 0 2.6 7 120 M M 2 M M
22 90 74 82 1 0 17 T 0.0 0 2.9 14 120 M M 4 3 17 120
23 92 75 84 3 0 19 0.00 0.0 0 2.5 17 110 M M 6 3 24 110
24 92 75 84 3 0 19 T 0.0 0 6.2 17 120 M M 1 22 120
25 91 75 83 2 0 18 T 0.0 0 5.2 13 120 M M 4 17 130
26 92 74 83 2 0 18 0.00 0.0 0 3.5 12 140 M M 3 16 150
27 90 70 80 -1 0 15 0.00 0.0 0 1.9 9 220 M M 4 1 12 210
28 92 71 82 1 0 17 0.00 0.0 0 3.0 12 160 M M 3 1 16 170
29 93 76 85 4 0 20 T 0.0 0 3.7 13 210 M M 4 17 230
30 96 72 84 3 0 19 0.15 0.0 0 6.5 31 300 M M 3 3 44 300
31 88 69 79 -2 0 14 0.59 0.0 0 5.6 18 300 M M 6 13 25 270
================================================================================
SM 2853 2275 0 557 1.87 0.0 113.2 M 89
================================================================================
AV 92.0 73.4 3.7 FASTST M M 3 MAX(MPH)
MISC ----> # 32 110 # 44 300
================================================================================
NOTES:
# LAST OF SEVERAL OCCURRENCES
COLUMN 17 PEAK WIND IN M.P.H.
PRELIMINARY LOCAL CLIMATOLOGICAL DATA (WS FORM: F-6) , PAGE 2
STATION: DE QUEEN
MONTH: JULY
YEAR: 2020
LATITUDE: 34 2 N
LONGITUDE: 94 24 W
[TEMPERATURE DATA] [PRECIPITATION DATA] SYMBOLS USED IN COLUMN 16
AVERAGE MONTHLY: 82.7 TOTAL FOR MONTH: 1.87 1 = FOG OR MIST
DPTR FM NORMAL: 1.6 DPTR FM NORMAL: -1.91 2 = FOG REDUCING VISIBILITY
HIGHEST: 97 ON 11 GRTST 24HR 0.59 ON 31-31 TO 1/4 MILE OR LESS
LOWEST: 69 ON 31 3 = THUNDER
SNOW, ICE PELLETS, HAIL 4 = ICE PELLETS
TOTAL MONTH: 0.0 INCH 5 = HAIL
GRTST 24HR 0.0 6 = FREEZING RAIN OR DRIZZLE
GRTST DEPTH: 0 7 = DUSTSTORM OR SANDSTORM:
VSBY 1/2 MILE OR LESS
8 = SMOKE OR HAZE
[NO. OF DAYS WITH] [WEATHER - DAYS WITH] 9 = BLOWING SNOW
X = TORNADO
MAX 32 OR BELOW: 0 0.01 INCH OR MORE: 8
MAX 90 OR ABOVE: 25 0.10 INCH OR MORE: 6
MIN 32 OR BELOW: 0 0.50 INCH OR MORE: 1
MIN 0 OR BELOW: 0 1.00 INCH OR MORE: 0
[HDD (BASE 65) ]
TOTAL THIS MO. 0 CLEAR (SCALE 0-3) 17
DPTR FM NORMAL 0 PTCLDY (SCALE 4-7) 14
TOTAL FM JUL 1 0 CLOUDY (SCALE 8-10) 0
DPTR FM NORMAL 0
[CDD (BASE 65) ]
TOTAL THIS MO. 557
DPTR FM NORMAL 60 [PRESSURE DATA]
TOTAL FM JAN 1 1203 HIGHEST SLP 30.09 ON 26
DPTR FM NORMAL 111 LOWEST SLP 29.71 ON 12
[REMARKS]
#FINAL-07-20#