000
CXUS56 KOTX 011213
CLMDEW
CLIMATE REPORT
NATIONAL WEATHER SERVICE SPOKANE WA
413 AM PST MON JAN 01 2024
...................................
...THE DEER_PARK WA AIRPORT CLIMATE SUMMARY FOR THE MONTH OF DECEMBER 2023...
CLIMATE NORMAL PERIOD 1991 TO 2020
CLIMATE RECORD PERIOD 9999 TO 9999
WEATHER OBSERVED NORMAL DEPART LAST YEAR`S
VALUE DATE(S) VALUE FROM VALUE DATE(S)
NORMAL
................................................................
TEMPERATURE (F)
RECORD
HIGH 59 12/01/2021
12/01/2021
LOW -17 12/20/2008
HIGHEST 49 12/05 MM MM 45 12/27
LOWEST 13 12/03 MM MM -14 12/21
AVG. MAXIMUM 38.5 33.1 5.4 28.1
AVG. MINIMUM 27.6 21.3 6.3 16.6
MEAN 33.0 27.2 5.8 22.4
DAYS MAX >= 90 0 0.0 0.0 0
DAYS MAX <= 32 2 12.8 -10.8 21
DAYS MIN <= 32 22 28.2 -6.2 27
DAYS MIN <= 0 0 1.6 -1.6 3
PRECIPITATION (INCHES)
RECORD
MAXIMUM 5.80 2015
MINIMUM 0.76 2013
TOTALS 3.87 3.06 0.81 4.55
DAILY AVG. 0.12 0.10 0.02 0.15
DAYS >= .01 13 14.8 -1.8 14
DAYS >= .10 9 8.7 0.3 7
DAYS >= .50 2 1.8 0.2 4
DAYS >= 1.00 2 0.3 1.7 1
GREATEST
24 HR. TOTAL 1.38 12/05 TO 12/06 1.79
DEGREE DAYS
HEATING TOTAL 982 1172 -190 1315
SINCE 7/1 2694 3113 -419 MM
COOLING TOTAL 0 0 0 0
SINCE 1/1 408 216 192 MM
................................................................
WIND (MPH)
AVERAGE WIND SPEED 4.2
HIGHEST WIND SPEED/DIRECTION 23/040 DATE 12/27
HIGHEST GUST SPEED/DIRECTION 32/030 DATE 12/27
SKY COVER
POSSIBLE SUNSHINE (PERCENT) MM
AVERAGE SKY COVER 0.75
NUMBER OF DAYS FAIR 5
NUMBER OF DAYS PC 7
NUMBER OF DAYS CLOUDY 19
AVERAGE RH (PERCENT) 85
WEATHER CONDITIONS. NUMBER OF DAYS WITH
THUNDERSTORM 0 MIXED PRECIP 5
HEAVY RAIN 0 RAIN 3
LIGHT RAIN 12 FREEZING RAIN 0
LT FREEZING RAIN 1 HAIL 0
HEAVY SNOW 0 SNOW 4
LIGHT SNOW 9 SLEET 0
FOG 23 FOG W/VIS <= 1/4 MILE 14
HAZE 5
- INDICATES NEGATIVE NUMBERS.
R INDICATES RECORD WAS SET OR TIED.
MM INDICATES DATA IS MISSING.
T INDICATES TRACE AMOUNT.
$$