000
CXUS54 KFWD 010730
CF6DFW
PRELIMINARY LOCAL CLIMATOLOGICAL DATA (WS FORM: F-6)
STATION: DALLAS/FORT WORTH
MONTH: JULY
YEAR: 2023
LATITUDE: 32 54 N
LONGITUDE: 97 2 W
TEMPERATURE IN F: :PCPN: SNOW: WIND :SUNSHINE: SKY :PK WND
================================================================================
1 2 3 4 5 6A 6B 7 8 9 10 11 12 13 14 15 16 17 18
12Z AVG MX 2MIN
DY MAX MIN AVG DEP HDD CDD WTR SNW DPTH SPD SPD DIR MIN PSBL S-S WX SPD DR
================================================================================
1 89 78 84 0 0 19 0.00 0.0 0 9.5 21 330 M M 8 26 180
2 92 73 83 -1 0 18 0.00 0.0 0 7.4 21 220 M M 7 3 25 220
3 100 75 88 4 0 23 0.00 0.0 0 11.0 25 60 M M 5 3 34 60
4 99 74 87 3 0 22 0.00 0.0 0 10.9 20 150 M M 5 27 170
5 98 80 89 5 0 24 0.00 0.0 0 11.5 21 190 M M 3 26 140
6 97 80 89 4 0 24 0.00 0.0 0 9.2 20 200 M M 6 3 24 190
7 96 78 87 2 0 22 0.00 0.0 0 13.4 23 190 M M 4 31 180
8 98 79 89 4 0 24 T 0.0 0 10.5 22 130 M M 7 29 130
9 90 74 82 -3 0 17 0.12 0.0 0 9.3 28 300 M M 6 13 38 290
10 98 78 88 3 0 23 0.00 0.0 0 8.3 17 120 M M 6 3 26 130
11 97 77 87 2 0 22 0.03 0.0 0 11.3 26 20 M M 5 3 34 20
12 105 82 94 9 0 29 0.00 0.0 0 14.4 23 200 M M 2 28 200
13 104 81 93 7 0 28 T 0.0 0 15.0 25 190 M M 5 33 190
14 103 84 94 8 0 29 0.00 0.0 0 13.8 23 180 M M 7 30 180
15 101 83 92 6 0 27 0.00 0.0 0 11.1 22 190 M M 5 30 190
16 88 74 81 -5 0 16 0.32 0.0 0 8.5 25 320 M M 5 13 31 320
17 106 74 90 4 0 25 0.00 0.0 0 9.3 18 180 M M 2 26 170
18 108 82 95 9 0 30 0.00 0.0 0 15.3 24 190 M M 1 31 170
19 105 83 94 8 0 29 0.00 0.0 0 14.5 21 190 M M 1 29 180
20 104 83 94 8 0 29 0.00 0.0 0 10.7 20 200 M M 5 24 220
21 103 82 93 7 0 28 0.00 0.0 0 9.8 21 30 M M 5 25 50
22 93 77 85 -1 0 20 0.00 0.0 0 10.8 17 30 M M 3 26 30
23 98 73 86 0 0 21 0.00 0.0 0 4.5 14 110 M M 1 18 110
24 102 76 89 2 0 24 0.00 0.0 0 8.5 16 140 M M 1 23 120
25 104 78 91 4 0 26 0.00 0.0 0 10.5 20 190 M M 1 31 140
26 102 81 92 5 0 27 0.00 0.0 0 12.7 21 170 M M 3 29 220
27 101 82 92 5 0 27 0.00 0.0 0 11.6 18 180 M M 1 8 28 140
28 102 81 92 5 0 27 0.00 0.0 0 10.7 20 190 M M 1 26 160
29 103 80 92 5 0 27 0.00 0.0 0 7.6 14 150 M M 2 21 140
30 104 79 92 5 0 27 0.00 0.0 0 6.3 15 100 M M 1 20 190
31 105 80 93 6 0 28 0.00 0.0 0 7.9 16 130 M M 3 23 210
================================================================================
SM 3095 2441 0 762 0.47 0.0 325.8 M 117
================================================================================
AV 99.8 78.7 10.5 FASTST M M 4 MAX(MPH)
MISC ----> 28 300 38 290
================================================================================
NOTES:
# LAST OF SEVERAL OCCURRENCES
COLUMN 17 PEAK WIND IN M.P.H.
PRELIMINARY LOCAL CLIMATOLOGICAL DATA (WS FORM: F-6) , PAGE 2
STATION: DALLAS/FORT WORTH
MONTH: JULY
YEAR: 2023
LATITUDE: 32 54 N
LONGITUDE: 97 2 W
[TEMPERATURE DATA] [PRECIPITATION DATA] SYMBOLS USED IN COLUMN 16
AVERAGE MONTHLY: 89.3 TOTAL FOR MONTH: 0.47 1 = FOG OR MIST
DPTR FM NORMAL: 3.6 DPTR FM NORMAL: -1.61 2 = FOG REDUCING VISIBILITY
HIGHEST: 108 ON 18 GRTST 24HR 0.32 ON 16-16 TO 1/4 MILE OR LESS
LOWEST: 73 ON 23, 2 3 = THUNDER
SNOW, ICE PELLETS, HAIL 4 = ICE PELLETS
TOTAL MONTH: 0.0 INCH 5 = HAIL
GRTST 24HR 0.0 6 = FREEZING RAIN OR DRIZZLE
GRTST DEPTH: 0 7 = DUSTSTORM OR SANDSTORM:
VSBY 1/2 MILE OR LESS
8 = SMOKE OR HAZE
[NO. OF DAYS WITH] [WEATHER - DAYS WITH] 9 = BLOWING SNOW
X = TORNADO
MAX 32 OR BELOW: 0 0.01 INCH OR MORE: 3
MAX 90 OR ABOVE: 29 0.10 INCH OR MORE: 2
MIN 32 OR BELOW: 0 0.50 INCH OR MORE: 0
MIN 0 OR BELOW: 0 1.00 INCH OR MORE: 0
[HDD (BASE 65) ]
TOTAL THIS MO. 0 CLEAR (SCALE 0-3) 14
DPTR FM NORMAL 0 PTCLDY (SCALE 4-7) 17
TOTAL FM JUL 1 0 CLOUDY (SCALE 8-10) 0
DPTR FM NORMAL 0
[CDD (BASE 65) ]
TOTAL THIS MO. 762
DPTR FM NORMAL 120 [PRESSURE DATA]
TOTAL FM JAN 1 1843 HIGHEST SLP M ON M
DPTR FM NORMAL 258 LOWEST SLP 29.70 ON 13
[REMARKS]
#FINAL-07-23#