000
CXUS54 KFWD 010730
CF6DFW
PRELIMINARY LOCAL CLIMATOLOGICAL DATA (WS FORM: F-6)
STATION: DALLAS/FORT WORTH
MONTH: APRIL
YEAR: 2023
LATITUDE: 32 54 N
LONGITUDE: 97 2 W
TEMPERATURE IN F: :PCPN: SNOW: WIND :SUNSHINE: SKY :PK WND
================================================================================
1 2 3 4 5 6A 6B 7 8 9 10 11 12 13 14 15 16 17 18
12Z AVG MX 2MIN
DY MAX MIN AVG DEP HDD CDD WTR SNW DPTH SPD SPD DIR MIN PSBL S-S WX SPD DR
================================================================================
1 76 55 66 4 0 1 0.00 0.0 0 9.7 22 10 M M 6 29 320
2 80 55 68 5 0 3 0.60 0.0 0 11.0 29 320 M M 8 1358 41 330
3 94 64 79 16 0 14 0.00 0.0 0 16.6 25 170 M M 3 1 39 210
4 82 72 77 14 0 12 0.00 0.0 0 19.7 26 190 M M 9 36 160
5 77 52 65 2 0 0 T 0.0 0 15.5 29 320 M M 8 3 36 330
6 59 49 54 -10 11 0 0.00 0.0 0 13.1 20 30 M M 9 27 20
7 63 53 58 -6 7 0 0.00 0.0 0 9.5 15 30 M M 10 20 60
8 74 55 65 1 0 0 0.00 0.0 0 5.1 10 80 M M 7 20 120
9 73 54 64 0 1 0 0.00 0.0 0 2.9 16 130 M M 7 22 130
10 76 55 66 2 0 1 0.00 0.0 0 6.7 14 110 M M 6 19 140
11 77 53 65 0 0 0 0.00 0.0 0 5.0 15 110 M M 2 20 110
12 79 54 67 2 0 2 0.00 0.0 0 7.1 17 140 M M 3 23 140
13 80 54 67 2 0 2 0.00 0.0 0 8.9 17 160 M M 4 31 170
14 81 60 71 6 0 6 T 0.0 0 17.0 28 190 M M 7 36 170
15 81 58 70 4 0 5 0.00 0.0 0 17.3 29 360 M M 4 40 10
16 74 50 62 -4 3 0 0.00 0.0 0 9.2 20 340 M M 0 30 330
17 82 49 66 0 0 1 0.00 0.0 0 11.6 25 190 M M 3 8 36 200
18 76 61 69 3 0 4 0.00 0.0 0 16.0 28 180 M M 6 36 180
19 85 66 76 10 0 11 T 0.0 0 20.3 31 170 M M 7 42 190
20 85 62 74 7 0 9 0.94 0.0 0 14.3 30 180 M M 9 1358 42 170
21 77 56 67 0 0 2 0.00 0.0 0 9.7 23 30 M M 4 31 30
22 73 52 63 -4 2 0 T 0.0 0 9.8 25 10 M M 8 32 10
23 59 47 53 -14 12 0 0.10 0.0 0 10.1 22 30 M M 9 1 31 30
24 70 45 58 -10 7 0 T 0.0 0 8.2 16 130 M M 7 21 130
25 73 59 66 -2 0 1 0.01 0.0 0 9.7 18 130 M M 10 26 120
26 64 55 60 -8 5 0 1.41 0.0 0 10.2 32 130 M M 10 13 42 130
27 69 55 62 -6 3 0 T 0.0 0 10.4 22 310 M M 7 1 29 320
28 72 49 61 -7 4 0 0.06 0.0 0 12.6 29 330 M M 7 3 36 340
29 73 53 63 -6 2 0 0.00 0.0 0 17.3 29 340 M M 6 37 330
30 83 49 66 -3 0 1 0.00 0.0 0 9.0 16 70 M M 1 22 80
================================================================================
SM 2267 1651 57 75 3.12 0.0 343.5 M 187
================================================================================
AV 75.6 55.0 11.5 FASTST M M 6 MAX(MPH)
MISC ----> 32 130 # 42 190
================================================================================
NOTES:
# LAST OF SEVERAL OCCURRENCES
COLUMN 17 PEAK WIND IN M.P.H.
PRELIMINARY LOCAL CLIMATOLOGICAL DATA (WS FORM: F-6) , PAGE 2
STATION: DALLAS/FORT WORTH
MONTH: APRIL
YEAR: 2023
LATITUDE: 32 54 N
LONGITUDE: 97 2 W
[TEMPERATURE DATA] [PRECIPITATION DATA] SYMBOLS USED IN COLUMN 16
AVERAGE MONTHLY: 65.3 TOTAL FOR MONTH: 3.12 1 = FOG OR MIST
DPTR FM NORMAL: -0.3 DPTR FM NORMAL: -0.10 2 = FOG REDUCING VISIBILITY
HIGHEST: 94 ON 3 GRTST 24HR 1.42 ON 25-26 TO 1/4 MILE OR LESS
LOWEST: 45 ON 24 3 = THUNDER
SNOW, ICE PELLETS, HAIL 4 = ICE PELLETS
TOTAL MONTH: 0.0 INCH 5 = HAIL
GRTST 24HR 0.0 6 = FREEZING RAIN OR DRIZZLE
GRTST DEPTH: 0 7 = DUSTSTORM OR SANDSTORM:
VSBY 1/2 MILE OR LESS
8 = SMOKE OR HAZE
[NO. OF DAYS WITH] [WEATHER - DAYS WITH] 9 = BLOWING SNOW
X = TORNADO
MAX 32 OR BELOW: 0 0.01 INCH OR MORE: 6
MAX 90 OR ABOVE: 1 0.10 INCH OR MORE: 4
MIN 32 OR BELOW: 0 0.50 INCH OR MORE: 3
MIN 0 OR BELOW: 0 1.00 INCH OR MORE: 1
[HDD (BASE 65) ]
TOTAL THIS MO. 57 CLEAR (SCALE 0-3) 6
DPTR FM NORMAL -25 PTCLDY (SCALE 4-7) 17
TOTAL FM JUL 1 1839 CLOUDY (SCALE 8-10) 7
DPTR FM NORMAL -369
[CDD (BASE 65) ]
TOTAL THIS MO. 75
DPTR FM NORMAL -27 [PRESSURE DATA]
TOTAL FM JAN 1 166 HIGHEST SLP M ON M
DPTR FM NORMAL 19 LOWEST SLP 29.49 ON 4
[REMARKS]
#FINAL-04-23#