000
CXUS54 KFWD 010830
CF6DFW
PRELIMINARY LOCAL CLIMATOLOGICAL DATA (WS FORM: F-6)
STATION: DALLAS/FORT WORTH
MONTH: FEBRUARY
YEAR: 2021
LATITUDE: 32 54 N
LONGITUDE: 97 2 W
TEMPERATURE IN F: :PCPN: SNOW: WIND :SUNSHINE: SKY :PK WND
================================================================================
1 2 3 4 5 6A 6B 7 8 9 10 11 12 13 14 15 16 17 18
12Z AVG MX 2MIN
DY MAX MIN AVG DEP HDD CDD WTR SNW DPTH SPD SPD DIR MIN PSBL S-S WX SPD DR
================================================================================
1 59 34 47 0 18 0 0.00 0.0 0 7.1 14 350 M M 3 19 330
2 64 39 52 5 13 0 0.00 0.0 0 8.0 16 110 M M 7 20 180
3 72 39 56 8 9 0 0.00 0.0 0 14.9 28 190 M M 6 37 190
4 64 44 54 6 11 0 0.00 0.0 0 16.0 29 190 M M 5 40 190
5 58 37 48 0 17 0 0.00 0.0 0 6.1 13 160 M M 5 20 140
6 59 38 49 1 16 0 0.00 0.0 0 11.6 24 320 M M 7 32 310
7 57 35 46 -2 19 0 0.00 0.0 0 9.2 18 170 M M 4 26 160
8 67 39 53 5 12 0 0.01 0.0 0 13.8 24 340 M M 8 1 29 340
9 39 30 35 -14 30 0 T 0.0 0 12.4 18 350 M M 10 1 22 330
10 31 28 30 -19 35 0 T 0.0 0 13.7 21 360 M M 10 16 25 350
11 29 24 27 -22 38 0 T 0.0 0 15.1 22 350 M M 10 16 27 350
12 26 21 24 -25 41 0 T 0.0 0 15.5 21 360 M M 10 168 26 360
13 33 20 27 -22 38 0 T 0.0 0 15.4 22 10 M M 9 16 32 20
14 22 9 16 -34 49 0 0.14 4.0 T 18.3 25 340 M M 10 12469 35 10
15 14 4 9 -41 56 0 0.05 T 4 18.4 30 340 M M 5 8 36 330
16 18 -2 8 -42 57 0 0.02 T 3 6.8 16 140 M M 7 1 21 130
17 27 18 23 -27 42 0 0.16 1.0 4 9.0 15 350 M M 10 14568 19 350
18 31 22 27 -23 38 0 0.00 0.0 3 14.5 21 360 M M 8 26 340
19 40 15 28 -23 37 0 0.00 0.0 3 6.5 14 350 M M 0 18 170
20 56 22 39 -12 26 0 0.00 0.0 1 10.7 22 150 M M 0 1 29 170
21 74 44 59 8 6 0 0.00 0.0 0 16.0 24 330 M M 5 34 190
22 71 34 53 1 12 0 0.00 0.0 0 7.1 20 220 M M 0 25 220
23 81 42 62 10 3 0 0.00 0.0 0 16.1 29 200 M M 1 37 190
24 72 51 62 10 3 0 0.00 0.0 0 13.8 25 190 M M 1 31 190
25 53 45 49 -3 16 0 0.69 0.0 0 11.3 24 330 M M 8 13 29 330
26 57 46 52 -1 13 0 1.05 0.0 0 4.8 17 10 M M 9 13 21 10
27 71 50 61 8 4 0 0.01 0.0 0 8.2 17 180 M M 10 128 24 180
28 77 51 64 11 1 0 0.09 0.0 0 13.5 24 320 M M 10 13 33 310
================================================================================
SM 1422 879 660 0 2.22 5.0 333.8 M 178
================================================================================
AV 50.8 31.4 11.9 FASTST M M 6 MAX(MPH)
MISC ----> 30 340 40 190
================================================================================
NOTES:
# LAST OF SEVERAL OCCURRENCES
COLUMN 17 PEAK WIND IN M.P.H.
PRELIMINARY LOCAL CLIMATOLOGICAL DATA (WS FORM: F-6) , PAGE 2
STATION: DALLAS/FORT WORTH
MONTH: FEBRUARY
YEAR: 2021
LATITUDE: 32 54 N
LONGITUDE: 97 2 W
[TEMPERATURE DATA] [PRECIPITATION DATA] SYMBOLS USED IN COLUMN 16
AVERAGE MONTHLY: 41.1 TOTAL FOR MONTH: 2.22 1 = FOG OR MIST
DPTR FM NORMAL: -8.8 DPTR FM NORMAL: -0.44 2 = FOG REDUCING VISIBILITY
HIGHEST: 81 ON 23 GRTST 24HR 1.74 ON 25-26 TO 1/4 MILE OR LESS
LOWEST: -2 ON 16 3 = THUNDER
SNOW, ICE PELLETS, HAIL 4 = ICE PELLETS
TOTAL MONTH: 5.0 INCHES 5 = HAIL
GRTST 24HR 4.0 ON 14-14 6 = FREEZING RAIN OR DRIZZLE
GRTST DEPTH: 4 ON 17,15 7 = DUSTSTORM OR SANDSTORM:
VSBY 1/2 MILE OR LESS
8 = SMOKE OR HAZE
[NO. OF DAYS WITH] [WEATHER - DAYS WITH] 9 = BLOWING SNOW
X = TORNADO
MAX 32 OR BELOW: 8 0.01 INCH OR MORE: 9
MAX 90 OR ABOVE: 0 0.10 INCH OR MORE: 4
MIN 32 OR BELOW: 12 0.50 INCH OR MORE: 2
MIN 0 OR BELOW: 1 1.00 INCH OR MORE: 1
[HDD (BASE 65) ]
TOTAL THIS MO. 660 CLEAR (SCALE 0-3) 5
DPTR FM NORMAL 233 PTCLDY (SCALE 4-7) 13
TOTAL FM JUL 1 1984 CLOUDY (SCALE 8-10) 10
DPTR FM NORMAL 52
[CDD (BASE 65) ]
TOTAL THIS MO. 0
DPTR FM NORMAL -5 [PRESSURE DATA]
TOTAL FM JAN 1 0 HIGHEST SLP 30.56 ON 19
DPTR FM NORMAL -2 LOWEST SLP 29.61 ON 4
[REMARKS]
#FINAL-02-21#