000
CXUS54 KFWD 031148
CF6DFW
PRELIMINARY LOCAL CLIMATOLOGICAL DATA (WS FORM: F-6)
STATION: DALLAS FORT WORTH
MONTH: MARCH
YEAR: 2020
LATITUDE: 32 54 N
LONGITUDE: 97 2 W
TEMPERATURE IN F: :PCPN: SNOW: WIND :SUNSHINE: SKY :PK WND
================================================================================
1 2 3 4 5 6A 6B 7 8 9 10 11 12 13 14 15 16 17 18
12Z AVG MX 2MIN
DY MAX MIN AVG DEP HDD CDD WTR SNW DPTH SPD SPD DIR MIN PSBL S-S WX SPD DR
================================================================================
1 75 57 66 12 0 1 0.00 0.0 0 18.9 29 180 M M 8 35 190
2 71 55 63 9 2 0 0.00 0.0 0 8.7 17 190 M M 10 21 190
3 68 53 61 7 4 0 T 0.0 0 6.1 16 330 M M 10 20 350
4 59 50 55 1 10 0 0.88 0.0 0 13.8 29 60 M M 10 13 36 50
5 72 44 58 3 7 0 T 0.0 0 9.3 17 350 M M 2 23 330
6 67 40 54 -1 11 0 0.00 0.0 0 7.6 15 20 M M 3 25 40
7 63 45 54 -1 11 0 0.00 0.0 0 10.1 22 160 M M 6 26 150
8 70 47 59 4 6 0 0.00 0.0 0 14.6 25 180 M M 8 32 190
9 76 59 68 12 0 3 0.06 0.0 0 16.6 28 170 M M 9 1 34 170
10 80 48 64 8 1 0 0.00 0.0 0 8.1 18 180 M M 6 23 170
11 88 64 76 20 0 11 0.00 0.0 0 13.9 21 230 M M 7 26 220
12 85 65 75 18 0 10 0.01 0.0 0 12.6 25 210 M M 8 31 230
13 74 58 66 9 0 1 2.07 0.0 0 9.6 26 320 M M 10 13 37 320
14 71 52 62 5 3 0 0.12 0.0 0 10.0 25 320 M M 10 13 29 320
15 57 49 53 -4 12 0 0.53 0.0 0 10.4 17 10 M M 10 13 23 20
16 70 51 61 3 4 0 0.46 0.0 0 6.9 21 110 M M 9 13 27 80
17 68 59 64 6 1 0 0.11 0.0 0 7.5 18 140 M M 10 138 23 140
18 79 63 71 13 0 6 1.33 0.0 0 13.3 22 190 M M 9 13 30 180
19 83 63 73 15 0 8 0.43 0.0 0 18.4 41 260 M M 8 138 52 260
20 67 42 55 -4 10 0 0.08 0.0 0 13.2 25 340 M M 8 1 32 340
21 58 40 49 -10 16 0 0.17 0.0 0 9.1 21 110 M M 8 1 29 100
22 60 52 56 -3 9 0 0.10 0.0 0 5.0 10 180 M M 10 1 13 150
23 68 59 64 4 1 0 T 0.0 0 7.4 14 120 M M 10 12 18 110
24 85 62 74 14 0 9 0.00 0.0 0 13.0 23 310 M M 5 1 29 300
25 88 57 73 13 0 8 0.00 0.0 0 9.4 24 190 M M 3 31 190
26 86 66 76 16 0 11 0.00 0.0 0 13.9 25 170 M M 4 33 180
27 84 68 76 15 0 11 0.00 0.0 0 16.3 30 190 M M 8 36 190
28 77 55 66 5 0 1 0.06 0.0 0 10.9 30 320 M M 7 13 39 320
29 70 50 60 -1 5 0 0.01 0.0 0 5.6 13 350 M M 7 16 10
30 65 53 59 -2 6 0 0.33 0.0 0 10.1 29 140 M M 9 13 38 120
31 68 52 60 -2 5 0 T 0.0 0 9.8 23 340 M M 7 1 29 330
================================================================================
SM 2252 1678 124 80 6.75 0.0 340.1 M 239
================================================================================
AV 72.7 54.1 11.0 FASTST M M 8 MAX(MPH)
MISC ----> # 41 260 # 52 260
================================================================================
NOTES:
# LAST OF SEVERAL OCCURRENCES
COLUMN 17 PEAK WIND IN M.P.H.
PRELIMINARY LOCAL CLIMATOLOGICAL DATA (WS FORM: F-6) , PAGE 2
STATION: DALLAS FORT WORTH
MONTH: MARCH
YEAR: 2020
LATITUDE: 32 54 N
LONGITUDE: 97 2 W
[TEMPERATURE DATA] [PRECIPITATION DATA] SYMBOLS USED IN COLUMN 16
AVERAGE MONTHLY: 63.4 TOTAL FOR MONTH: 6.75 1 = FOG OR MIST
DPTR FM NORMAL: 5.8 DPTR FM NORMAL: 3.26 2 = FOG REDUCING VISIBILITY
HIGHEST: 88 ON 25,11 GRTST 24HR 2.07 ON 13-13 TO 1/4 MILE OR LESS
LOWEST: 40 ON 21, 6 3 = THUNDER
SNOW, ICE PELLETS, HAIL 4 = ICE PELLETS
TOTAL MONTH: 0.0 INCH 5 = HAIL
GRTST 24HR 0.0 6 = FREEZING RAIN OR DRIZZLE
GRTST DEPTH: 0 7 = DUSTSTORM OR SANDSTORM:
VSBY 1/2 MILE OR LESS
8 = SMOKE OR HAZE
[NO. OF DAYS WITH] [WEATHER - DAYS WITH] 9 = BLOWING SNOW
X = TORNADO
MAX 32 OR BELOW: 0 0.01 INCH OR MORE: 16
MAX 90 OR ABOVE: 0 0.10 INCH OR MORE: 11
MIN 32 OR BELOW: 0 0.50 INCH OR MORE: 4
MIN 0 OR BELOW: 0 1.00 INCH OR MORE: 2
[HDD (BASE 65) ]
TOTAL THIS MO. 124 CLEAR (SCALE 0-3) 1
DPTR FM NORMAL -137 PTCLDY (SCALE 4-7) 13
TOTAL FM JUL 1 1974 CLOUDY (SCALE 8-10) 17
DPTR FM NORMAL -219
[CDD (BASE 65) ]
TOTAL THIS MO. 80
DPTR FM NORMAL 48 [PRESSURE DATA]
TOTAL FM JAN 1 88 HIGHEST SLP 30.56 ON 6
DPTR FM NORMAL 49 LOWEST SLP 29.61 ON 27
[REMARKS]
NO EDITS
#FINAL-03-20#