000
CXUS55 KCYS 011516
CLMDGW
CLIMATE REPORT
NATIONAL WEATHER SERVICE CHEYENNE WY
916 AM MDT TUE AUG 01 2023
...................................
...THE CONVERSE CO (DOUGLAS) WY ARPT CLIMATE SUMMARY FOR THE MONTH OF JULY 2023...
CLIMATE NORMAL PERIOD 1991 TO 2020
CLIMATE RECORD PERIOD 1998 TO 2023
WEATHER OBSERVED NORMAL DEPART LAST YEAR`S
VALUE DATE(S) VALUE FROM VALUE DATE(S)
NORMAL
................................................................
TEMPERATURE (F)
RECORD
HIGH 105 07/29/2006
07/18/2006
07/16/2005
LOW 40 07/10/2019
07/01/2018
07/01/2017
HIGHEST 100 07/23 MM MM 102
LOWEST 47 07/06 MM MM 46
07/15
07/21
AVG. MAXIMUM 88.0 89.0 -1.0 93.4
AVG. MINIMUM 53.6 54.8 -1.2 56.4
MEAN 70.8 71.9 -1.1 74.9
DAYS MAX >= 90 18 18.5 -0.5 23
DAYS MAX <= 32 0 0.0 0.0 0
DAYS MIN <= 32 0 0.0 0.0 0
DAYS MIN <= 0 0 0.0 0.0 0
PRECIPITATION (INCHES)
RECORD
MAXIMUM 0.11 2021
TOTALS 1.67 0.85 0.82 MM
DAYS >= .01 10 6.6 3.4 2
DAYS >= .10 4 2.6 1.4 0
DAYS >= .50 1 0.5 0.5 0
DAYS >= 1.00 0 0.0 0.0 0
GREATEST
24 HR. TOTAL 0.70 07/06 TO 07/06 0.07 07/15 TO 07/15
DEGREE DAYS
HEATING TOTAL 20 11 9 0
SINCE 7/1 20 6 14 MM
COOLING TOTAL 209 225 -16 315
SINCE 1/1 221 299 -78 MM
................................................................
WIND (MPH)
AVERAGE WIND SPEED 8.6
HIGHEST WIND SPEED/DIRECTION 48/280 DATE 07/26
HIGHEST GUST SPEED/DIRECTION 62/250 DATE 07/03
62/270 07/26
SKY COVER
POSSIBLE SUNSHINE (PERCENT) MM
AVERAGE SKY COVER 0.15
NUMBER OF DAYS FAIR 27
NUMBER OF DAYS PC 4
NUMBER OF DAYS CLOUDY 0
AVERAGE RH (PERCENT) 56
WEATHER CONDITIONS. NUMBER OF DAYS WITH
THUNDERSTORM 16 MIXED PRECIP 0
HEAVY RAIN 3 RAIN 3
LIGHT RAIN 11 FREEZING RAIN 0
LT FREEZING RAIN 0 HAIL 0
HEAVY SNOW 0 SNOW 0
LIGHT SNOW 0 SLEET 0
FOG 7 FOG W/VIS <= 1/4 MILE 1
HAZE 3
- INDICATES NEGATIVE NUMBERS.
R INDICATES RECORD WAS SET OR TIED.
MM INDICATES DATA IS MISSING.
T INDICATES TRACE AMOUNT.
$$