000
CXUS55 KCYS 011602
CLMDGW
CLIMATE REPORT
NATIONAL WEATHER SERVICE CHEYENNE WY
1002 AM MDT SAT JUL 01 2023
...................................
...THE CONVERSE CO (DOUGLAS) WY ARPT CLIMATE SUMMARY FOR THE MONTH OF JUNE 2023...
CLIMATE NORMAL PERIOD 1991 TO 2020
CLIMATE RECORD PERIOD 1998 TO 2023
WEATHER OBSERVED NORMAL DEPART LAST YEAR`S
VALUE DATE(S) VALUE FROM VALUE DATE(S)
NORMAL
................................................................
TEMPERATURE (F)
RECORD
HIGH 102 06/26/2012
06/24/2012
06/23/2012
LOW 29 06/10/2019
06/08/2007
06/05/2001
HIGHEST 90 06/19 MM MM 94
LOWEST 39 06/17 MM MM 31
AVG. MAXIMUM 74.6 79.8 -5.2 81.9
AVG. MINIMUM 48.3 47.5 0.8 46.3
MEAN 61.5 63.7 -2.2 64.1
DAYS MAX >= 90 1 6.4 -5.4 9
DAYS MAX <= 32 0 0.0 0.0 0
DAYS MIN <= 32 0 0.4 -0.4 1
DAYS MIN <= 0 0 0.0 0.0 0
PRECIPITATION (INCHES)
RECORD
MAXIMUM 0.62 2021
TOTALS 1.47 1.63 -0.16 0.14
DAYS >= .01 10 8.6 1.4 3
DAYS >= .10 6 3.8 2.2 1
DAYS >= .50 0 0.6 -0.6 0
DAYS >= 1.00 0 0.1 -0.1 0
GREATEST
24 HR. TOTAL 0.39 06/15 TO 06/16 0.12 06/03 TO 06/03
DEGREE DAYS
HEATING TOTAL 109 107 2 94
SINCE 7/1 7753 7302 451 MM
COOLING TOTAL 12 67 -55 75
SINCE 1/1 12 74 -62 MM
................................................................
WIND (MPH)
AVERAGE WIND SPEED 8.7
HIGHEST WIND SPEED/DIRECTION 39/290 DATE 06/24
HIGHEST GUST SPEED/DIRECTION 52/290 DATE 06/24
SKY COVER
POSSIBLE SUNSHINE (PERCENT) MM
AVERAGE SKY COVER 0.31
NUMBER OF DAYS FAIR 16
NUMBER OF DAYS PC 12
NUMBER OF DAYS CLOUDY 2
AVERAGE RH (PERCENT) 69
WEATHER CONDITIONS. NUMBER OF DAYS WITH
THUNDERSTORM 15 MIXED PRECIP 0
HEAVY RAIN 2 RAIN 7
LIGHT RAIN 14 FREEZING RAIN 0
LT FREEZING RAIN 0 HAIL 0
HEAVY SNOW 0 SNOW 0
LIGHT SNOW 0 SLEET 0
FOG 12 FOG W/VIS <= 1/4 MILE 2
HAZE 2
- INDICATES NEGATIVE NUMBERS.
R INDICATES RECORD WAS SET OR TIED.
MM INDICATES DATA IS MISSING.
T INDICATES TRACE AMOUNT.
$$