000
CXUS55 KCYS 011809
CLMDGW
CLIMATE REPORT
NATIONAL WEATHER SERVICE CHEYENNE WY
1209 PM MDT WED NOV 01 2023
...................................
...THE CONVERSE CO (DOUGLAS) WY ARPT CLIMATE SUMMARY FOR THE MONTH OF OCTOBER 2023...
CLIMATE NORMAL PERIOD 1991 TO 2020
CLIMATE RECORD PERIOD 1998 TO 2023
WEATHER OBSERVED NORMAL DEPART LAST YEAR`S
VALUE DATE(S) VALUE FROM VALUE DATE(S)
NORMAL
................................................................
TEMPERATURE (F)
RECORD
HIGH 86 10/10/2015
10/02/2011
10/04/2010
LOW -15 10/26/2020
HIGHEST 78 10/09 MM MM 78
LOWEST 5 10/30 MM MM 14
AVG. MAXIMUM 61.0 60.9 0.1 65.4
AVG. MINIMUM 30.0 30.3 -0.3 29.3
MEAN 45.5 45.6 -0.1 47.4
DAYS MAX >= 90 0 0.0 0.0 0
DAYS MAX <= 32 3 1.0 2.0 0
DAYS MIN <= 32 17 18.4 -1.4 22
DAYS MIN <= 0 0 0.4 -0.4 0
PRECIPITATION (INCHES)
RECORD
MAXIMUM 2.87 2023
TOTALS 2.87R 0.92 1.95 0.27
DAYS >= .01 6 7.3 -1.3 5
DAYS >= .10 3 2.5 0.5 1
DAYS >= .50 2 0.4 1.6 0
DAYS >= 1.00 1 0.0 1.0 0
GREATEST
24 HR. TOTAL 2.34 10/11 TO 10/12 0.16 10/02 TO 10/03
DEGREE DAYS
HEATING TOTAL 594 602 -8 540
SINCE 7/1 736 835 -99 MM
COOLING TOTAL 0 0 0 0
SINCE 1/1 414 512 -98 MM
................................................................
WIND (MPH)
AVERAGE WIND SPEED 7.9
HIGHEST WIND SPEED/DIRECTION 33/290 DATE 10/03
HIGHEST GUST SPEED/DIRECTION 45/290 DATE 10/03
SKY COVER
POSSIBLE SUNSHINE (PERCENT) MM
AVERAGE SKY COVER 0.32
NUMBER OF DAYS FAIR 17
NUMBER OF DAYS PC 8
NUMBER OF DAYS CLOUDY 6
AVERAGE RH (PERCENT) 63
WEATHER CONDITIONS. NUMBER OF DAYS WITH
THUNDERSTORM 3 MIXED PRECIP 0
HEAVY RAIN 1 RAIN 4
LIGHT RAIN 8 FREEZING RAIN 0
LT FREEZING RAIN 0 HAIL 0
HEAVY SNOW 0 SNOW 0
LIGHT SNOW 5 SLEET 0
FOG 9 FOG W/VIS <= 1/4 MILE 1
HAZE 3
- INDICATES NEGATIVE NUMBERS.
R INDICATES RECORD WAS SET OR TIED.
MM INDICATES DATA IS MISSING.
T INDICATES TRACE AMOUNT.
$$