000
CXUS54 KAMA 010710
CF6DHT
PRELIMINARY LOCAL CLIMATOLOGICAL DATA (WS FORM: F-6)
STATION: DALHART
MONTH: JULY
YEAR: 2023
LATITUDE: 36 1 N
LONGITUDE: 102 33 W
TEMPERATURE IN F: :PCPN: SNOW: WIND :SUNSHINE: SKY :PK WND
================================================================================
1 2 3 4 5 6A 6B 7 8 9 10 11 12 13 14 15 16 17 18
12Z AVG MX 2MIN
DY MAX MIN AVG DEP HDD CDD WTR SNW DPTH SPD SPD DIR MIN PSBL S-S WX SPD DR
================================================================================
1 84 59 72 -6 0 7 0.01 M M 6.8 22 70 M M 3 29 180
2 89 60 75 -3 0 10 0.46 M M 8.2 37 320 M M 1 138 53 320
3 89 57 73 -5 0 8 0.00 M M 9.2 18 200 M M 0 24 190
4 93 61 77 -1 0 12 0.00 M M 11.1 22 170 M M 0 30 180
5 84 65 75 -3 0 10 0.07 M M 10.8 23 20 M M 3 13 28 20
6 85 61 73 -5 0 8 0.01 M M 15.3 28 50 M M 4 13 35 50
7 94 65 80 2 0 15 0.18 M M 12.5 45 270 M M 1 138 64 260
8 87 62 75 -4 0 10 T M M 12.2 31 40 M M 4 40 40
9 77 60 69 -10 0 4 0.00 M M 9.4 32 50 M M 7 1 43 60
10 87 61 74 -5 0 9 0.00 M M 11.8 26 10 M M 4 138 33 250
11 98 62 80 1 0 15 0.00 M M 8.8 17 120 M M 0 23 210
12 101 67 84 5 0 19 0.00 M M 10.6 23 10 M M 0 29 20
13 92 69 81 2 0 16 0.00 M M 9.7 21 80 M M 1 138 27 80
14 94 62 78 -1 0 13 0.14 M M 14.6 43 360 M M 2 138 59 330
15 84 61 73 -6 0 8 1.04 M M 11.8 52 360 M M 5 13 70 350
16 91 60 76 -3 0 11 0.00 M M 8.9 22 230 M M 1 1 29 230
17 98 65 82 3 0 17 0.00 M M 11.1 23 240 M M 0 30 240
18 103 64 84 5 0 19 0.00 M M 10.7 23 210 M M 0 30 210
19 91 70 81 2 0 16 T M M 9.5 35 10 M M 2 138 44 360
20 94 68 81 2 0 16 0.00 M M 10.6 22 130 M M 1 30 140
21 83 64 74 -5 0 9 0.00 M M 11.0 28 40 M M 5 37 50
22 91 59 75 -4 0 10 0.00 M M 7.6 16 130 M M 0 1 22 180
23 99 58 79 0 0 14 0.00 M M 8.9 22 240 M M 0 29 220
24 105 63 84 5 0 19 0.00 M M 11.9 24 230 M M 0 34 230
25 105 65 85 6 0 20 0.00 M M 13.2 22 230 M M 0 31 190
26 102 63 83 4 0 18 0.00 M M 11.4 22 210 M M 0 29 180
27 101 67 84 5 0 19 0.00 M M 10.5 26 340 M M 0 8 38 340
28 100 65 83 4 0 18 0.00 M M 9.6 20 190 M M 0 8 35 170
29 101 64 83 4 0 18 0.00 M M 8.8 22 280 M M 0 8 29 140
30 100 62 81 2 0 16 0.00 M M 9.8 23 170 M M 0 8 31 170
31 99 61 80 1 0 15 0.00 M M 11.6 24 200 M M 0 8 35 210
================================================================================
SM 2901 1950 0 419 1.91 M 327.9 M 44
================================================================================
AV 93.6 62.9 10.6 FASTST M M 1 MAX(MPH)
MISC ----> 52 360 70 350
================================================================================
NOTES:
# LAST OF SEVERAL OCCURRENCES
COLUMN 17 PEAK WIND IN M.P.H.
PRELIMINARY LOCAL CLIMATOLOGICAL DATA (WS FORM: F-6) , PAGE 2
STATION: DALHART
MONTH: JULY
YEAR: 2023
LATITUDE: 36 1 N
LONGITUDE: 102 33 W
[TEMPERATURE DATA] [PRECIPITATION DATA] SYMBOLS USED IN COLUMN 16
AVERAGE MONTHLY: 78.2 TOTAL FOR MONTH: 1.91 1 = FOG OR MIST
DPTR FM NORMAL: -0.5 DPTR FM NORMAL: -0.60 2 = FOG REDUCING VISIBILITY
HIGHEST: 105 ON 25,24 GRTST 24HR 1.04 ON 15-15 TO 1/4 MILE OR LESS
LOWEST: 57 ON 3 3 = THUNDER
SNOW, ICE PELLETS, HAIL 4 = ICE PELLETS
TOTAL MONTH: M 5 = HAIL
GRTST 24HR M ON M 6 = FREEZING RAIN OR DRIZZLE
GRTST DEPTH: M ON M 7 = DUSTSTORM OR SANDSTORM:
VSBY 1/2 MILE OR LESS
8 = SMOKE OR HAZE
[NO. OF DAYS WITH] [WEATHER - DAYS WITH] 9 = BLOWING SNOW
X = TORNADO
MAX 32 OR BELOW: 0 0.01 INCH OR MORE: 7
MAX 90 OR ABOVE: 21 0.10 INCH OR MORE: 4
MIN 32 OR BELOW: 0 0.50 INCH OR MORE: 1
MIN 0 OR BELOW: 0 1.00 INCH OR MORE: 1
[HDD (BASE 65) ]
TOTAL THIS MO. 0 CLEAR (SCALE 0-3) 25
DPTR FM NORMAL 0 PTCLDY (SCALE 4-7) 6
TOTAL FM JUL 1 0 CLOUDY (SCALE 8-10) 0
DPTR FM NORMAL 0
[CDD (BASE 65) ]
TOTAL THIS MO. 419
DPTR FM NORMAL -8 [PRESSURE DATA]
TOTAL FM JAN 1 667 HIGHEST SLP M ON M
DPTR FM NORMAL -169 LOWEST SLP 29.68 ON 7
[REMARKS]
#FINAL-07-23#