439
CXUS54 KAMA 011530
CF6DHT
PRELIMINARY LOCAL CLIMATOLOGICAL DATA (WS FORM: F-6)
STATION: DALHART
MONTH: FEBRUARY
YEAR: 2020
LATITUDE: 36 1 N
LONGITUDE: 102 33 W
TEMPERATURE IN F: :PCPN: SNOW: WIND :SUNSHINE: SKY :PK WND
================================================================================
1 2 3 4 5 6A 6B 7 8 9 10 11 12 13 14 15 16 17 18
12Z AVG MX 2MIN
DY MAX MIN AVG DEP HDD CDD WTR SNW DPTH SPD SPD DIR MIN PSBL S-S WX SPD DR
================================================================================
1 71 27 49 13 16 0 0.00 0.0 0 11.9 21 220 M M 0 26 230
2 76 29 53 17 12 0 0.00 0.0 0 11.6 22 200 M M 0 26 200
3 43 28 36 0 29 0 0.00 0.0 0 15.9 24 40 M M 2 30 20
4 28 18 23 -13 42 0 0.02 0.5 0 20.4 32 10 M M 9 12 35 10
5 35 12 24 -12 41 0 0.00 0.0 0 8.9 15 350 M M 0 20 360
6 48 10 29 -7 36 0 0.00 0.0 0 7.7 17 320 M M 4 21 320
7 43 22 33 -3 32 0 T T 0 7.5 16 60 M M 8 19 340
8 64 18 41 5 24 0 0.00 0.0 0 14.4 33 200 M M 0 40 200
9 48 30 39 2 26 0 0.00 0.0 0 16.6 31 10 M M 0 37 10
10 39 20 30 -7 35 0 T T 0 7.2 17 150 M M 4 8 21 100
11 32 27 30 -7 35 0 0.05 1.5 1 9.6 21 30 M M 10 1 26 10
12 46 20 33 -4 32 0 0.01 0.5 1 15.8 36 10 M M 6 1 44 360
13 29 19 24 -13 41 0 T T M 10.1 17 90 M M 10 8 20 90
14 56 22 39 2 26 0 0.00 0.0 0 17.0 30 200 M M 6 18 36 200
15 56 30 43 5 22 0 0.00 0.0 0 11.8 23 10 M M 0 1 27 10
16 64 23 44 6 21 0 0.00 0.0 0 6.9 16 190 M M 0 20 200
17 57 30 44 6 21 0 0.00 0.0 0 15.0 28 10 M M 3 8 32 10
18 43 34 39 1 26 0 0.00 0.0 0 12.1 24 40 M M 10 31 40
19 42 30 36 -2 29 0 0.00 0.0 0 12.9 24 40 M M 9 29 40
20 35 12 24 -15 41 0 T T 0 14.3 31 10 M M 7 18 36 10
21 52 15 34 -5 31 0 0.00 0.0 0 14.6 31 220 M M 0 1 38 210
22 68 27 48 9 17 0 0.00 0.0 0 7.8 20 180 M M 2 1 22 180
23 67 35 51 11 14 0 0.07 0.0 0 13.8 39 250 M M 4 13 49 250
24 60 31 46 6 19 0 T T 0 13.7 43 10 M M 3 50 10
25 40 21 31 -9 34 0 0.03 0.5 0 21.1 44 340 M M 4 1289 56 340
26 45 15 30 -10 35 0 0.00 0.0 0 8.1 18 340 M M 0 23 340
27 58 18 38 -3 27 0 0.00 0.0 0 11.0 26 350 M M 0 34 10
28 65 22 44 3 21 0 0.00 0.0 0 8.5 17 250 M M 0 21 250
29 72 30 51 10 14 0 0.00 0.0 0 12.9 23 210 M M 0 31 220
================================================================================
SM 1482 675 799 0 0.18 3.0 359.1 M 101
================================================================================
AV 51.1 23.3 12.4 FASTST M M 3 MAX(MPH)
MISC ----> 44 340 56 340
================================================================================
NOTES:
# LAST OF SEVERAL OCCURRENCES
COLUMN 17 PEAK WIND IN M.P.H.
PRELIMINARY LOCAL CLIMATOLOGICAL DATA (WS FORM: F-6) , PAGE 2
STATION: DALHART
MONTH: FEBRUARY
YEAR: 2020
LATITUDE: 36 1 N
LONGITUDE: 102 33 W
[TEMPERATURE DATA] [PRECIPITATION DATA] SYMBOLS USED IN COLUMN 16
AVERAGE MONTHLY: 37.2 TOTAL FOR MONTH: 0.18 1 = FOG OR MIST
DPTR FM NORMAL: -0.6 DPTR FM NORMAL: -0.22 2 = FOG REDUCING VISIBILITY
HIGHEST: 76 ON 2 GRTST 24HR 0.07 ON 23-23 TO 1/4 MILE OR LESS
LOWEST: 10 ON 6 3 = THUNDER
SNOW, ICE PELLETS, HAIL 4 = ICE PELLETS
TOTAL MONTH: 3.0 INCHES 5 = HAIL
GRTST 24HR 1.5 ON 11-11 6 = FREEZING RAIN OR DRIZZLE
GRTST DEPTH: 1 ON 12,11 7 = DUSTSTORM OR SANDSTORM:
VSBY 1/2 MILE OR LESS
8 = SMOKE OR HAZE
[NO. OF DAYS WITH] [WEATHER - DAYS WITH] 9 = BLOWING SNOW
X = TORNADO
MAX 32 OR BELOW: 3 0.01 INCH OR MORE: 5
MAX 90 OR ABOVE: 0 0.10 INCH OR MORE: 0
MIN 32 OR BELOW: 27 0.50 INCH OR MORE: 0
MIN 0 OR BELOW: 0 1.00 INCH OR MORE: 0
[HDD (BASE 65) ]
TOTAL THIS MO. 799 CLEAR (SCALE 0-3) 15
DPTR FM NORMAL 38 PTCLDY (SCALE 4-7) 9
TOTAL FM JUL 1 3480 CLOUDY (SCALE 8-10) 5
DPTR FM NORMAL -210
[CDD (BASE 65) ]
TOTAL THIS MO. 0
DPTR FM NORMAL 0 [PRESSURE DATA]
TOTAL FM JAN 1 0 HIGHEST SLP 30.74 ON 20
DPTR FM NORMAL 0 LOWEST SLP 29.47 ON 3
[REMARKS]
#FINAL-02-20#