000
CXUS51 KLWX 021423
CF6DMH
PRELIMINARY LOCAL CLIMATOLOGICAL DATA (WS FORM: F-6)
STATION: BALTIMORE INNER HARBOR MD
MONTH: APRIL
YEAR: 2019
LATITUDE: 39 16 N
LONGITUDE: 76 37 W
TEMPERATURE IN F: :PCPN: SNOW: WIND :SUNSHINE: SKY :PK WND
================================================================================
1 2 3 4 5 6A 6B 7 8 9 10 11 12 13 14 15 16 17 18
12Z AVG MX 2MIN
DY MAX MIN AVG DEP HDD CDD WTR SNW DPTH SPD SPD DIR MIN PSBL S-S WX SPD DR
================================================================================
1 50 33 42 -10 23 0 0.00 M M M M M M M M M M
2 49 39 44 -8 21 0 0.01 M M M M M M M M M M
3 70 40 55 3 10 0 0.00 M M M M M M M M M M
4 66 50 58 5 7 0 0.00 M M M M M M M M M M
5 55 44 50 -3 15 0 0.03 M M M M M M M M M M
6 68 44 56 3 9 0 0.00 M M M M M M M M M M
7 71 51 61 7 4 0 0.00 M M M M M M M M M M
8 84 56 70 16 0 5 0.00 M M M M M M M M M M
9 81 61 71 17 0 6 0.00 M M M M M M M M M M
10 69 54 62 7 3 0 0.00 M M M M M M M M M M
11 59 46 53 -2 12 0 0.00 M M M M M M M M M M
12 72 49 61 6 4 0 0.06 M M M M M M M M M M
13 75 60 68 12 0 3 0.17 M M M M M M M M M M
14 72 59 66 10 0 1 0.01 M M M M M M M M M M
15 69 46 58 2 7 0 0.61 M M M M M M M M M M
16 69 44 57 0 8 0 0.00 M M M M M M M M M M
17 64 55 60 3 5 0 0.00 M M M M M M M M M M
18 76 55 66 9 0 1 0.00 M M M M M M M M M M
19 72 65 69 11 0 4 0.43 M M M M M M M M M M
20 M M M M M M M M M M M M M M M M M
21 71 55 63 5 2 0 0.00 M M M M M M M M M M
22 M M M M M M M M M M M M M M M M M
23 M M M M M M M M M M M M M M M M M
24 76 58 67 8 0 2 0.00 M M M M M M M M M M
25 72 60 66 6 0 1 0.02 M M M M M M M M M M
26 79 56 68 8 0 3 0.48 M M M M M M M M M M
27 70 52 61 1 4 0 0.01 M M M M M M M M M M
28 72 50 61 0 4 0 0.03 M M M M M M M M M M
29 61 46 54 -7 11 0 0.00 M M M M M M M M M M
30 79 55 67 6 0 2 0.01 M M M M M M M M M M
================================================================================
SM 1871 1383 149 28 1.87 M M M M
================================================================================
AV 69.3 51.2 M FASTST M M 0 MAX(MPH)
MISC ----> M M M M
================================================================================
NOTES:
# LAST OF SEVERAL OCCURRENCES
COLUMN 17 PEAK WIND IN M.P.H.
PRELIMINARY LOCAL CLIMATOLOGICAL DATA (WS FORM: F-6) , PAGE 2
STATION: BALTIMORE INNER HARBOR MD
MONTH: APRIL
YEAR: 2019
LATITUDE: 39 16 N
LONGITUDE: 76 37 W
[TEMPERATURE DATA] [PRECIPITATION DATA] SYMBOLS USED IN COLUMN 16
AVERAGE MONTHLY: 60.3 TOTAL FOR MONTH: 1.87 1 = FOG OR MIST
DPTR FM NORMAL: 3.7 DPTR FM NORMAL: -1.35 2 = FOG REDUCING VISIBILITY
HIGHEST: 84 ON 8 GRTST 24HR 0.61 ON 15-15 TO 1/4 MILE OR LESS
LOWEST: 33 ON 1 3 = THUNDER
SNOW, ICE PELLETS, HAIL 4 = ICE PELLETS
TOTAL MONTH: M 5 = HAIL
GRTST 24HR M ON M 6 = FREEZING RAIN OR DRIZZLE
GRTST DEPTH: M ON M 7 = DUSTSTORM OR SANDSTORM:
VSBY 1/2 MILE OR LESS
8 = SMOKE OR HAZE
[NO. OF DAYS WITH] [WEATHER - DAYS WITH] 9 = BLOWING SNOW
X = TORNADO
MAX 32 OR BELOW: 0 0.01 INCH OR MORE: 12
MAX 90 OR ABOVE: 0 0.10 INCH OR MORE: 4
MIN 32 OR BELOW: 0 0.50 INCH OR MORE: 1
MIN 0 OR BELOW: 0 1.00 INCH OR MORE: 0
[HDD (BASE 65) ]
TOTAL THIS MO. 149 CLEAR (SCALE 0-3) 0
DPTR FM NORMAL -129 PTCLDY (SCALE 4-7) 0
TOTAL FM JUL 1 3670 CLOUDY (SCALE 8-10) 0
DPTR FM NORMAL -275
[CDD (BASE 65) ]
TOTAL THIS MO. 28
DPTR FM NORMAL 4 [PRESSURE DATA]
TOTAL FM JAN 1 30 HIGHEST SLP 30.45 ON 29
DPTR FM NORMAL 5 LOWEST SLP 29.32 ON 26
[REMARKS]
#FINAL-04-19#