000
CXUS53 KEAX 010736
CF6DMO
PRELIMINARY LOCAL CLIMATOLOGICAL DATA (WS FORM: F-6)
STATION: SEDALIA MO
MONTH: JULY
YEAR: 2022
LATITUDE: 38 42 N
LONGITUDE: 93 6 W
TEMPERATURE IN F: :PCPN: SNOW: WIND :SUNSHINE: SKY :PK WND
================================================================================
1 2 3 4 5 6A 6B 7 8 9 10 11 12 13 14 15 16 17 18
12Z AVG MX 2MIN
DY MAX MIN AVG DEP HDD CDD WTR SNW DPTH SPD SPD DIR MIN PSBL S-S WX SPD DR
================================================================================
1 96 70 83 7 0 18 0.00 M M 7.5 14 20 M M 1 19 210
2 79 69 74 -2 0 9 0.68 M M 5.5 12 100 M M 8 13 14 110
3 90 72 81 4 0 16 0.00 M M 6.9 14 170 M M 6 1 19 140
4 96 75 86 9 0 21 0.00 M M 9.4 17 200 M M 0 23 230
5 98 76 87 10 0 22 0.00 M M 10.1 15 230 M M 0 20 210
6 96 77 87 10 0 22 0.00 M M 6.1 15 20 M M 1 21 100
7 90 75 83 6 0 18 0.01 M M 8.4 21 360 M M 2 13 29 360
8 90 74 82 5 0 17 1.34 M M 9.3 25 260 M M 3 138 44 270
9 86 71 79 2 0 14 T M M 7.9 15 20 M M 6 18 20 60
10 88 67 78 1 0 13 0.00 M M 4.3 12 170 M M 0 1 16 130
11 96 71 84 7 0 19 0.00 M M 7.8 18 350 M M 1 27 360
12 89 68 79 2 0 14 0.00 M M 5.9 15 350 M M 2 3 20 340
13 90 65 78 1 0 13 0.00 M M 1.9 8 130 M M 0 14 120
14 96 67 82 5 0 17 0.00 M M 5.9 12 170 M M 0 16 150
15 95 76 86 8 0 21 0.04 M M 10.9 21 220 M M 2 30 230
16 95 78 87 9 0 22 T M M 7.6 16 220 M M 2 23 220
17 90 71 81 3 0 16 0.01 M M 7.5 15 20 M M 5 1 20 30
18 93 66 80 2 0 15 0.00 M M 3.4 12 40 M M 1 1 15 50
19 98 68 83 5 0 18 0.00 M M 6.4 15 180 M M 0 20 180
20 94 73 84 6 0 19 0.00 M M 7.7 17 330 M M 0 23 330
21 97 67 82 4 0 17 0.00 M M 4.7 13 180 M M 0 8 16 160
22 99 70 85 7 0 20 0.00 M M 7.6 17 200 M M 0 23 170
23 100 78 89 11 0 24 0.00 M M 10.4 22 200 M M 0 29 200
24 99 76 88 10 0 23 0.00 M M 11.4 21 230 M M 2 3 31 230
25 78 66 72 -6 0 7 0.43 M M 7.2 17 70 M M 8 13 24 60
26 82 65 74 -4 0 9 0.21 M M 6.9 17 70 M M 4 1 26 40
27 88 70 79 1 0 14 0.94 M M 5.1 24 310 M M 3 13 39 300
28 84 68 76 -2 0 11 0.10 M M 4.5 14 20 M M 3 13 18 30
29 82 63 73 -5 0 8 0.00 M M 5.1 13 10 M M 1 17 10
30 79 66 73 -5 0 8 0.02 M M 7.9 16 130 M M 7 1 22 130
31 88 70 79 1 0 14 T M M 6.0 12 220 M M 7 1 16 210
================================================================================
SM 2821 2188 0 499 3.78 M 217.2 M 75
================================================================================
AV 91.0 70.6 7.0 FASTST M M 2 MAX(MPH)
MISC ----> 25 260 44 270
================================================================================
NOTES:
# LAST OF SEVERAL OCCURRENCES
COLUMN 17 PEAK WIND IN M.P.H.
PRELIMINARY LOCAL CLIMATOLOGICAL DATA (WS FORM: F-6) , PAGE 2
STATION: SEDALIA MO
MONTH: JULY
YEAR: 2022
LATITUDE: 38 42 N
LONGITUDE: 93 6 W
[TEMPERATURE DATA] [PRECIPITATION DATA] SYMBOLS USED IN COLUMN 16
AVERAGE MONTHLY: 80.8 TOTAL FOR MONTH: 3.78 1 = FOG OR MIST
DPTR FM NORMAL: 3.5 DPTR FM NORMAL: -0.74 2 = FOG REDUCING VISIBILITY
HIGHEST: 100 ON 23 GRTST 24HR 1.35 ON 7- 8 TO 1/4 MILE OR LESS
LOWEST: 63 ON 29 3 = THUNDER
SNOW, ICE PELLETS, HAIL 4 = ICE PELLETS
TOTAL MONTH: M 5 = HAIL
GRTST 24HR M ON M 6 = FREEZING RAIN OR DRIZZLE
GRTST DEPTH: M ON M 7 = DUSTSTORM OR SANDSTORM:
VSBY 1/2 MILE OR LESS
8 = SMOKE OR HAZE
[NO. OF DAYS WITH] [WEATHER - DAYS WITH] 9 = BLOWING SNOW
X = TORNADO
MAX 32 OR BELOW: 0 0.01 INCH OR MORE: 10
MAX 90 OR ABOVE: 20 0.10 INCH OR MORE: 6
MIN 32 OR BELOW: 0 0.50 INCH OR MORE: 3
MIN 0 OR BELOW: 0 1.00 INCH OR MORE: 1
[HDD (BASE 65) ]
TOTAL THIS MO. 0 CLEAR (SCALE 0-3) 23
DPTR FM NORMAL -1 PTCLDY (SCALE 4-7) 7
TOTAL FM JUL 1 0 CLOUDY (SCALE 8-10) 1
DPTR FM NORMAL 0
[CDD (BASE 65) ]
TOTAL THIS MO. 499
DPTR FM NORMAL 116 [PRESSURE DATA]
TOTAL FM JAN 1 1030 HIGHEST SLP M ON M
DPTR FM NORMAL 274 LOWEST SLP 29.71 ON 19
[REMARKS]
#FINAL-07-22#