000
CXUS52 KCAE 011400
CF6DNL
PRELIMINARY LOCAL CLIMATOLOGICAL DATA (WS FORM: F-6)
STATION: AUGUSTA DANIEL FIELD GA
MONTH: SEPTEMBER
YEAR: 2021
LATITUDE: 33 28 N
LONGITUDE: 82 2 W
TEMPERATURE IN F: :PCPN: SNOW: WIND :SUNSHINE: SKY :PK WND
================================================================================
1 2 3 4 5 6A 6B 7 8 9 10 11 12 13 14 15 16 17 18
12Z AVG MX 2MIN
DY MAX MIN AVG DEP HDD CDD WTR SNW DPTH SPD SPD DIR MIN PSBL S-S WX SPD DR
================================================================================
1 86 76 81 0 0 16 T M M 7.4 16 210 M M 9 1 22 220
2 88 73 81 0 0 16 0.00 M M 7.3 16 50 M M 2 21 40
3 85 68 77 -3 0 12 0.00 M M 7.1 14 30 M M 0 18 60
4 88 64 76 -4 0 11 0.00 M M 3.4 12 110 M M 0 16 110
5 89 66 78 -2 0 13 0.00 M M 3.0 12 310 M M 2 12 17 300
6 92 69 81 1 0 16 T M M 3.5 13 310 M M 6 16 320
7 91 75 83 3 0 18 T M M 4.4 10 320 M M 5 3 13 310
8 90 74 82 2 0 17 0.91 M M 5.2 18 40 M M 4 13 25 30
9 88 72 80 1 0 15 0.15 M M 4.3 20 330 M M 6 1 27 320
10 86 65 76 -3 0 11 0.00 M M 5.7 13 60 M M 0 18 70
11 87 65 76 -3 0 11 0.00 M M 1.9 9 180 M M 1 12 50
12 87 65 76 -3 0 11 0.00 M M 1.9 9 160 M M 0 13 140
13 89 66 78 -1 0 13 0.00 M M 2.4 10 130 M M 0 13 140
14 90 68 79 1 0 14 0.00 M M 3.0 10 100 M M 0 8 13 110
15 87 71 79 1 0 14 0.89 M M 4.7 20 120 M M 4 138 24 130
16 78 71 75 -3 0 10 2.30 M M 4.6 9 90 M M 9 12 14 30
17 87 72 80 2 0 15 0.00 M M 2.6 10 50 M M 7 13 40
18 88 73 81 4 0 16 0.00 M M 3.2 10 120 M M 7 1 14 140
19 87 74 81 4 0 16 0.00 M M 6.3 15 100 M M 2 18 24 100
20 80 73 77 0 0 12 0.99 M M 8.2 17 90 M M 9 18 27 90
21 87 74 81 4 0 16 0.51 M M 4.2 13 360 M M 9 13 17 360
22 87 66 77 1 0 12 0.02 M M 6.7 17 310 M M 7 1 25 300
23 78 57 68 -8 0 3 0.00 M M 6.9 12 350 M M 0 19 10
24 79 57 68 -8 0 3 0.00 M M 6.6 16 60 M M 0 21 60
25 80 57 69 -7 0 4 0.00 M M 2.8 14 320 M M 0 17 320
26 84 61 73 -2 0 8 0.00 M M 2.3 10 320 M M 0 17 360
27 85 63 74 -1 0 9 0.00 M M 1.6 12 320 M M 0 15 360
28 88 66 77 2 0 12 0.00 M M 3.2 10 230 M M 1 15 230
29 89 65 77 3 0 12 0.00 M M 2.3 14 360 M M 0 28 20
30 88 68 78 4 0 13 0.00 M M 2.9 9 200 M M 0 13 150
================================================================================
SM 2588 2034 0 369 5.77 M 129.6 M 90
================================================================================
AV 86.3 67.8 4.3 FASTST M M 3 MAX(MPH)
MISC ----> # 20 330 28 20
================================================================================
NOTES:
# LAST OF SEVERAL OCCURRENCES
COLUMN 17 PEAK WIND IN M.P.H.
PRELIMINARY LOCAL CLIMATOLOGICAL DATA (WS FORM: F-6) , PAGE 2
STATION: AUGUSTA DANIEL FIELD GA
MONTH: SEPTEMBER
YEAR: 2021
LATITUDE: 33 28 N
LONGITUDE: 82 2 W
[TEMPERATURE DATA] [PRECIPITATION DATA] SYMBOLS USED IN COLUMN 16
AVERAGE MONTHLY: 77.0 TOTAL FOR MONTH: 5.77 1 = FOG OR MIST
DPTR FM NORMAL: -0.8 DPTR FM NORMAL: 1.74 2 = FOG REDUCING VISIBILITY
HIGHEST: 92 ON 6 GRTST 24HR 3.19 ON 15-16 TO 1/4 MILE OR LESS
LOWEST: 57 ON 25,24 3 = THUNDER
SNOW, ICE PELLETS, HAIL 4 = ICE PELLETS
TOTAL MONTH: M 5 = HAIL
GRTST 24HR M ON M 6 = FREEZING RAIN OR DRIZZLE
GRTST DEPTH: M ON M 7 = DUSTSTORM OR SANDSTORM:
VSBY 1/2 MILE OR LESS
8 = SMOKE OR HAZE
[NO. OF DAYS WITH] [WEATHER - DAYS WITH] 9 = BLOWING SNOW
X = TORNADO
MAX 32 OR BELOW: 0 0.01 INCH OR MORE: 7
MAX 90 OR ABOVE: 4 0.10 INCH OR MORE: 6
MIN 32 OR BELOW: 0 0.50 INCH OR MORE: 5
MIN 0 OR BELOW: 0 1.00 INCH OR MORE: 1
[HDD (BASE 65) ]
TOTAL THIS MO. 0 CLEAR (SCALE 0-3) 18
DPTR FM NORMAL -2 PTCLDY (SCALE 4-7) 8
TOTAL FM JUL 1 0 CLOUDY (SCALE 8-10) 4
DPTR FM NORMAL 0
[CDD (BASE 65) ]
TOTAL THIS MO. 369
DPTR FM NORMAL -16 [PRESSURE DATA]
TOTAL FM JAN 1 2463 HIGHEST SLP 30.31 ON 12
DPTR FM NORMAL -17 LOWEST SLP 29.68 ON 1
[REMARKS]
#FINAL-09-21#