000
CXUS54 KFWD 010830
CF6DTO
PRELIMINARY LOCAL CLIMATOLOGICAL DATA (WS FORM: F-6)
STATION: DENTON
MONTH: DECEMBER
YEAR: 2021
LATITUDE: 33 12 N
LONGITUDE: 97 12 W
TEMPERATURE IN F: :PCPN: SNOW: WIND :SUNSHINE: SKY :PK WND
================================================================================
1 2 3 4 5 6A 6B 7 8 9 10 11 12 13 14 15 16 17 18
12Z AVG MX 2MIN
DY MAX MIN AVG DEP HDD CDD WTR SNW DPTH SPD SPD DIR MIN PSBL S-S WX SPD DR
================================================================================
1 75 42 59 10 6 0 0.00 M M 4.1 13 20 M M 0 16 10
2 79 37 58 9 7 0 0.00 M M 4.8 13 190 M M 0 17 190
3 74 58 66 18 0 1 0.00 M M 8.6 17 190 M M 2 1 24 190
4 75 55 65 17 0 0 0.01 M M 5.6 14 190 M M 4 123 17 180
5 76 52 64 16 1 0 0.00 M M 9.8 22 200 M M 5 29 190
6 68 33 51 3 14 0 0.00 M M 13.8 30 350 M M 2 40 10
7 57 27 42 -5 23 0 0.00 M M 5.3 16 140 M M 0 21 150
8 56 37 47 0 18 0 0.00 M M 4.6 12 150 M M 4 12 17 140
9 80 55 68 21 0 3 0.00 M M 9.0 20 190 M M 0 1 26 190
10 83 57 70 24 0 5 0.00 M M 12.2 30 330 M M 4 1 39 340
11 62 25 44 -2 21 0 0.00 M M 7.8 31 340 M M 0 41 340
12 59 21 40 -6 25 0 0.00 M M 8.0 20 170 M M 0 24 160
13 70 33 52 6 13 0 0.00 M M 8.8 20 150 M M 1 25 150
14 79 58 69 23 0 4 0.00 M M 11.6 24 200 M M 6 1 30 200
15 80 66 73 28 0 8 0.00 M M 20.8 39 190 M M 7 54 190
16 74 59 67 22 0 2 0.00 M M 9.3 20 360 M M 9 8 26 360
17 77 58 68 23 0 3 T M M 10.8 26 180 M M 9 35 190
18 70 34 52 7 13 0 0.07 M M 15.8 26 360 M M 3 13 38 20
19 46 30 38 -6 27 0 0.00 M M 4.8 12 20 M M 2 16 20
20 52 33 43 -1 22 0 T M M 4.1 10 90 M M 5 14 80
21 64 26 45 1 20 0 0.00 M M 4.7 15 190 M M 1 12 20 190
22 64 33 49 5 16 0 0.00 M M 3.9 12 160 M M 0 1 16 120
23 77 39 58 14 7 0 0.00 M M 14.5 24 180 M M 2 1 33 170
24 82 59 71 27 0 6 0.00 M M 17.7 28 190 M M 0 40 180
25 83 51 67 23 0 2 0.00 M M 5.4 18 200 M M 0 12 24 190
26 79 50 65 21 0 0 0.00 M M 12.3 24 170 M M 2 1 31 190
27 78 60 69 25 0 4 0.00 M M 6.5 12 150 M M 1 18 16 150
28 78 43 61 18 4 0 0.00 M M 9.7 24 180 M M 2 8 32 180
29 75 44 60 17 5 0 0.04 M M 2.5 21 160 M M 2 138 26 160
30 72 35 54 11 11 0 0.00 M M 2.8 14 260 M M 1 18 300
31 67 44 56 13 9 0 0.37 M M 4.1 14 180 M M 4 18 18 290
================================================================================
SM 2211 1354 262 38 0.49 M 263.7 M 78
================================================================================
AV 71.3 43.7 8.5 FASTST M M 3 MAX(MPH)
MISC ----> 39 190 54 190
================================================================================
NOTES:
# LAST OF SEVERAL OCCURRENCES
COLUMN 17 PEAK WIND IN M.P.H.
PRELIMINARY LOCAL CLIMATOLOGICAL DATA (WS FORM: F-6) , PAGE 2
STATION: DENTON
MONTH: DECEMBER
YEAR: 2021
LATITUDE: 33 12 N
LONGITUDE: 97 12 W
[TEMPERATURE DATA] [PRECIPITATION DATA] SYMBOLS USED IN COLUMN 16
AVERAGE MONTHLY: 57.5 TOTAL FOR MONTH: 0.49 1 = FOG OR MIST
DPTR FM NORMAL: 12.0 DPTR FM NORMAL: -2.27 2 = FOG REDUCING VISIBILITY
HIGHEST: 83 ON 25,10 GRTST 24HR 0.37 ON 31-31 TO 1/4 MILE OR LESS
LOWEST: 21 ON 12 3 = THUNDER
SNOW, ICE PELLETS, HAIL 4 = ICE PELLETS
TOTAL MONTH: M 5 = HAIL
GRTST 24HR M ON M 6 = FREEZING RAIN OR DRIZZLE
GRTST DEPTH: M ON M 7 = DUSTSTORM OR SANDSTORM:
VSBY 1/2 MILE OR LESS
8 = SMOKE OR HAZE
[NO. OF DAYS WITH] [WEATHER - DAYS WITH] 9 = BLOWING SNOW
X = TORNADO
MAX 32 OR BELOW: 0 0.01 INCH OR MORE: 4
MAX 90 OR ABOVE: 0 0.10 INCH OR MORE: 1
MIN 32 OR BELOW: 5 0.50 INCH OR MORE: 0
MIN 0 OR BELOW: 0 1.00 INCH OR MORE: 0
[HDD (BASE 65) ]
TOTAL THIS MO. 262 CLEAR (SCALE 0-3) 20
DPTR FM NORMAL -345 PTCLDY (SCALE 4-7) 9
TOTAL FM JUL 1 628 CLOUDY (SCALE 8-10) 2
DPTR FM NORMAL -435
[CDD (BASE 65) ]
TOTAL THIS MO. 38
DPTR FM NORMAL 35 [PRESSURE DATA]
TOTAL FM JAN 1 2438 HIGHEST SLP 30.44 ON 19
DPTR FM NORMAL -36 LOWEST SLP 29.55 ON 28
[REMARKS]
#FINAL-12-21#