785
CXUS53 KDTX 041300
CF6DTW
PRELIMINARY LOCAL CLIMATOLOGICAL DATA (WS FORM: F-6)
STATION: DETROIT MI
MONTH: JULY
YEAR: 2020
LATITUDE: 42 13 N
LONGITUDE: 83 20 W
TEMPERATURE IN F: :PCPN: SNOW: WIND :SUNSHINE: SKY :PK WND
================================================================================
1 2 3 4 5 6A 6B 7 8 9 10 11 12 13 14 15 16 17 18
12Z AVG MX 2MIN
DY MAX MIN AVG DEP HDD CDD WTR SNW DPTH SPD SPD DIR MIN PSBL S-S WX SPD DR
================================================================================
1 87 68 78 5 0 13 0.00 0.0 0 2.4 9 90 M M 5 17 150
2 90 67 79 6 0 14 0.00 0.0 0 4.2 14 170 M M 4 18 180
3 94 70 82 9 0 17 0.00 0.0 0 5.8 14 330 M M 6 21 150
4 90 72 81 8 0 16 0.00 0.0 0 6.4 14 70 M M 4 18 60
5 91 64 78 4 0 13 0.00 0.0 0 3.4 12 160 M M 3 8 15 140
6 92 72 82 8 0 17 T 0.0 0 4.0 29 250 M M 6 38 38 250
7 95 68 82 8 0 17 0.57 0.0 0 5.4 25 230 M M 5 3 31 230
8 92 71 82 8 0 17 T 0.0 0 5.3 17 290 M M 7 3 22 250
9 92 72 82 8 0 17 0.00 0.0 0 5.4 13 360 M M 6 19 160
10 87 71 79 5 0 14 2.05 0.0 0 6.3 24 250 M M 9 13 32 260
11 86 66 76 2 0 11 0.00 0.0 0 12.8 21 280 M M 6 30 280
12 83 67 75 1 0 10 0.00 0.0 0 7.9 16 310 M M 6 24 290
13 82 63 73 -1 0 8 0.00 0.0 0 5.3 14 330 M M 5 24 330
14 84 63 74 0 0 9 0.00 0.0 0 4.1 12 180 M M 4 19 180
15 87 69 78 4 0 13 0.00 0.0 0 6.2 14 140 M M 8 20 130
16 80 69 75 1 0 10 1.13 0.0 0 6.1 20 280 M M 9 138 25 270
17 86 66 76 2 0 11 0.00 0.0 0 6.2 16 220 M M 4 20 220
18 90 69 80 6 0 15 0.00 0.0 0 8.9 20 230 M M 5 32 230
19 85 71 78 4 0 13 1.02 0.0 0 10.4 37 280 M M 7 13 56 280
20 86 69 78 4 0 13 0.00 0.0 0 7.9 17 270 M M 7 1 22 270
21 83 66 75 1 0 10 0.00 0.0 0 4.6 10 140 M M 9 14 270
22 84 70 77 3 0 12 T 0.0 0 9.6 22 230 M M 9 27 220
23 85 69 77 3 0 12 0.00 0.0 0 5.5 15 30 M M 8 20 350
24 85 62 74 0 0 9 0.00 0.0 0 4.7 9 360 M M 2 14 30
25 87 66 77 3 0 12 0.00 0.0 0 3.4 12 230 M M 5 17 230
26 91 68 80 6 0 15 0.00 0.0 0 9.6 17 230 M M 5 22 230
27 86 71 79 5 0 14 T 0.0 0 10.9 18 250 M M 7 25 320
28 86 65 76 2 0 11 0.00 0.0 0 9.1 21 230 M M 4 30 280
29 86 69 78 5 0 13 0.25 0.0 0 7.6 32 290 M M 8 3 43 290
30 83 68 76 3 0 11 0.00 0.0 0 5.1 12 40 M M 9 16 40
31 85 62 74 1 0 9 0.00 0.0 0 7.3 9 60 M M 7 9 60
================================================================================
SM 2692 2112 0 396 5.02 0.0 201.8 M 189
================================================================================
AV 87.1 67.8 6.5 FASTST M M 6 MAX(MPH)
MISC ----> 37 280 56 280
================================================================================
NOTES:
# LAST OF SEVERAL OCCURRENCES
COLUMN 17 PEAK WIND IN M.P.H.
PRELIMINARY LOCAL CLIMATOLOGICAL DATA (WS FORM: F-6) , PAGE 2
STATION: DETROIT MI
MONTH: JULY
YEAR: 2020
LATITUDE: 42 13 N
LONGITUDE: 83 20 W
[TEMPERATURE DATA] [PRECIPITATION DATA] SYMBOLS USED IN COLUMN 16
AVERAGE MONTHLY: 77.4 TOTAL FOR MONTH: 5.02 1 = FOG OR MIST
DPTR FM NORMAL: 3.8 DPTR FM NORMAL: 1.65 2 = FOG REDUCING VISIBILITY
HIGHEST: 95 ON 7 GRTST 24HR 2.05 ON 10-10 TO 1/4 MILE OR LESS
LOWEST: 62 ON 24, 31 3 = THUNDER
SNOW, ICE PELLETS, HAIL 4 = ICE PELLETS
TOTAL MONTH: 0.0 INCH 5 = HAIL
GRTST 24HR 0.0 6 = FREEZING RAIN OR DRIZZLE
GRTST DEPTH: 0 7 = DUSTSTORM OR SANDSTORM:
VSBY 1/2 MILE OR LESS
8 = SMOKE OR HAZE
[NO. OF DAYS WITH] [WEATHER - DAYS WITH] 9 = BLOWING SNOW
X = TORNADO
MAX 32 OR BELOW: 0 0.01 INCH OR MORE: 5
MAX 90 OR ABOVE: 10 0.10 INCH OR MORE: 5
MIN 32 OR BELOW: 0 0.50 INCH OR MORE: 4
MIN 0 OR BELOW: 0 1.00 INCH OR MORE: 3
[HDD (BASE 65) ]
TOTAL THIS MO. 0 CLEAR (SCALE 0-3) 2
DPTR FM NORMAL -2 PTCLDY (SCALE 4-7) 23
TOTAL FM JUL 1 0 CLOUDY (SCALE 8-10) 6
DPTR FM NORMAL 0
[CDD (BASE 65) ]
TOTAL THIS MO. 396
DPTR FM NORMAL 125 [PRESSURE DATA]
TOTAL FM JAN 1 656 HIGHEST SLP M ON M
DPTR FM NORMAL 170 LOWEST SLP 29.69 ON 10
[REMARKS]
#FINAL-07-20#