000
CXUS51 KPBZ 010730
CF6DUJ
PRELIMINARY LOCAL CLIMATOLOGICAL DATA (WS FORM: F-6)
STATION: DUBOIS PA
MONTH: AUGUST
YEAR: 2023
LATITUDE: 41 10 N
LONGITUDE: 78 54 W
TEMPERATURE IN F: :PCPN: SNOW: WIND :SUNSHINE: SKY :PK WND
================================================================================
1 2 3 4 5 6A 6B 7 8 9 10 11 12 13 14 15 16 17 18
12Z AVG MX 2MIN
DY MAX MIN AVG DEP HDD CDD WTR SNW DPTH SPD SPD DIR MIN PSBL S-S WX SPD DR
================================================================================
1 75 52 64 -5 1 0 0.00 M M 3.6 13 300 M M 2 12 18 300
2 76 54 65 -4 0 0 0.00 M M 4.2 9 220 M M 1 8 12 230
3 81 58 70 1 0 5 0.00 M M 3.5 12 230 M M 1 14 220
4 83 60 72 3 0 7 T M M 4.7 16 10 M M 3 123 23 270
5 82 57 70 1 0 5 0.00 M M 2.6 8 340 M M 3 12 11 270
6 86 63 75 6 0 10 0.66 M M 7.5 17 190 M M 3 13 27 190
7 78 65 72 3 0 7 1.21 M M 7.4 21 240 M M 8 138 26 230
8 77 61 69 1 0 4 0.03 M M 12.6 26 280 M M 6 1 36 270
9 80 58 69 1 0 4 0.00 M M 6.8 17 250 M M 2 23 240
10 77 63 70 2 0 5 0.26 M M 5.6 16 280 M M 7 13 24 320
11 79 61 70 2 0 5 0.05 M M 7.5 15 260 M M 4 1 22 270
12 83 62 73 5 0 8 0.88 M M 6.8 18 240 M M 7 13 24 260
13 79 65 72 4 0 7 0.00 M M 6.9 15 310 M M 7 18 21 330
14 81 64 73 5 0 8 0.31 M M 3.8 12 80 M M 5 1 15 110
15 79 61 70 2 0 5 0.20 M M 4.6 23 260 M M 9 1 29 250
16 75 60 68 0 0 3 T M M 2.8 8 340 M M 8 18 12 350
17 78 59 69 1 0 4 0.16 M M 5.8 31 270 M M 7 18 40 270
18 71 57 64 -4 1 0 0.04 M M 12.3 25 280 M M 8 38 34 260
19 74 51 63 -5 2 0 0.00 M M 6.3 17 310 M M 1 18 24 320
20 81 54 68 0 0 3 0.00 M M 3.5 14 240 M M 1 1 18 240
21 87 64 76 8 0 11 0.00 M M 6.4 14 340 M M 2 19 330
22 78 59 69 2 0 4 0.00 M M 5.6 13 30 M M 1 17 20
23 66 54 60 -7 5 0 0.19 M M 5.2 12 220 M M 7 3 15 180
24 77 63 70 3 0 5 0.04 M M 5.3 14 230 M M 9 3 19 210
25 79 68 74 7 0 9 1.87 M M 7.2 18 360 M M 8 3 24 240
26 80 65 73 6 0 8 0.00 M M 4.4 12 340 M M 6 15 340
27 79 60 70 3 0 5 0.00 M M 4.5 9 30 M M 4 8 12 100
28 77 60 69 3 0 4 0.20 M M 5.3 10 120 M M 9 38 17 190
29 80 65 73 7 0 8 0.00 M M 5.3 14 260 M M 8 138 17 220
30 70 59 65 -1 0 0 0.00 M M 6.7 17 280 M M 8 22 290
31 74 54 64 -2 1 0 0.00 M M 7.8 16 10 M M 2 23 360
================================================================================
SM 2422 1856 10 144 6.10 M 182.5 M 157
================================================================================
AV 78.1 59.9 5.9 FASTST M M 5 MAX(MPH)
MISC ----> 31 270 40 270
================================================================================
NOTES:
# LAST OF SEVERAL OCCURRENCES
COLUMN 17 PEAK WIND IN M.P.H.
PRELIMINARY LOCAL CLIMATOLOGICAL DATA (WS FORM: F-6) , PAGE 2
STATION: DUBOIS PA
MONTH: AUGUST
YEAR: 2023
LATITUDE: 41 10 N
LONGITUDE: 78 54 W
[TEMPERATURE DATA] [PRECIPITATION DATA] SYMBOLS USED IN COLUMN 16
AVERAGE MONTHLY: 69.0 TOTAL FOR MONTH: 6.10 1 = FOG OR MIST
DPTR FM NORMAL: 1.3 DPTR FM NORMAL: 2.21 2 = FOG REDUCING VISIBILITY
HIGHEST: 87 ON 21 GRTST 24HR 1.87 ON 25-25 TO 1/4 MILE OR LESS
LOWEST: 51 ON 19 3 = THUNDER
SNOW, ICE PELLETS, HAIL 4 = ICE PELLETS
TOTAL MONTH: M 5 = HAIL
GRTST 24HR M ON M 6 = FREEZING RAIN OR DRIZZLE
GRTST DEPTH: M ON M 7 = DUSTSTORM OR SANDSTORM:
VSBY 1/2 MILE OR LESS
8 = SMOKE OR HAZE
[NO. OF DAYS WITH] [WEATHER - DAYS WITH] 9 = BLOWING SNOW
X = TORNADO
MAX 32 OR BELOW: 0 0.01 INCH OR MORE: 14
MAX 90 OR ABOVE: 0 0.10 INCH OR MORE: 10
MIN 32 OR BELOW: 0 0.50 INCH OR MORE: 4
MIN 0 OR BELOW: 0 1.00 INCH OR MORE: 2
[HDD (BASE 65) ]
TOTAL THIS MO. 10 CLEAR (SCALE 0-3) 10
DPTR FM NORMAL -22 PTCLDY (SCALE 4-7) 15
TOTAL FM JUL 1 11 CLOUDY (SCALE 8-10) 6
DPTR FM NORMAL -44
[CDD (BASE 65) ]
TOTAL THIS MO. 144
DPTR FM NORMAL 27 [PRESSURE DATA]
TOTAL FM JAN 1 465 HIGHEST SLP 30.24 ON 2
DPTR FM NORMAL 94 LOWEST SLP 29.64 ON 7
[REMARKS]
#FINAL-08-23#